{"id":2209,"date":"2023-12-14T22:54:02","date_gmt":"2023-12-14T20:54:02","guid":{"rendered":"https:\/\/www.anofm.ro\/lista-documentelor-produse-gestionate\/"},"modified":"2026-03-23T08:16:24","modified_gmt":"2026-03-23T06:16:24","slug":"lista-documentelor-produse-gestionate","status":"publish","type":"page","link":"https:\/\/www.anofm.ro\/vaslui\/lista-documentelor-produse-gestionate\/","title":{"rendered":"Lista documentelor produse\/gestionate"},"content":{"rendered":"\n<p><strong>LISTA&nbsp; CUPRINZ\u00c2ND&nbsp; CATEGORIILE&nbsp; DE&nbsp; DOCUMENTE PRODUSE&nbsp; \u015eI \/ SAU GESTIONATE&nbsp; POTRIVIT&nbsp; LEGII, DE&nbsp; AGEN\u0162IA&nbsp; JUDETEANA&nbsp; PENTRU&nbsp; OCUPAREA&nbsp; FOR\u0162EI&nbsp; DE&nbsp; MUNC\u0102 VASLUI<\/strong><\/p>\n\n\n\n<p>&#8211;&nbsp;&nbsp;&nbsp;&nbsp;&nbsp;&nbsp;&nbsp;&nbsp; Program de control m\u0103suri active \u2013 proceduri;<\/p>\n\n\n\n<p>&#8211;&nbsp;&nbsp;&nbsp;&nbsp;&nbsp;&nbsp;&nbsp;&nbsp; Planul anual de formare profesional\u0103;<\/p>\n\n\n\n<p>&#8211;&nbsp;&nbsp;&nbsp;&nbsp;&nbsp;&nbsp;&nbsp;&nbsp; Prognoza cursurilor de formare profesional\u0103;<\/p>\n\n\n\n<p>&#8211;&nbsp;&nbsp;&nbsp;&nbsp;&nbsp;&nbsp;&nbsp;&nbsp; Stadiul lunar al realiz\u0103rii planului de formare profesional\u0103;<\/p>\n\n\n\n<p>&#8211;&nbsp;&nbsp;&nbsp;&nbsp;&nbsp;&nbsp;&nbsp;&nbsp; Programul anual de ocupare a for\u0163ei de munc\u0103;<\/p>\n\n\n\n<p>&#8211;&nbsp;&nbsp;&nbsp;&nbsp;&nbsp;&nbsp;&nbsp;&nbsp; Situa\u0163ia s\u0103pt\u0103m\u00e2nal\u0103 a locurilor de munc\u0103 vacante;<\/p>\n\n\n\n<p>&#8211;&nbsp;&nbsp;&nbsp;&nbsp;&nbsp;&nbsp;&nbsp;&nbsp; Situa\u0163ia lunar\u0103 statistic\u0103 a \u015fomajului \u00eenregistrat;<\/p>\n\n\n\n<p>&#8211;&nbsp;&nbsp;&nbsp;&nbsp;&nbsp;&nbsp;&nbsp;&nbsp; Situa\u0163ia lunar\u0103 operativ\u0103 a \u015fomajului \u00eenregistrat;<\/p>\n\n\n\n<p>&#8211;&nbsp;&nbsp;&nbsp;&nbsp;&nbsp;&nbsp;&nbsp;&nbsp; Situa\u0163ia&nbsp; burselor locurilor de munc\u0103;<\/p>\n\n\n\n<p>&#8211;&nbsp;&nbsp;&nbsp;&nbsp;&nbsp;&nbsp;&nbsp;&nbsp; Realiz\u0103rile, trimestriale, ale programului anual de ocupare a for\u0163ei de munc\u0103;<\/p>\n\n\n\n<p>&#8211;&nbsp;&nbsp;&nbsp;&nbsp;&nbsp;&nbsp;&nbsp;&nbsp; Materiale, rapoarte, analize, propuneri cu privire la activitatea de ocupare, formare profesional\u0103, analiza pie\u0163ei muncii, statistica pie\u0163ei muncii precum \u015fi cele legate de sistemele informatice \u015fi control m\u0103suri active;<\/p>\n\n\n\n<p>&#8211;&nbsp;&nbsp;&nbsp;&nbsp;&nbsp;&nbsp;&nbsp;&nbsp; Raportul anual al activit\u0103\u0163ii AJOFM;<\/p>\n\n\n\n<p>&#8211;&nbsp;&nbsp;&nbsp;&nbsp;&nbsp;&nbsp;&nbsp;&nbsp; Formulare europene E 301 \/ U1, E 302, E 303 \/ U2, U3;<\/p>\n\n\n\n<p>&#8211;&nbsp;&nbsp;&nbsp;&nbsp;&nbsp;&nbsp;&nbsp;&nbsp; Documente \u00een vederea angaj\u0103rii, \u00eencet\u0103rii raporturilor de serviciu \u015fi de munc\u0103 \u00een agen\u0163ie, adeverin\u0163e;<\/p>\n\n\n\n<p>&#8211;&nbsp;&nbsp;&nbsp;&nbsp;&nbsp;&nbsp;&nbsp;&nbsp; R\u0103spunsuri la solicit\u0103rile presei;<\/p>\n\n\n\n<p>&#8211;&nbsp;&nbsp;&nbsp;&nbsp;&nbsp;&nbsp;&nbsp;&nbsp; Comunicate de pres\u0103;<\/p>\n\n\n\n<p>&#8211;&nbsp;&nbsp;&nbsp;&nbsp;&nbsp;&nbsp;&nbsp;&nbsp; Materiale pentru site;<\/p>\n\n\n\n<p>&#8211;&nbsp;&nbsp;&nbsp;&nbsp;&nbsp;&nbsp;&nbsp;&nbsp; Rapoarte lunare \u015fi anuale privind activitatea desf\u0103\u015furat\u0103 \u00een mass-media de AJOFM Vaslui ;<\/p>\n\n\n\n<p>&#8211;&nbsp;&nbsp;&nbsp;&nbsp;&nbsp;&nbsp;&nbsp;&nbsp; Proces verbal \u00eencheiat la finalul \u015fedin\u0163ei consiliului consultativ ;<\/p>\n\n\n\n<p>&#8211;&nbsp;&nbsp;&nbsp;&nbsp;&nbsp;&nbsp;&nbsp;&nbsp; Ordinea de zi a \u015fedin\u0163ei consiliului consultativ;<\/p>\n\n\n\n<p>&#8211;&nbsp;&nbsp;&nbsp;&nbsp;&nbsp;&nbsp;&nbsp;&nbsp; Documente aflate pe ordinea de zi a \u015fedin\u0163ei consiliului consultativ;<\/p>\n\n\n\n<p>&#8211;&nbsp;&nbsp;&nbsp;&nbsp;&nbsp;&nbsp;&nbsp;&nbsp; Rapoarte ale consiliului consultativ;<\/p>\n\n\n\n<p>&#8211;&nbsp;&nbsp;&nbsp;&nbsp;&nbsp;&nbsp;&nbsp;&nbsp; Buletin informativ \u00eentocmit conform art. 5 alin. 2 din Legea nr. 544\/2001, privind liberul acces la informa\u0163iile de inters public, cu modific\u0103rile \u015fi complet\u0103rile ulterioare;<\/p>\n\n\n\n<p>&#8211;&nbsp;&nbsp;&nbsp;&nbsp;&nbsp;&nbsp;&nbsp;&nbsp; Raport anual privind implementarea Legii nr. 544\/2001;<\/p>\n\n\n\n<p>&#8211;&nbsp;&nbsp;&nbsp;&nbsp;&nbsp;&nbsp;&nbsp;&nbsp; Registru cuprinz\u00e2nd cererile \u015fi r\u0103spunsurile la solicit\u0103rile \u00een baza Legii nr. 544\/2001, privind liberul acces la informa\u0163iile de interes public.<\/p>\n\n\n\n<p>&#8211;&nbsp;&nbsp;&nbsp;&nbsp;&nbsp;&nbsp;&nbsp;&nbsp; cerere conform legii 544\/2002;<\/p>\n\n\n\n<p>&#8211;&nbsp;&nbsp;&nbsp;&nbsp;&nbsp;&nbsp;&nbsp;&nbsp; reclamatie administrativa conform legii 544\/2002<\/p>\n\n\n\n<p>&#8211;&nbsp;&nbsp;&nbsp;&nbsp;&nbsp;&nbsp;&nbsp;&nbsp; &nbsp;situatia privind locurile de munca vacante;<\/p>\n\n\n\n<p>&#8211;&nbsp;&nbsp;&nbsp;&nbsp;&nbsp;&nbsp;&nbsp;&nbsp; &nbsp;contract de asigurare pentru somaj;<\/p>\n\n\n\n<p>&#8211;&nbsp;&nbsp;&nbsp;&nbsp;&nbsp;&nbsp;&nbsp;&nbsp; cerere pentru acordarea serviciilor de preconcediere;<\/p>\n\n\n\n<p>&#8211;&nbsp;&nbsp;&nbsp;&nbsp;&nbsp;&nbsp;&nbsp;&nbsp; cerere pentru acordarea serviciilor de mediere;<\/p>\n\n\n\n<p>&#8211;&nbsp;&nbsp;&nbsp;&nbsp;&nbsp;&nbsp;&nbsp;&nbsp; cerere pentru completare venituri;<\/p>\n\n\n\n<p>&#8211;&nbsp;&nbsp;&nbsp;&nbsp;&nbsp;&nbsp;&nbsp;&nbsp; cerere&nbsp; prima de incadrare;<\/p>\n\n\n\n<p>&#8211;&nbsp;&nbsp;&nbsp;&nbsp;&nbsp;&nbsp;&nbsp;&nbsp; cerere&nbsp; prima de instalare;<\/p>\n\n\n\n<p>&#8211;&nbsp;&nbsp;&nbsp;&nbsp; cerere prima de relocare;<\/p>\n\n\n\n<p>&#8211;&nbsp;&nbsp;&nbsp;&nbsp;&nbsp;&nbsp;&nbsp;&nbsp; angajament prima de incadrare\/instalare\/relocare;<\/p>\n\n\n\n<p>&#8211;&nbsp;&nbsp;&nbsp;&nbsp;&nbsp;&nbsp;&nbsp;&nbsp; conventie art.80 &#8211; incadrare absolventi;<\/p>\n\n\n\n<p>&#8211;&nbsp;&nbsp;&nbsp;&nbsp; conventie art.85 &#8211;&nbsp; incadrare persoane peste 45 ani,&nbsp; intretinatori unici de familie si persoane cu handicap&nbsp;;<\/p>\n\n\n\n<p>&#8211;&nbsp;&nbsp;&nbsp;&nbsp;&nbsp;&nbsp;&nbsp;&nbsp; act aditional pentru furnizori de servicii de formare profesionala&nbsp;;<\/p>\n\n\n\n<p>&#8211;&nbsp;&nbsp;&nbsp;&nbsp;&nbsp;&nbsp;&nbsp;&nbsp; cerere reducere contributie fond somaj;<\/p>\n\n\n\n<p>&#8211;&nbsp;&nbsp;&nbsp;&nbsp;&nbsp;&nbsp;&nbsp;&nbsp; contract pentru programe de formare profesionala&nbsp;;<\/p>\n\n\n\n<p>&#8211;&nbsp;&nbsp;&nbsp;&nbsp;&nbsp;&nbsp;&nbsp;&nbsp; contract de prestari servicii pentru masuri destinate stimularii ocuparii fortei de munca&nbsp;;<\/p>\n\n\n\n<p>&#8211;&nbsp;&nbsp;&nbsp;&nbsp;&nbsp;&nbsp;&nbsp;&nbsp; formular pentru furnizorii de servicii de ocupare acreditati&nbsp;;<\/p>\n\n\n\n<p>&#8211;&nbsp;&nbsp;&nbsp;&nbsp;&nbsp;&nbsp;&nbsp;&nbsp; cerere pentru informare si consiliere profesionala&nbsp;;<\/p>\n\n\n\n<p>&#8211;&nbsp;&nbsp;&nbsp;&nbsp;&nbsp;&nbsp;&nbsp;&nbsp; contract de prestari servicii;<\/p>\n\n\n\n<p>&#8211;&nbsp;&nbsp;&nbsp;&nbsp;&nbsp;&nbsp;&nbsp;&nbsp; contract privind incadrarea in munca a absolventilor cursurilor de formare profesionala;<\/p>\n\n\n\n<p>&#8211;&nbsp;&nbsp;&nbsp;&nbsp;&nbsp;&nbsp;&nbsp;&nbsp; cerere pentru curs (re)calificare ;<\/p>\n\n\n\n<p>&#8211;&nbsp;&nbsp;&nbsp;&nbsp;&nbsp;&nbsp;&nbsp;&nbsp; cerere pentru serviciile de consultanta si asistenta pentru inceperea unei activitati independente sau pentru initierea unei afaceri&nbsp;;<\/p>\n\n\n\n<p>&#8211;&nbsp;&nbsp;&nbsp;&nbsp;&nbsp;&nbsp;&nbsp;&nbsp; instiintare pentru servicii preconcediere;<\/p>\n\n\n\n<p>&#8211;&nbsp;&nbsp;&nbsp;&nbsp;&nbsp;&nbsp;&nbsp;&nbsp; <em>chestionar<\/em><em> pentru serviciile de preconcediere;<\/em><\/p>\n\n\n\n<p>&#8211;&nbsp;&nbsp;&nbsp;&nbsp;&nbsp;&nbsp;&nbsp;&nbsp; instiintare privind incadrarea in munca;<\/p>\n\n\n\n<p>&#8211;&nbsp;&nbsp;&nbsp;&nbsp;&nbsp;&nbsp;&nbsp;&nbsp; cerere repunere in plata;<\/p>\n\n\n\n<p>&#8211;&nbsp;&nbsp;&nbsp;&nbsp;&nbsp;&nbsp;&nbsp;&nbsp; declaratie la bugetul asigurarilor de somaj;<\/p>\n\n\n\n<p>&#8211;&nbsp;&nbsp;&nbsp;&nbsp;&nbsp;&nbsp;&nbsp;&nbsp; conventie &#8211;&nbsp; marginalizare sociala;<\/p>\n\n\n\n<p>&#8211;&nbsp;&nbsp;&nbsp;&nbsp;&nbsp;&nbsp;&nbsp;&nbsp; contract de solidaritate;<\/p>\n\n\n\n<p>&#8211;&nbsp;&nbsp;&nbsp;&nbsp;&nbsp;&nbsp;&nbsp;&nbsp; adeverinta prima incadrare\/instalare;<\/p>\n\n\n\n<p>&#8211;&nbsp;&nbsp;&nbsp;&nbsp;&nbsp;&nbsp;&nbsp;&nbsp; adeverinta completare venituri;<\/p>\n","protected":false},"excerpt":{"rendered":"<p>LISTA&nbsp; CUPRINZ\u00c2ND&nbsp; CATEGORIILE&nbsp; DE&nbsp; DOCUMENTE PRODUSE&nbsp; \u015eI \/ SAU GESTIONATE&nbsp; POTRIVIT&nbsp; LEGII, DE&nbsp; AGEN\u0162IA&nbsp; JUDETEANA&nbsp; PENTRU&nbsp; OCUPAREA&nbsp; FOR\u0162EI&nbsp; DE&nbsp; MUNC\u0102 VASLUI &#8211;&nbsp;&nbsp;&nbsp;&nbsp;&nbsp;&nbsp;&nbsp;&nbsp; Program de control m\u0103suri active \u2013 proceduri; &#8211;&nbsp;&nbsp;&nbsp;&nbsp;&nbsp;&nbsp;&nbsp;&nbsp;<\/p>\n","protected":false},"author":1,"featured_media":0,"parent":0,"menu_order":290,"comment_status":"closed","ping_status":"closed","template":"template-parts\/content-with-sidebar.php","meta":{"footnotes":""},"class_list":["post-2209","page","type-page","status-publish","hentry"],"_links":{"self":[{"href":"https:\/\/www.anofm.ro\/vaslui\/wp-json\/wp\/v2\/pages\/2209","targetHints":{"allow":["GET"]}}],"collection":[{"href":"https:\/\/www.anofm.ro\/vaslui\/wp-json\/wp\/v2\/pages"}],"about":[{"href":"https:\/\/www.anofm.ro\/vaslui\/wp-json\/wp\/v2\/types\/page"}],"author":[{"embeddable":true,"href":"https:\/\/www.anofm.ro\/vaslui\/wp-json\/wp\/v2\/users\/1"}],"replies":[{"embeddable":true,"href":"https:\/\/www.anofm.ro\/vaslui\/wp-json\/wp\/v2\/comments?post=2209"}],"version-history":[{"count":3,"href":"https:\/\/www.anofm.ro\/vaslui\/wp-json\/wp\/v2\/pages\/2209\/revisions"}],"predecessor-version":[{"id":6003,"href":"https:\/\/www.anofm.ro\/vaslui\/wp-json\/wp\/v2\/pages\/2209\/revisions\/6003"}],"wp:attachment":[{"href":"https:\/\/www.anofm.ro\/vaslui\/wp-json\/wp\/v2\/media?parent=2209"}],"curies":[{"name":"wp","href":"https:\/\/api.w.org\/{rel}","templated":true}]}}

<p><strong>LISTA&nbsp; CUPRINZÂND&nbsp; CATEGORIILE&nbsp; DE&nbsp; DOCUMENTE PRODUSE&nbsp; ŞI / SAU GESTIONATE&nbsp; POTRIVIT&nbsp; LEGII, DE&nbsp; AGENŢIA&nbsp; JUDETEANA&nbsp; PENTRU&nbsp; OCUPAREA&nbsp; FORŢEI&nbsp; DE&nbsp; MUNCĂ VASLUI</strong></p>



<p>&#8211;&nbsp;&nbsp;&nbsp;&nbsp;&nbsp;&nbsp;&nbsp;&nbsp; Program de control măsuri active – proceduri;</p>



<p>&#8211;&nbsp;&nbsp;&nbsp;&nbsp;&nbsp;&nbsp;&nbsp;&nbsp; Planul anual de formare profesională;</p>



<p>&#8211;&nbsp;&nbsp;&nbsp;&nbsp;&nbsp;&nbsp;&nbsp;&nbsp; Prognoza cursurilor de formare profesională;</p>



<p>&#8211;&nbsp;&nbsp;&nbsp;&nbsp;&nbsp;&nbsp;&nbsp;&nbsp; Stadiul lunar al realizării planului de formare profesională;</p>



<p>&#8211;&nbsp;&nbsp;&nbsp;&nbsp;&nbsp;&nbsp;&nbsp;&nbsp; Programul anual de ocupare a forţei de muncă;</p>



<p>&#8211;&nbsp;&nbsp;&nbsp;&nbsp;&nbsp;&nbsp;&nbsp;&nbsp; Situaţia săptămânală a locurilor de muncă vacante;</p>



<p>&#8211;&nbsp;&nbsp;&nbsp;&nbsp;&nbsp;&nbsp;&nbsp;&nbsp; Situaţia lunară statistică a şomajului înregistrat;</p>



<p>&#8211;&nbsp;&nbsp;&nbsp;&nbsp;&nbsp;&nbsp;&nbsp;&nbsp; Situaţia lunară operativă a şomajului înregistrat;</p>



<p>&#8211;&nbsp;&nbsp;&nbsp;&nbsp;&nbsp;&nbsp;&nbsp;&nbsp; Situaţia&nbsp; burselor locurilor de muncă;</p>



<p>&#8211;&nbsp;&nbsp;&nbsp;&nbsp;&nbsp;&nbsp;&nbsp;&nbsp; Realizările, trimestriale, ale programului anual de ocupare a forţei de muncă;</p>



<p>&#8211;&nbsp;&nbsp;&nbsp;&nbsp;&nbsp;&nbsp;&nbsp;&nbsp; Materiale, rapoarte, analize, propuneri cu privire la activitatea de ocupare, formare profesională, analiza pieţei muncii, statistica pieţei muncii precum şi cele legate de sistemele informatice şi control măsuri active;</p>



<p>&#8211;&nbsp;&nbsp;&nbsp;&nbsp;&nbsp;&nbsp;&nbsp;&nbsp; Raportul anual al activităţii AJOFM;</p>



<p>&#8211;&nbsp;&nbsp;&nbsp;&nbsp;&nbsp;&nbsp;&nbsp;&nbsp; Formulare europene E 301 / U1, E 302, E 303 / U2, U3;</p>



<p>&#8211;&nbsp;&nbsp;&nbsp;&nbsp;&nbsp;&nbsp;&nbsp;&nbsp; Documente în vederea angajării, încetării raporturilor de serviciu şi de muncă în agenţie, adeverinţe;</p>



<p>&#8211;&nbsp;&nbsp;&nbsp;&nbsp;&nbsp;&nbsp;&nbsp;&nbsp; Răspunsuri la solicitările presei;</p>



<p>&#8211;&nbsp;&nbsp;&nbsp;&nbsp;&nbsp;&nbsp;&nbsp;&nbsp; Comunicate de presă;</p>



<p>&#8211;&nbsp;&nbsp;&nbsp;&nbsp;&nbsp;&nbsp;&nbsp;&nbsp; Materiale pentru site;</p>



<p>&#8211;&nbsp;&nbsp;&nbsp;&nbsp;&nbsp;&nbsp;&nbsp;&nbsp; Rapoarte lunare şi anuale privind activitatea desfăşurată în mass-media de AJOFM Vaslui ;</p>



<p>&#8211;&nbsp;&nbsp;&nbsp;&nbsp;&nbsp;&nbsp;&nbsp;&nbsp; Proces verbal încheiat la finalul şedinţei consiliului consultativ ;</p>



<p>&#8211;&nbsp;&nbsp;&nbsp;&nbsp;&nbsp;&nbsp;&nbsp;&nbsp; Ordinea de zi a şedinţei consiliului consultativ;</p>



<p>&#8211;&nbsp;&nbsp;&nbsp;&nbsp;&nbsp;&nbsp;&nbsp;&nbsp; Documente aflate pe ordinea de zi a şedinţei consiliului consultativ;</p>



<p>&#8211;&nbsp;&nbsp;&nbsp;&nbsp;&nbsp;&nbsp;&nbsp;&nbsp; Rapoarte ale consiliului consultativ;</p>



<p>&#8211;&nbsp;&nbsp;&nbsp;&nbsp;&nbsp;&nbsp;&nbsp;&nbsp; Buletin informativ întocmit conform art. 5 alin. 2 din Legea nr. 544/2001, privind liberul acces la informaţiile de inters public, cu modificările şi completările ulterioare;</p>



<p>&#8211;&nbsp;&nbsp;&nbsp;&nbsp;&nbsp;&nbsp;&nbsp;&nbsp; Raport anual privind implementarea Legii nr. 544/2001;</p>



<p>&#8211;&nbsp;&nbsp;&nbsp;&nbsp;&nbsp;&nbsp;&nbsp;&nbsp; Registru cuprinzând cererile şi răspunsurile la solicitările în baza Legii nr. 544/2001, privind liberul acces la informaţiile de interes public.</p>



<p>&#8211;&nbsp;&nbsp;&nbsp;&nbsp;&nbsp;&nbsp;&nbsp;&nbsp; cerere conform legii 544/2002;</p>



<p>&#8211;&nbsp;&nbsp;&nbsp;&nbsp;&nbsp;&nbsp;&nbsp;&nbsp; reclamatie administrativa conform legii 544/2002</p>



<p>&#8211;&nbsp;&nbsp;&nbsp;&nbsp;&nbsp;&nbsp;&nbsp;&nbsp; &nbsp;situatia privind locurile de munca vacante;</p>



<p>&#8211;&nbsp;&nbsp;&nbsp;&nbsp;&nbsp;&nbsp;&nbsp;&nbsp; &nbsp;contract de asigurare pentru somaj;</p>



<p>&#8211;&nbsp;&nbsp;&nbsp;&nbsp;&nbsp;&nbsp;&nbsp;&nbsp; cerere pentru acordarea serviciilor de preconcediere;</p>



<p>&#8211;&nbsp;&nbsp;&nbsp;&nbsp;&nbsp;&nbsp;&nbsp;&nbsp; cerere pentru acordarea serviciilor de mediere;</p>



<p>&#8211;&nbsp;&nbsp;&nbsp;&nbsp;&nbsp;&nbsp;&nbsp;&nbsp; cerere pentru completare venituri;</p>



<p>&#8211;&nbsp;&nbsp;&nbsp;&nbsp;&nbsp;&nbsp;&nbsp;&nbsp; cerere&nbsp; prima de incadrare;</p>



<p>&#8211;&nbsp;&nbsp;&nbsp;&nbsp;&nbsp;&nbsp;&nbsp;&nbsp; cerere&nbsp; prima de instalare;</p>



<p>&#8211;&nbsp;&nbsp;&nbsp;&nbsp; cerere prima de relocare;</p>



<p>&#8211;&nbsp;&nbsp;&nbsp;&nbsp;&nbsp;&nbsp;&nbsp;&nbsp; angajament prima de incadrare/instalare/relocare;</p>



<p>&#8211;&nbsp;&nbsp;&nbsp;&nbsp;&nbsp;&nbsp;&nbsp;&nbsp; conventie art.80 &#8211; incadrare absolventi;</p>



<p>&#8211;&nbsp;&nbsp;&nbsp;&nbsp; conventie art.85 &#8211;&nbsp; incadrare persoane peste 45 ani,&nbsp; intretinatori unici de familie si persoane cu handicap&nbsp;;</p>



<p>&#8211;&nbsp;&nbsp;&nbsp;&nbsp;&nbsp;&nbsp;&nbsp;&nbsp; act aditional pentru furnizori de servicii de formare profesionala&nbsp;;</p>



<p>&#8211;&nbsp;&nbsp;&nbsp;&nbsp;&nbsp;&nbsp;&nbsp;&nbsp; cerere reducere contributie fond somaj;</p>



<p>&#8211;&nbsp;&nbsp;&nbsp;&nbsp;&nbsp;&nbsp;&nbsp;&nbsp; contract pentru programe de formare profesionala&nbsp;;</p>



<p>&#8211;&nbsp;&nbsp;&nbsp;&nbsp;&nbsp;&nbsp;&nbsp;&nbsp; contract de prestari servicii pentru masuri destinate stimularii ocuparii fortei de munca&nbsp;;</p>



<p>&#8211;&nbsp;&nbsp;&nbsp;&nbsp;&nbsp;&nbsp;&nbsp;&nbsp; formular pentru furnizorii de servicii de ocupare acreditati&nbsp;;</p>



<p>&#8211;&nbsp;&nbsp;&nbsp;&nbsp;&nbsp;&nbsp;&nbsp;&nbsp; cerere pentru informare si consiliere profesionala&nbsp;;</p>



<p>&#8211;&nbsp;&nbsp;&nbsp;&nbsp;&nbsp;&nbsp;&nbsp;&nbsp; contract de prestari servicii;</p>



<p>&#8211;&nbsp;&nbsp;&nbsp;&nbsp;&nbsp;&nbsp;&nbsp;&nbsp; contract privind incadrarea in munca a absolventilor cursurilor de formare profesionala;</p>



<p>&#8211;&nbsp;&nbsp;&nbsp;&nbsp;&nbsp;&nbsp;&nbsp;&nbsp; cerere pentru curs (re)calificare ;</p>



<p>&#8211;&nbsp;&nbsp;&nbsp;&nbsp;&nbsp;&nbsp;&nbsp;&nbsp; cerere pentru serviciile de consultanta si asistenta pentru inceperea unei activitati independente sau pentru initierea unei afaceri&nbsp;;</p>



<p>&#8211;&nbsp;&nbsp;&nbsp;&nbsp;&nbsp;&nbsp;&nbsp;&nbsp; instiintare pentru servicii preconcediere;</p>



<p>&#8211;&nbsp;&nbsp;&nbsp;&nbsp;&nbsp;&nbsp;&nbsp;&nbsp; <em>chestionar</em><em> pentru serviciile de preconcediere;</em></p>



<p>&#8211;&nbsp;&nbsp;&nbsp;&nbsp;&nbsp;&nbsp;&nbsp;&nbsp; instiintare privind incadrarea in munca;</p>



<p>&#8211;&nbsp;&nbsp;&nbsp;&nbsp;&nbsp;&nbsp;&nbsp;&nbsp; cerere repunere in plata;</p>



<p>&#8211;&nbsp;&nbsp;&nbsp;&nbsp;&nbsp;&nbsp;&nbsp;&nbsp; declaratie la bugetul asigurarilor de somaj;</p>



<p>&#8211;&nbsp;&nbsp;&nbsp;&nbsp;&nbsp;&nbsp;&nbsp;&nbsp; conventie &#8211;&nbsp; marginalizare sociala;</p>



<p>&#8211;&nbsp;&nbsp;&nbsp;&nbsp;&nbsp;&nbsp;&nbsp;&nbsp; contract de solidaritate;</p>



<p>&#8211;&nbsp;&nbsp;&nbsp;&nbsp;&nbsp;&nbsp;&nbsp;&nbsp; adeverinta prima incadrare/instalare;</p>



<p>&#8211;&nbsp;&nbsp;&nbsp;&nbsp;&nbsp;&nbsp;&nbsp;&nbsp; adeverinta completare venituri;</p>

<p>LISTA&nbsp; CUPRINZÂND&nbsp; CATEGORIILE&nbsp; DE&nbsp; DOCUMENTE PRODUSE&nbsp; ŞI / SAU GESTIONATE&nbsp; POTRIVIT&nbsp; LEGII, DE&nbsp; AGENŢIA&nbsp; JUDETEANA&nbsp; PENTRU&nbsp; OCUPAREA&nbsp; FORŢEI&nbsp; DE&nbsp; MUNCĂ VASLUI &#8211;&nbsp;&nbsp;&nbsp;&nbsp;&nbsp;&nbsp;&nbsp;&nbsp; Program de control măsuri active – proceduri; &#8211;&nbsp;&nbsp;&nbsp;&nbsp;&nbsp;&nbsp;&nbsp;&nbsp;</p>
