{"id":2163,"date":"2023-12-14T22:54:01","date_gmt":"2023-12-14T20:54:01","guid":{"rendered":"https:\/\/www.anofm.ro\/conducere\/"},"modified":"2024-02-04T23:19:33","modified_gmt":"2024-02-04T21:19:33","slug":"conducere","status":"publish","type":"page","link":"https:\/\/www.anofm.ro\/vaslui\/conducere\/","title":{"rendered":"Conducere"},"content":{"rendered":"\n<h2 class=\"wp-block-heading\">Conducere<\/h2>\n\n\n\t\t\t\t\t<div class=\"team-member\">\n\t\t\t\t\t\t<div class=\"team-member-details\">\n\n\t\t\t\t\t\t\t\t\t\t\t\t\t\t<h2>\n\t\t\t\t\t\t\t\tRo\u0219ca Marian\t\t\t\t\t\t\t\t<\/h2>\n\t\t\t\t\t\t\t\t\t\t\t\t\t\t\t\t\t<p class=\"h4\">Director<\/p>\n\t\t\t\t\t\t\t\t\t\n\t\t\t\t\t\t<\/div>\n\t\t\t\t\t<\/div>\n\t\t\t\t\t\t\t\t\t<div class=\"team-member\">\n\t\t\t\t\t\t<div class=\"team-member-details\">\n\n\t\t\t\t\t\t\t\t\t\t\t\t\t\t<h2>\n\t\t\t\t\t\t\t\tCalancia Silviu Catalin\t\t\t\t\t\t\t\t<\/h2>\n\t\t\t\t\t\t\t\t\t\t\t\t\t\t\t\t\t<p class=\"h4\">Director Adjunct<\/p>\n\t\t\t\t\t\t\t\t\t\n\t\t\t\t\t\t<\/div>\n\t\t\t\t\t<\/div>\n\t\t\t\t\n\n\n<h2 class=\"wp-block-heading\">Consiliu consultativ<\/h2>\n\n\n\n<figure class=\"wp-block-table alignleft\"><table><tbody><tr><td>Nr. crt.<\/td><td>Nume \u0219i prenume<\/td><td>Institu\u021bia reprezentat\u0103<\/td><\/tr><tr><td>1<\/td><td>BOGDAN ISABEL<\/td><td>CASA JUDE\u021aEAN\u0102 DE PENSII VASLUI<\/td><\/tr><tr><td>2<\/td><td>CHIRVASE GHEORGHE<\/td><td>INSPECTORATUL TERITORIAL DE MUNC\u0102 AL JUDE\u021aULUI VASLUI<\/td><\/tr><tr><td>3<\/td><td>SAVA NELU<\/td><td>ADMINISTRA\u021aIA JUDE\u021aEAN\u0102 A FINAN\u021aELOR PUBLICE VASLUI<\/td><\/tr><tr><td>4<\/td><td>\u021aU\u021aUIANU MIRCEA<\/td><td>CONSILIUL JUDE\u021aEAN VASLUI<\/td><\/tr><tr><td>5<\/td><td>VLADA MIHAELA<\/td><td>DIREC\u021aIA DE S\u0102N\u0102TATE PUBLIC\u0102 VASLUI<\/td><\/tr><tr><td>6<\/td><td>COSTIN VERONIA<\/td><td>CONFEDERA\u021aIA SINDICATELOR DEMOCRATICE DIN ROM\u00c2NIA<\/td><\/tr><tr><td>7<\/td><td>CL\u0102TINICI DANIELA<\/td><td>&nbsp; CONFEDERA\u021aIA NA\u021aIONAL\u0102 A SINDICATELOR LIBERE DIN ROM\u00c2NIA-\u201cFR\u0102\u021aIA\u201d<\/td><\/tr><tr><td>8<\/td><td>CRE\u021aU GIC\u0102<\/td><td>CONFEDERA\u021aIA NA\u021aIONAL\u0102 A SINDICATELOR LIBERE DIN ROM\u00c2NIA-\u201cFR\u0102\u021aIA\u201d<\/td><\/tr><tr><td>9<\/td><td>PINTILIE COSTEL<\/td><td>CONFEDERA\u021aIA NA\u021aIONAL\u0102 SINDICAL\u0102 \u201cCARTEL ALFA\u201d<\/td><\/tr><tr><td>10<\/td><td>TURBATU GETA<\/td><td>BLOCUL NA\u021aIONAL SINDICAL<\/td><\/tr><tr><td>11<\/td><td>COPACENSCHI OVIDIU<\/td><td>CONSILIUL NA\u021aIONAL AL \u00ceNTREPRINDERILOR PRIVATE MICI \u0218I MIJLOCII DIN ROM\u00c2NIA<\/td><\/tr><tr><td>12<\/td><td>COPACENSCHI LAURA<\/td><td>CONSILIUL NA\u021aIONAL AL \u00ceNTREPRINDERILOR PRIVATE MICI \u0218I MIJLOCII DIN ROM\u00c2NIA<\/td><\/tr><tr><td>13<\/td><td>F\u0102R\u0102 NOMINALIZARE<\/td><td>CONFEDERA\u021aIA PATRONAL\u0102 CONCORDIA<\/td><\/tr><tr><td>14<\/td><td>F\u0102R\u0102 NOMINALIZARE<\/td><td>CONFEDERA\u021aIA PATRONAL\u0102 CONCORDIA<\/td><\/tr><tr><td>15<\/td><td>F\u0102R\u0102 NOMINALIZARE<\/td><td>CONFEDERA\u021aIA PATRONAL\u0102 CONCORDIA<\/td><\/tr><\/tbody><\/table><\/figure>\n\n\n\n<h2 class=\"wp-block-heading\">Agenda de lucru<\/h2>\n\n\n\t\t\t\t<ul class=\"recentcontent\">\n\t\t\t\t\t\t\t\t\t<li>\n\t\t\t\t\t\t<a href=\"https:\/\/www.anofm.ro\/vaslui\/program-de-audiente\/\">\n\t\t\t\t\t\t\t\t\t\t\t\t\t\t\t<img decoding=\"async\" src=\"https:\/\/www.anofm.ro\/vaslui\/wp-content\/plugins\/anofm-custom-post-types\/assets\/images\/placeholder-thumb.png\" alt=\"\">\n\t\t\t\t\t\t\t\t\t\t\t\t\t\t\t\t<p class=\"h4\">Program de audiente<\/p>\n\t\t\t\t\t\t\t\t\t\t\t\t\t\t\t<span>29\/10\/2018<\/span>\n\t\t\t\t\t\t<\/a>\n\t\t\t\t\t<\/li>\n\t\t\t\t\t\t\t\t\t<\/ul>\n\t\t\t\t","protected":false},"excerpt":{"rendered":"<p>Conducere Consiliu consultativ Nr. crt. Nume \u0219i prenume Institu\u021bia reprezentat\u0103 1 BOGDAN ISABEL CASA JUDE\u021aEAN\u0102 DE PENSII VASLUI 2 CHIRVASE GHEORGHE INSPECTORATUL TERITORIAL DE MUNC\u0102 AL JUDE\u021aULUI VASLUI 3 SAVA<\/p>\n","protected":false},"author":1,"featured_media":0,"parent":0,"menu_order":60,"comment_status":"closed","ping_status":"closed","template":"template-parts\/content-with-sidebar.php","meta":{"footnotes":""},"class_list":["post-2163","page","type-page","status-publish","hentry"],"_links":{"self":[{"href":"https:\/\/www.anofm.ro\/vaslui\/wp-json\/wp\/v2\/pages\/2163","targetHints":{"allow":["GET"]}}],"collection":[{"href":"https:\/\/www.anofm.ro\/vaslui\/wp-json\/wp\/v2\/pages"}],"about":[{"href":"https:\/\/www.anofm.ro\/vaslui\/wp-json\/wp\/v2\/types\/page"}],"author":[{"embeddable":true,"href":"https:\/\/www.anofm.ro\/vaslui\/wp-json\/wp\/v2\/users\/1"}],"replies":[{"embeddable":true,"href":"https:\/\/www.anofm.ro\/vaslui\/wp-json\/wp\/v2\/comments?post=2163"}],"version-history":[{"count":3,"href":"https:\/\/www.anofm.ro\/vaslui\/wp-json\/wp\/v2\/pages\/2163\/revisions"}],"predecessor-version":[{"id":3175,"href":"https:\/\/www.anofm.ro\/vaslui\/wp-json\/wp\/v2\/pages\/2163\/revisions\/3175"}],"wp:attachment":[{"href":"https:\/\/www.anofm.ro\/vaslui\/wp-json\/wp\/v2\/media?parent=2163"}],"curies":[{"name":"wp","href":"https:\/\/api.w.org\/{rel}","templated":true}]}}