{"id":5677,"date":"2025-10-06T08:50:59","date_gmt":"2025-10-06T05:50:59","guid":{"rendered":"https:\/\/www.anofm.ro\/valcea\/?post_type=calendar&#038;p=5677"},"modified":"2025-10-06T08:52:48","modified_gmt":"2025-10-06T05:52:48","slug":"5677","status":"publish","type":"calendar","link":"https:\/\/www.anofm.ro\/valcea\/calendar\/5677\/","title":{"rendered":"BURSA  LOCURILOR DE MUNC\u0102 PENTRU ABSOLVENTI"},"content":{"rendered":"\n<p><strong>\u00cen data de 10 OCTOMBRIE 2025, \u00eencep\u00e2nd cu ora 9.00, \u00een incinta\u00a0Centrului Regional pentru Formarea Profesional\u0103 a Adul\u021bilor din Municipiul R\u00e2mnicu-V\u00e2lcea, Strada Calea lui Traian nr. 98, Agen\u021bia Jude\u021bean\u0103 pentru Ocuparea For\u0163ei de Munc\u0103 V\u00e2lcea va organiza Bursa  Locurilor de Munc\u0103 pentru Absolventi .<\/strong><\/p>\n","protected":false},"author":34,"template":"","categorie-eveniment":[],"_links":{"self":[{"href":"https:\/\/www.anofm.ro\/valcea\/wp-json\/wp\/v2\/calendar\/5677","targetHints":{"allow":["GET"]}}],"collection":[{"href":"https:\/\/www.anofm.ro\/valcea\/wp-json\/wp\/v2\/calendar"}],"about":[{"href":"https:\/\/www.anofm.ro\/valcea\/wp-json\/wp\/v2\/types\/calendar"}],"author":[{"embeddable":true,"href":"https:\/\/www.anofm.ro\/valcea\/wp-json\/wp\/v2\/users\/34"}],"version-history":[{"count":2,"href":"https:\/\/www.anofm.ro\/valcea\/wp-json\/wp\/v2\/calendar\/5677\/revisions"}],"predecessor-version":[{"id":5679,"href":"https:\/\/www.anofm.ro\/valcea\/wp-json\/wp\/v2\/calendar\/5677\/revisions\/5679"}],"wp:attachment":[{"href":"https:\/\/www.anofm.ro\/valcea\/wp-json\/wp\/v2\/media?parent=5677"}],"wp:term":[{"taxonomy":"categorie-eveniment","embeddable":true,"href":"https:\/\/www.anofm.ro\/valcea\/wp-json\/wp\/v2\/categorie-eveniment?post=5677"}],"curies":[{"name":"wp","href":"https:\/\/api.w.org\/{rel}","templated":true}]}}

BURSA  LOCURILOR DE MUNCĂ PENTRU ABSOLVENTI

<p><strong>În data de 10 OCTOMBRIE 2025, începând cu ora 9.00, în incinta Centrului Regional pentru Formarea Profesională a Adulților din Municipiul Râmnicu-Vâlcea, Strada Calea lui Traian nr. 98, Agenția Județeană pentru Ocuparea Forţei de Muncă Vâlcea va organiza Bursa  Locurilor de Muncă pentru Absolventi .</strong></p>
