{"id":5291,"date":"2025-05-21T09:50:21","date_gmt":"2025-05-21T06:50:21","guid":{"rendered":"https:\/\/www.anofm.ro\/valcea\/?post_type=calendar&#038;p=5291"},"modified":"2025-05-21T09:52:18","modified_gmt":"2025-05-21T06:52:18","slug":"bursa-generala-a-locurilor-de-munca","status":"publish","type":"calendar","link":"https:\/\/www.anofm.ro\/valcea\/calendar\/bursa-generala-a-locurilor-de-munca\/","title":{"rendered":"BURSA GENERAL\u0102 A LOCURILOR DE MUNC\u0102"},"content":{"rendered":"\n<p id=\"block-eccac7ea-2d2a-49fb-a7b4-0883007583d3\"><strong>\u00cen data de 23 MAI 2025, \u00eencep\u00e2nd cu ora 9.00, \u00een incinta\u00a0Centrului Regional pentru Formarea Profesional\u0103 a Adul\u021bilor din Municipiul R\u00e2mnicu-V\u00e2lcea, Strada Calea lui Traian nr. 98, Agen\u021bia Jude\u021bean\u0103 pentru Ocuparea For\u0163ei de Munc\u0103 V\u00e2lcea va organiza Bursa general\u0103 a locurilor de munc\u0103 .<\/strong><\/p>\n\n\n\n<p><\/p>\n","protected":false},"author":417,"template":"","categorie-eveniment":[],"_links":{"self":[{"href":"https:\/\/www.anofm.ro\/valcea\/wp-json\/wp\/v2\/calendar\/5291","targetHints":{"allow":["GET"]}}],"collection":[{"href":"https:\/\/www.anofm.ro\/valcea\/wp-json\/wp\/v2\/calendar"}],"about":[{"href":"https:\/\/www.anofm.ro\/valcea\/wp-json\/wp\/v2\/types\/calendar"}],"author":[{"embeddable":true,"href":"https:\/\/www.anofm.ro\/valcea\/wp-json\/wp\/v2\/users\/417"}],"version-history":[{"count":1,"href":"https:\/\/www.anofm.ro\/valcea\/wp-json\/wp\/v2\/calendar\/5291\/revisions"}],"predecessor-version":[{"id":5292,"href":"https:\/\/www.anofm.ro\/valcea\/wp-json\/wp\/v2\/calendar\/5291\/revisions\/5292"}],"wp:attachment":[{"href":"https:\/\/www.anofm.ro\/valcea\/wp-json\/wp\/v2\/media?parent=5291"}],"wp:term":[{"taxonomy":"categorie-eveniment","embeddable":true,"href":"https:\/\/www.anofm.ro\/valcea\/wp-json\/wp\/v2\/categorie-eveniment?post=5291"}],"curies":[{"name":"wp","href":"https:\/\/api.w.org\/{rel}","templated":true}]}}

BURSA GENERALĂ A LOCURILOR DE MUNCĂ

<p id="block-eccac7ea-2d2a-49fb-a7b4-0883007583d3"><strong>În data de 23 MAI 2025, începând cu ora 9.00, în incinta Centrului Regional pentru Formarea Profesională a Adulților din Municipiul Râmnicu-Vâlcea, Strada Calea lui Traian nr. 98, Agenția Județeană pentru Ocuparea Forţei de Muncă Vâlcea va organiza Bursa generală a locurilor de muncă .</strong></p>



<p></p>
