{"id":4473,"date":"2024-09-30T12:53:23","date_gmt":"2024-09-30T09:53:23","guid":{"rendered":"https:\/\/www.anofm.ro\/valcea\/?post_type=calendar&#038;p=4473"},"modified":"2024-09-30T12:55:24","modified_gmt":"2024-09-30T09:55:24","slug":"bursa-locurilor-de-munca-pentru-absolventi","status":"publish","type":"calendar","link":"https:\/\/www.anofm.ro\/valcea\/calendar\/bursa-locurilor-de-munca-pentru-absolventi\/","title":{"rendered":"BURSA LOCURILOR DE MUNC\u0102 PENTRU ABSOLVEN\u021aI"},"content":{"rendered":"\n<p><strong>\u00cen data de 11 octombrie 2024, \u00eencep\u00e2nd cu ora 9.00, \u00een incinta\u00a0Centrului Regional pentru Formarea Profesional\u0103 a Adul\u021bilor din Municipiul R\u00e2mnicu-V\u00e2lcea, Strada Calea lui Traian nr. 98, Agentia Judetean\u0103 pentru Ocuparea For\u0163ei de Munc\u0103 V\u00e2lcea va organiza Bursa locurilor de munc\u0103 pentru absolven\u021bi.<\/strong><\/p>\n","protected":false},"author":34,"template":"","categorie-eveniment":[],"_links":{"self":[{"href":"https:\/\/www.anofm.ro\/valcea\/wp-json\/wp\/v2\/calendar\/4473","targetHints":{"allow":["GET"]}}],"collection":[{"href":"https:\/\/www.anofm.ro\/valcea\/wp-json\/wp\/v2\/calendar"}],"about":[{"href":"https:\/\/www.anofm.ro\/valcea\/wp-json\/wp\/v2\/types\/calendar"}],"author":[{"embeddable":true,"href":"https:\/\/www.anofm.ro\/valcea\/wp-json\/wp\/v2\/users\/34"}],"version-history":[{"count":2,"href":"https:\/\/www.anofm.ro\/valcea\/wp-json\/wp\/v2\/calendar\/4473\/revisions"}],"predecessor-version":[{"id":4476,"href":"https:\/\/www.anofm.ro\/valcea\/wp-json\/wp\/v2\/calendar\/4473\/revisions\/4476"}],"wp:attachment":[{"href":"https:\/\/www.anofm.ro\/valcea\/wp-json\/wp\/v2\/media?parent=4473"}],"wp:term":[{"taxonomy":"categorie-eveniment","embeddable":true,"href":"https:\/\/www.anofm.ro\/valcea\/wp-json\/wp\/v2\/categorie-eveniment?post=4473"}],"curies":[{"name":"wp","href":"https:\/\/api.w.org\/{rel}","templated":true}]}}

BURSA LOCURILOR DE MUNCĂ PENTRU ABSOLVENȚI

<p><strong>În data de 11 octombrie 2024, începând cu ora 9.00, în incinta Centrului Regional pentru Formarea Profesională a Adulților din Municipiul Râmnicu-Vâlcea, Strada Calea lui Traian nr. 98, Agentia Judeteană pentru Ocuparea Forţei de Muncă Vâlcea va organiza Bursa locurilor de muncă pentru absolvenți.</strong></p>
