{"id":2209,"date":"2023-12-14T22:54:02","date_gmt":"2023-12-14T20:54:02","guid":{"rendered":"https:\/\/www.anofm.ro\/lista-documentelor-produse-gestionate\/"},"modified":"2024-01-23T19:27:02","modified_gmt":"2024-01-23T17:27:02","slug":"lista-documentelor-produse-gestionate","status":"publish","type":"page","link":"https:\/\/www.anofm.ro\/sibiu\/lista-documentelor-produse-gestionate\/","title":{"rendered":"Lista documentelor produse\/gestionate"},"content":{"rendered":"\n<p><strong>LISTA DOCUMENTELOR PRODUSE \/ SAU GESTIONATE DE <\/strong><strong>AGEN\u0162IA JUDE\u0162EANA PENTRU OCUPAREA FOR\u0162EI DE MUNC\u0102 SIBIU<\/strong><\/p>\n\n\n\n<figure class=\"wp-block-table\"><table><tbody><tr><td><strong>Compartiment<\/strong><\/td><td><strong>Denumire&nbsp; document<\/strong><\/td><\/tr><tr><td>Birou APMES<\/td><td>Program Jude\u0163ean de Ocupare a For\u0163ei de Munc\u0103&nbsp; &#8211; total<\/td><\/tr><tr><td>Birou APMES<\/td><td>Program Jude\u0163ean de Ocupare a For\u0163ei de Munc\u0103&nbsp; &#8211; femei<\/td><\/tr><tr><td>Birou APMES<\/td><td>Situa\u0163ie&nbsp; &#8211;&nbsp; nr. persoane \u00eencadrate prin stim.mobilit\u0103\u0163ii<\/td><\/tr><tr><td>Birou APMES<\/td><td>Anexa 4a, &#8211; Legea 76\/2002 art 93,al.1<\/td><\/tr><tr><td>Birou APMES<\/td><td>Anexa 4b, &#8211; Legea 76\/2002 art 93,al.1<\/td><\/tr><tr><td>Birou APMES<\/td><td>Anexa 4c,- Legea 76\/2002 art 93,al. 1<\/td><\/tr><tr><td>Birou APMES<\/td><td>Macheta consiliere,&nbsp; Legea 76\/2002 art 93,al.1<\/td><\/tr><tr><td>Birou APMES<\/td><td>Macheta marginaliza\u0163i&nbsp; Legea 76\/2002 art 93,al.1<\/td><\/tr><tr><td>Birou APMES<\/td><td>Situa\u0163ie privind num\u0103rul&nbsp; persoane asistate<\/td><\/tr><tr><td>Birou APMES<\/td><td>Calcul indicatori 5,6,7,8, lmv, pclm<\/td><\/tr><tr><td>Birou APMES<\/td><td>Profilarea somerilor dupa varsta, studii, ocupabilitate<\/td><\/tr><tr><td>Birou APMES<\/td><td>Lista unit\u0103\u0163ilor economice care urmeaz\u0103 s\u0103 disponibilizeze personal<\/td><\/tr><tr><td>Birou APMES<\/td><td>Situa\u0163ia disponibiliz\u0103rilor efective<\/td><\/tr><tr><td>Birou APMES<\/td><td>Program Special Ocupare&nbsp; mediul rural<\/td><\/tr><tr><td>Birou APMES<\/td><td>Program Special Ocupare&nbsp; mediul urban<\/td><\/tr><tr><td>Birou APMES<\/td><td>Program Special Ocupare comunit\u0103\u0163i&nbsp; romi<\/td><\/tr><tr><td>Birou APMES<\/td><td>Situa\u0163ie \u2013 Servicii de consultan\u0163\u0103 \u015fi asistent\u0103<\/td><\/tr><tr><td>Birou APMES<\/td><td>Centralizator rezultate contr. de consultan\u0163\u0103 \u015fi asistent\u0103<\/td><\/tr><tr><td>Birou APMES<\/td><td>Situa\u0163ia persoanelor str\u0103ine \u00eenregistrate &#8211; trimestrial<\/td><\/tr><tr><td>Birou APMES<\/td><td>Situa\u0163ia \u015fomerilor pe localit\u0103\u0163i<\/td><\/tr><tr><td>Birou APMES<\/td><td>Intr\u0103ri in \u015fomaj, Ie\u015firi din \u015fomaj, localit\u0103\u0163i<\/td><\/tr><tr><td>Birou APMES<\/td><td>Situa\u0163ie \u015fomeri beneficiari indemniza\u0163ie \u015fomaj 50%<\/td><\/tr><tr><td>Birou APMES<\/td><td>Situa\u0163ie \u015fomeri beneficiari indemniza\u0163ie \u015fomaj 75%<\/td><\/tr><tr><td>Birou APMES<\/td><td>Situa\u0163ie \u015fomeri neindemniza\u0163i<\/td><\/tr><tr><td>Birou APMES<\/td><td>Repartizare \u015fomeri \u00eenregistra\u0163i pe grupe de v\u00e2rst\u0103<\/td><\/tr><tr><td>Birou APMES<\/td><td>Num\u0103r \u015fomeri \u015fi rata \u015fomajului pe jude\u0163<\/td><\/tr><tr><td>Birou APMES<\/td><td>Situa\u0163ia ie\u015firilor din \u015fomaj, structurate pe motive<\/td><\/tr><tr><td>Birou APMES<\/td><td>Situa\u0163ia intr\u0103rilor \u00een \u015fomaj, structurate pe motive<\/td><\/tr><tr><td>Birou APMES<\/td><td>Repartizare \u015fomeri \u00eenregistra\u0163i dup\u0103 durata \u015fomajului<\/td><\/tr><tr><td>Birou APMES<\/td><td>Num\u0103r total de \u015fomeri \u015fi rata \u015fomajului (femei, b\u0103rba\u0163i<\/td><\/tr><tr><td>Birou APMES<\/td><td>Raportare a num\u0103rului de \u015fomeri<\/td><\/tr><tr><td>Birou APMES<\/td><td>Situa\u0163ia ie\u015firilor din \u015fomaj<\/td><\/tr><tr><td>Birou APMES<\/td><td>Situa\u0163ia intr\u0103rilor \u00een \u015fomaj<\/td><\/tr><tr><td>Birou APMES<\/td><td>Situa\u0163ia intr\u0103rilor de abs. \u00een \u015fomaj pe nivele de studiu<\/td><\/tr><tr><td>Birou APMES<\/td><td>Adresa \u015fomeri pe localit\u0103\u0163i<\/td><\/tr><tr><td>Birou APMES<\/td><td>Situa\u0163ia \u015fomeri pe localit\u0103\u0163i<\/td><\/tr><tr><td>Birou APMES<\/td><td>Raport lunar de activitate<\/td><\/tr><tr><td>Economie Sociala<\/td><td>Registru actualizat\/Raportare referitoare la acordare atestat\/ conf Legii 219\/2015 privind economia sociala<\/td><\/tr><tr><td>Economie Sociala<\/td><td>Raport anual de activitate<\/td><\/tr><tr><td>Economie Sociala<\/td><td>Plan judetean de insertie socioprofesionala<\/td><\/tr><tr><td>Birou Juridic<\/td><td>R\u0103spunsuri peti\u0163ii<\/td><\/tr><tr><td>Birou Juridic<\/td><td>Raportare peti\u0163ii &#8211; lunar<\/td><\/tr><tr><td>Birou Juridic<\/td><td>Raportare acredit\u0103ri &#8211; lunar<\/td><\/tr><tr><td>Birou Juridic<\/td><td>Raport activitate<\/td><\/tr><tr><td>Monitorizare proiecte<\/td><td>Raportare preconcedieri Anexa 1&nbsp; &#8211; lunar<\/td><\/tr><tr><td>Monitorizare proiecte<\/td><td>Raportare preconcedieri Anexa 2&nbsp; &#8211; trimestrial<\/td><\/tr><tr><td>EURES<\/td><td>Situa\u0163ie lunar\u0103 EURES<\/td><\/tr><tr><td>EURES<\/td><td>Situa\u0163ia apari\u0163iilor EURES \u00een pres\u0103<\/td><\/tr><tr><td>EURES<\/td><td>Formulare europene E301\/U1,E302,E303\/U2,U3<\/td><\/tr><tr><td>Ag Local\u0103 Sb<\/td><td>Adeverin\u0163e OUG 25\/2007<\/td><\/tr><tr><td>Ag Local\u0103 Sb<\/td><td>Situa\u0163ia cet\u0103\u0163enilor rom\u00e2ni re\u00eentor\u015fi \u00een \u0163ar\u0103<\/td><\/tr><tr><td>Serviciu Adm. Buget<\/td><td>Cont de execu\u0163ie preliminat<\/td><\/tr><tr><td>Serviciu Adm. Buget<\/td><td>\u00cenchidere luna pentru \u015fomeri<\/td><\/tr><tr><td>Serviciu Adm. Buget<\/td><td>Pl\u0103\u0163i restante<\/td><\/tr><tr><td>Serviciu Adm. Buget<\/td><td>Confirmare solduri conturi de venituri bugetare<\/td><\/tr><tr><td>Serviciu Adm. Buget<\/td><td>Confirmare solduri conturi de cheltuieli bugetare<\/td><\/tr><tr><td>Serviciu Adm. Buget<\/td><td>Declara\u0163ie privind obliga\u0163iile restante la utilit\u0103\u0163i<\/td><\/tr><tr><td>Serviciu Adm. Buget<\/td><td>Monitorizare investi\u0163ii<\/td><\/tr><tr><td>Serviciu Adm. Buget<\/td><td>Monitorizare cheltuieli de personal<\/td><\/tr><tr><td>Serviciu Adm. Buget<\/td><td>Contul de execu\u0163ie<\/td><\/tr><tr><td>Serviciu Adm. Buget<\/td><td>Raport lunar de activitate<\/td><\/tr><tr><td>Serviciu Adm. Buget<\/td><td>Situa\u0163ia lunara a realiz\u0103rii indicatorilor statistici (Anexa 4)<\/td><\/tr><tr><td>Serviciu Adm. Buget<\/td><td>Plata transa I pentru \u015fomeri<\/td><\/tr><tr><td>Serviciu Adm. Buget<\/td><td>Centralizatorul mandatelor blocate<\/td><\/tr><tr><td>Serviciu Adm. Buget<\/td><td>Raportare posturi bilantiere cuprinse la cap. B punctul 2 din Ordinul 2941\/22\/10\/2009<\/td><\/tr><tr><td>Serviciu Adm. Buget<\/td><td>Situa\u0163ia privind plata crean\u0163elor salariale<\/td><\/tr><tr><td>Serviciu Adm. Buget<\/td><td>Raport privind activitatea de control financiar preventiv<\/td><\/tr><tr><td>Serviciu Adm. Buget<\/td><td>Plata transa II pentru \u015fomeri<\/td><\/tr><tr><td>Serviciu Adm. Buget<\/td><td>Necesar deschideri de credite bugetare<\/td><\/tr><tr><td>Serviciu Adm. Buget<\/td><td>Declara\u0163ia 112 salaria\u0163i<\/td><\/tr><tr><td>Serviciu Administrare&nbsp; Buget<\/td><td>Declara\u0163ia 112 \u015fomeri<\/td><\/tr><tr><td>Serviciu Adm. Buget<\/td><td>Centralizatorul concediilor medicale<\/td><\/tr><tr><td>Serviciu Adm. Buget<\/td><td>Raport privind activitatea de control financiar preventiv ( trimestrial )<\/td><\/tr><tr><td>Serviciu Adm. Buget<\/td><td>Formular \u2013 F1115 \u2013 Executie Non-Trezor<\/td><\/tr><tr><td>Serviciu Adm. Buget<\/td><td>Formular \u2013 F1102 \u2013 Balanta de verificare<\/td><\/tr><tr><td>Serviciu Adm. Buget<\/td><td>Formular \u2013 F1118 \u2013 Plati restante si situatia numarului de posturi<\/td><\/tr><tr><td>Serviciu Adm. Buget<\/td><td>Formular \u2013 F1114 \u2013 Situatia platilor efectuate si a sumelor declarate pentru cota parte aferenta cheltuielilor finantate din FEN postaderare (trimestrial )<\/td><\/tr><tr><td>Serviciu Adm. Buget<\/td><td>Formular \u2013F1122\u2013Situatia platilor efectuate la titlul 56 \u201c Proiecte cu finantare externa nerambursabile&nbsp; (trimestrial)<\/td><\/tr><tr><td>Serviciu Adm. Buget<\/td><td>Formular\u2013F1123\u2013Situatia platilor efectuate la titlul 65 \u201c Cheltuieli aferenta programelor cu finantare rambursabila (trimestrial)<\/td><\/tr><tr><td>Serviciu Adm. Buget<\/td><td>Formular \u2013F1125\u2013Situatia activelor si datoriilor financiare ale institutiilor publice-anexa 40C(trimestrial )<\/td><\/tr><tr><td>Serviciu Adm. Buget<\/td><td>Formular \u2013 F1105 \u2013 Situatia activelor fixe corporale \u2013 amortizabile si neamortizabile ( anual )<\/td><\/tr><tr><td>Serviciu Adm. Buget<\/td><td>Formular \u2013 F1107 \u2013 Situatia activelor fixe necorporale \u2013 amortizabile si neamortizabile ( anual )<\/td><\/tr><tr><td>Serviciu Adm. Buget<\/td><td>Formular \u2013 F1110 \u2013 Situatia modificarilor in structura activelor nete\/capitalurilor proprii ( anual )<\/td><\/tr><tr><td>Serviciu Adm. Buget<\/td><td>Formular \u2013 F1111 \u2013 Situatia actiunilor detinute de institutiile publice, in numele statului roman, la societati comerciale, societati\/companii nationale precum si in capitalul unor organisme internationale si companii straine ( anual )<\/td><\/tr><tr><td>Serviciu Adm. Buget<\/td><td>Formular \u2013 F1113 \u2013 Situatia stocurilor&nbsp;&nbsp;&nbsp;&nbsp;&nbsp;&nbsp;&nbsp; ( anual )<\/td><\/tr><tr><td>Serviciu Adm. Buget<\/td><td>Formular \u2013 F1127 \u2013 Balanta deschisa luna 12 (anual)<\/td><\/tr><tr><td>Serviciu Adm. Buget<\/td><td>Anexa 10 \u2013 Cerere pentru recuperarea sumelor aferente concediilor medicale<\/td><\/tr><tr><td>Serviciu Adm. Buget<\/td><td>Situatiile financiare privind executia bugetului asigurarilor pentru somaj&nbsp;&nbsp;&nbsp;&nbsp;&nbsp;&nbsp;&nbsp;&nbsp;&nbsp;&nbsp; ( trimestrial )<\/td><\/tr><tr><td>Serviciu Adm. Buget<\/td><td>Ajutoarele de stat acordate ( anual )<\/td><\/tr><tr><td>Serviciu Adm. Buget<\/td><td>Drepturi neridicate<\/td><\/tr><tr><td>CFPA<\/td><td>Anexa 1, situa\u0163ia privind num\u0103rul cursurilor de FP<\/td><\/tr><tr><td>CFPA<\/td><td>Anexa 2, situa\u0163ia privind num\u0103rul cursurilor de FP, detaliata<\/td><\/tr><tr><td>CFPA<\/td><td>Anexa 2a, situa\u0163ie privind procentul \u015fomerilor \u00eencadra\u0163i din cursurile organizate in perioada 01.01.2014&nbsp; &#8211; 31.12.2014<\/td><\/tr><tr><td>CFPA<\/td><td>Anexa 2b, situa\u0163ie privind procentul \u015fomerilor \u00eencadra\u0163i din cursurile organizate de AJOFM SIBIU, \u00eencepute in anul 2012, finalizate in anul 2013&nbsp; si aflate in monitorizare in anul curent<\/td><\/tr><tr><td>CFPA<\/td><td>Anexa 2b1, situa\u0163ie privind procentul \u015fomerilor \u00eencadra\u0163i din cursurile organizate de AJOFM SIBIU in anul anterior si aflate in desf\u0103\u015furare,monitorizare in anul curent<\/td><\/tr><tr><td>CFPA<\/td><td>Anexa 3, Situa\u0163ia privind nr beneficiarilor de servicii gratuite de formare profesional\u0103, al\u0163ii dec\u00e2t \u015fomerii<\/td><\/tr><tr><td>CFPA<\/td><td>Anexa 4, situa\u0163ia privind num\u0103rul persoanelor cuprinse la cursuri organizate de AJOFM SIBIU&nbsp; in anul trecut si aflate in desf\u0103\u015furare in anul curent<\/td><\/tr><tr><td>CFPA<\/td><td>Anexa 5, sit. Privind nr. Persoanelor cuprinse la cursuri de formare care nu beneficiaz\u0103 de gratuitate<\/td><\/tr><tr><td>CFPA<\/td><td>Anexa 6, situa\u0163ia privind num\u0103rul persoanelor beneficiare de servicii gratuite de evaluare si certificare a competentelor<\/td><\/tr><tr><td>CFPA<\/td><td>Anexa 7, situa\u0163ia contractelor de ucenicie realizate<\/td><\/tr><tr><td>CFPA<\/td><td>Anexa 1, situatia campaniilor de informare privind formarea profesionala prin ucenicie<\/td><\/tr><tr><td>CFPA<\/td><td>Anexa 2, situatia contractelor de ucenicie si a conventiilor incheiate<\/td><\/tr><tr><td>CFPA<\/td><td>Anexa 3, modificari ale planului de formare profesionala pe anul curent<\/td><\/tr><tr><td>CFPA<\/td><td>Prognoza cursurilor<\/td><\/tr><tr><td>Audit public intern<\/td><td>Raport activitate audit public intern<\/td><\/tr><tr><td>Audit public intern<\/td><td>Raport activitate audit public intern<\/td><\/tr><tr><td>Audit public intern<\/td><td>Proiect Plan \/anual activitatea de audit public intern<\/td><\/tr><tr><td>Audit public intern<\/td><td>Rapoarte de audit ad-hoc de asigurare<\/td><\/tr><tr><td>Ag local\u0103 Sb<\/td><td>Machet\u0103 informare \u015fi consiliere profesional\u0103<\/td><\/tr><tr><td>Ag local\u0103 Sb<\/td><td>Machet\u0103 informare \u015fi consiliere profesional\u0103 \u2013 furnizori<\/td><\/tr><tr><td>Ag local\u0103 Sb<\/td><td>Machet\u0103 consiliere \u015fi mediere persoane cu dizabilit\u0103\u0163i<\/td><\/tr><tr><td>Ag local\u0103 Sb<\/td><td>Raportare ac\u0163iuni persoane cu handicap<\/td><\/tr><tr><td>Ag local\u0103 Sb<\/td><td>Raportare ac\u0163iuni \u015fcoli<\/td><\/tr><tr><td>Ag local\u0103 Sb<\/td><td>Raportare programul A doua \u015fans\u0103<\/td><\/tr><tr><td>Ag local\u0103 Sb<\/td><td>Pla\u0163i mandate \u015fomeri indemniza\u0163i<\/td><\/tr><tr><td>Ag locala<\/td><td>Situatia formularelor europene emise U2<\/td><\/tr><tr><td>Ag local\u0103 Sb<\/td><td>Planul de Ac\u0163iune 2017-2020 pentru implementarea Strategiei Jude\u0163ene Antidrog 2013- 2020<\/td><\/tr><tr><td>Ag local\u0103 Sb<\/td><td>Informa\u0163ii cu privire la posibilitatea organiz\u0103rii unor cursuri \u015fi programe de reintegrare social\u0103<\/td><\/tr><tr><td>Ag local\u0103 Sb<\/td><td>Planul jude\u0163ean de m\u0103suri pentru incluziunea ceta\u0163enilor rom\u00e2ni apartin\u00e2nd minorita\u0163ii rome<\/td><\/tr><tr><td>Ag local\u0103 Sb<\/td><td>Informa\u0163ii cu privire la posibilitatea org. unor cursuri de formare profes. \u015fi programe de reintegrare social\u0103<\/td><\/tr><tr><td>RUS<\/td><td>Situa\u0163ii resurse umane<\/td><\/tr><tr><td>RUS<\/td><td>Raportare cod conduit\u0103<\/td><\/tr><tr><td>RUS<\/td><td>Situatii statistice<\/td><\/tr><tr><td>RUS<\/td><td>Situatie formare profesional\u0103 personal propriu<\/td><\/tr><tr><td>RUS<\/td><td>Formularul F500<\/td><\/tr><tr><td>Comunicare<\/td><td>Comunicate de pres\u0103<\/td><\/tr><tr><td>Comunicare<\/td><td>R\u0103spunsuri la solicit\u0103rile mass-media<\/td><\/tr><tr><td>Comunicare<\/td><td>Materiale pentru site<\/td><\/tr><tr><td>Comunicare<\/td><td>Raport &nbsp;mass media<\/td><\/tr><tr><td>Comunicare<\/td><td>Raport &nbsp;consiliu consultativ<\/td><\/tr><tr><td>Comunicare<\/td><td>Raport de evaluare L 544\/2001<\/td><\/tr><tr><td>Comunicare<\/td><td>R\u0103spunsuri solicit\u0103ri Legea 544\/2001<\/td><\/tr><tr><td>Comunicare<\/td><td>Registru cuprinz\u00e2nd cererile \u015fi r\u0103spunsurile la solicitarile \u00een baza Legii 544\/2001 privind liberul acces la informa\u0163iile de interes public cu modific\u0103rile \u015fi complet\u0103rile ulterioare<\/td><\/tr><tr><td>Comunicare<\/td><td>&nbsp;Buletin informativ \u00eentocmit conform prevederilor art.5, alin. 2 din Legea 544\/ 2001 cu modificarile \u015fi completarile ulterioare; &nbsp;<\/td><\/tr><tr><td>Comunicare<\/td><td>Raport anual activitate AJOFM Sibiu<\/td><\/tr><tr><td>Secretariat CC<\/td><td>Ordine de zi Consiliul Consultativ<\/td><\/tr><tr><td>Secretariat CC<\/td><td>Invitatie membri Consiliul Consultativ<\/td><\/tr><tr><td>Secretariat CC<\/td><td>Proces verbal Consililu Consultativ<\/td><\/tr><tr><td>Control&nbsp; \u00eendeplinire m\u0103suri asiguratorii \u015fi executare silit\u0103<\/td><td>Raport activitate<\/td><\/tr><tr><td>Control&nbsp; \u00eendeplinire m\u0103suri asiguratorii \u015fi executare silit\u0103<\/td><td>Anexa 2, Monitorizare, acreditare furnizori servicii specializate pentru ocuparea fortei de munc\u0103<\/td><\/tr><tr><td>SCIM<\/td><td>Situatie centralizatoare semestriala\/anuala privind stadiul implementarii si dezvoltarii SCIM &nbsp;Anexa 3<\/td><\/tr><tr><td>SCIM<\/td><td>Act de decizie intern[ a structurii cu atributii privind monitorizarea, coordonarea si indrumarea metodologica a implementarii si\/sau dezvoltarii SCIM<\/td><\/tr><tr><td>SCIM<\/td><td>Prog. de dezvoltare a SCIM elaborat si actualizat<\/td><\/tr><tr><td>SCIM<\/td><td>Situatia sintetica a rezultatelor autoevaluarii la 31.12.20xx Anexa 4.2<\/td><\/tr><tr><td>SCIM<\/td><td>Chestionar de autoevaluare a stadiului de implementare a standardelor de SCIM la 31.12.20xx<\/td><\/tr><tr><td>SCIM<\/td><td>Raportul asupra SCIM 31.12.20xx<\/td><\/tr><tr><td>AJOFM<\/td><td>Tabel cu persoanele incadrate in munca care au plecat cu contract de munca in strainatate, au refuzat L.M sau curs&nbsp;<\/td><\/tr><tr><td>AJOFM<\/td><td>Raportare situatie cetateni romani reintorsi in tara<\/td><\/tr><\/tbody><\/table><\/figure>\n","protected":false},"excerpt":{"rendered":"<p>LISTA DOCUMENTELOR PRODUSE \/ SAU GESTIONATE DE AGEN\u0162IA JUDE\u0162EANA PENTRU OCUPAREA FOR\u0162EI DE MUNC\u0102 SIBIU Compartiment Denumire&nbsp; document Birou APMES Program Jude\u0163ean de Ocupare a For\u0163ei de Munc\u0103&nbsp; &#8211; total<\/p>\n","protected":false},"author":1,"featured_media":0,"parent":0,"menu_order":290,"comment_status":"closed","ping_status":"closed","template":"template-parts\/content-with-sidebar.php","meta":{"footnotes":""},"class_list":["post-2209","page","type-page","status-publish","hentry"],"_links":{"self":[{"href":"https:\/\/www.anofm.ro\/sibiu\/wp-json\/wp\/v2\/pages\/2209","targetHints":{"allow":["GET"]}}],"collection":[{"href":"https:\/\/www.anofm.ro\/sibiu\/wp-json\/wp\/v2\/pages"}],"about":[{"href":"https:\/\/www.anofm.ro\/sibiu\/wp-json\/wp\/v2\/types\/page"}],"author":[{"embeddable":true,"href":"https:\/\/www.anofm.ro\/sibiu\/wp-json\/wp\/v2\/users\/1"}],"replies":[{"embeddable":true,"href":"https:\/\/www.anofm.ro\/sibiu\/wp-json\/wp\/v2\/comments?post=2209"}],"version-history":[{"count":1,"href":"https:\/\/www.anofm.ro\/sibiu\/wp-json\/wp\/v2\/pages\/2209\/revisions"}],"predecessor-version":[{"id":3154,"href":"https:\/\/www.anofm.ro\/sibiu\/wp-json\/wp\/v2\/pages\/2209\/revisions\/3154"}],"wp:attachment":[{"href":"https:\/\/www.anofm.ro\/sibiu\/wp-json\/wp\/v2\/media?parent=2209"}],"curies":[{"name":"wp","href":"https:\/\/api.w.org\/{rel}","templated":true}]}}