{"id":2159,"date":"2023-12-14T22:54:01","date_gmt":"2023-12-14T20:54:01","guid":{"rendered":"https:\/\/www.anofm.ro\/misiune\/"},"modified":"2024-01-23T19:21:28","modified_gmt":"2024-01-23T17:21:28","slug":"misiune","status":"publish","type":"page","link":"https:\/\/www.anofm.ro\/sibiu\/misiune\/","title":{"rendered":"Misiune"},"content":{"rendered":"\n<p>Misiunea Agen\u0163iei Jude\u0163ene pentru Ocuparea For\u0163ei de Munc\u0103 Sibiu ( A.J.O.F.M. Sibiu)&nbsp; este de a&nbsp; reduce, preveni \u015fi combate efectele sociale nefavorabile ale \u015fomajului prin implementarea unor m\u0103suri active de stimulare at\u00e2t a persoanelor aflate \u00een c\u0103utarea unui loc de munc\u0103 c\u00e2t \u015fi a angajatorilor .<\/p>\n","protected":false},"excerpt":{"rendered":"<p>Misiunea Agen\u0163iei Jude\u0163ene pentru Ocuparea For\u0163ei de Munc\u0103 Sibiu ( A.J.O.F.M. Sibiu)&nbsp; este de a&nbsp; reduce, preveni \u015fi combate efectele sociale nefavorabile ale \u015fomajului prin implementarea unor m\u0103suri active de<\/p>\n","protected":false},"author":1,"featured_media":0,"parent":0,"menu_order":40,"comment_status":"closed","ping_status":"closed","template":"template-parts\/content-with-sidebar.php","meta":{"footnotes":""},"class_list":["post-2159","page","type-page","status-publish","hentry"],"_links":{"self":[{"href":"https:\/\/www.anofm.ro\/sibiu\/wp-json\/wp\/v2\/pages\/2159","targetHints":{"allow":["GET"]}}],"collection":[{"href":"https:\/\/www.anofm.ro\/sibiu\/wp-json\/wp\/v2\/pages"}],"about":[{"href":"https:\/\/www.anofm.ro\/sibiu\/wp-json\/wp\/v2\/types\/page"}],"author":[{"embeddable":true,"href":"https:\/\/www.anofm.ro\/sibiu\/wp-json\/wp\/v2\/users\/1"}],"replies":[{"embeddable":true,"href":"https:\/\/www.anofm.ro\/sibiu\/wp-json\/wp\/v2\/comments?post=2159"}],"version-history":[{"count":1,"href":"https:\/\/www.anofm.ro\/sibiu\/wp-json\/wp\/v2\/pages\/2159\/revisions"}],"predecessor-version":[{"id":3141,"href":"https:\/\/www.anofm.ro\/sibiu\/wp-json\/wp\/v2\/pages\/2159\/revisions\/3141"}],"wp:attachment":[{"href":"https:\/\/www.anofm.ro\/sibiu\/wp-json\/wp\/v2\/media?parent=2159"}],"curies":[{"name":"wp","href":"https:\/\/api.w.org\/{rel}","templated":true}]}}