{"id":2209,"date":"2023-12-14T22:54:02","date_gmt":"2023-12-14T20:54:02","guid":{"rendered":"https:\/\/www.anofm.ro\/lista-documentelor-produse-gestionate\/"},"modified":"2025-02-25T11:09:05","modified_gmt":"2025-02-25T09:09:05","slug":"lista-documentelor-produse-gestionate","status":"publish","type":"page","link":"https:\/\/www.anofm.ro\/satu-mare\/lista-documentelor-produse-gestionate\/","title":{"rendered":"Lista documentelor produse\/gestionate"},"content":{"rendered":"\n<p><strong>Lista cuprinz\u00e2nd categoriile de documente produse \u015fi\/sau<\/strong><\/p>\n\n\n\n<p><strong>gestionate potrivit legii, de Agen\u0163ia Judeteana pentru Ocuparea<\/strong><\/p>\n\n\n\n<p><strong>For\u0163ei de Munc\u0103 Satu Mare<\/strong><\/p>\n\n\n\n<p>&#8211; Programul anual de ocupare a for\u021bei de munc\u0103 al AJOFM SATU MARE, care con\u021bine \u0219i Programul de ocupare a tinerilor cu risc de marginalizare social\u0103;<\/p>\n\n\n\n<p>&#8211; Planul anual de formare profesional\u0103 a persoanelor aflate \u00een c\u0103utare de loc de<\/p>\n\n\n\n<p>munc\u0103;<\/p>\n\n\n\n<p>&#8211; Prognoza cursurilor de formare profesional\u0103 ;<\/p>\n\n\n\n<p>&#8211; Stadiul lunar al programului de ocupare a for\u021bei de munc\u0103;<\/p>\n\n\n\n<p>&#8211; Stadiul lunar al realiz\u0103rii planului de formare profesional\u0103;<\/p>\n\n\n\n<p>&#8211; Situa\u021bia statistic\u0103 a \u0219omajului \u00eenregistrat, lunar;<\/p>\n\n\n\n<p>&#8211; Situa\u021bia burselor locurilor de munc\u0103 organizate la nivelul AJOFM SM \u0219i la cererea pie\u021bei muncii\/ anun\u021buri \u0219i rezultate, dup\u0103 caz;<\/p>\n\n\n\n<p>&#8211; Registrul unic de eviden\u021b\u0103 a \u00eentreprinderilor sociale, actualizat lunar;<\/p>\n\n\n\n<p>&#8211; Materiale, rapoarte, analize cu privire la activitatea de ocupare \u0219i de formare<\/p>\n\n\n\n<p>profesional\u0103;<\/p>\n\n\n\n<p>&#8211; Situa\u021bia locurilor de munc\u0103 \u00een Spa\u021biul Economic European, prin re\u021beaua EURES;<\/p>\n\n\n\n<p>&#8211; Registrul Na\u021bional al furnizorilor de servicii specializate penttu stimularea ocup\u0103rii<\/p>\n\n\n\n<p>for\u021bei de munc\u0103;<\/p>\n\n\n\n<p>&#8211; Protocoale de colaborare cu diferite autorit\u0103\u021bi \u0219i institu\u021bii publice;<\/p>\n\n\n\n<p>&#8211; Proceduri opera\u0163ionale \u015fi de sistem;<\/p>\n\n\n\n<p>&#8211; Regulamentul propriu de organizare \u015fi func\u0163ionare al AJOFM SATU MARE;<\/p>\n\n\n\n<p>&#8211; Regulamentul intern al AJOFM SATU MARE;<\/p>\n\n\n\n<p>&#8211; Comunicate de pres\u0103;<\/p>\n\n\n\n<p>&#8211; Materiale pentru site;<\/p>\n\n\n\n<p>&#8211; R\u0103spunsuri la peti\u021bii, interpel\u0103ri, solicit\u0103ri de informa\u021bii de interes public;<\/p>\n\n\n\n<p>&#8211; Rapoarte lunare \u015fi anuale privind activitatea desf\u0103\u015furat\u0103 \u00een mass -media de Agen\u0163ia<\/p>\n\n\n\n<p>Judeteana pentru Ocuparea For\u0163ei de Munc\u0103 Satu Mare<\/p>\n\n\n\n<p>&#8211; Documente \u00een vederea angaj\u0103rii, \u00eencet\u0103rii raporturilor de serviciu \u015fi de munc\u0103 \u00een<\/p>\n\n\n\n<p>agen\u0163ie, adeverin\u0163e;<\/p>\n\n\n\n<p>&#8211; Comunic\u0103ri referitoare la: \u00eencadr\u0103ri, avans\u0103ri, promov\u0103ri, eliber\u0103ri din func\u0163ie,<\/p>\n\n\n\n<p>sanc\u0163ion\u0103ri, pension\u0103ri;<\/p>\n\n\n\n<p>&#8211; Declara\u021bii de avere\/interese;<\/p>\n\n\n\n<p>&#8211; Decizii ale directorului exevutiv al AJOFM SATU MARE;<\/p>\n\n\n\n<p>&#8211; Programul de control m\u0103suri active;<\/p>\n\n\n\n<p>&#8211; Buletin informativ \u00eentocmit conform art. 5 alin. (2) din Legea nr. 544\/2001, privind<\/p>\n\n\n\n<p>liberul acces la informa\u0163iile de interes public, cu modific\u0103rile \u015fi complet\u0103rile<\/p>\n\n\n\n<p>ulterioare;<\/p>\n\n\n\n<p>&#8211; Raport anual privind implementarea Legii nr. 544\/2001;<\/p>\n\n\n\n<p>&#8211; Registrul cuprinz\u00e2nd cererile \u015fi r\u0103spunsurile la solicit\u0103rile formulate \u00een baza Legii nr.544\/2001, privind liberul acces la informa\u0163iile de interes public<p class=\"MsoNormal\" style=\"margin:0cm\"><\/p><p class=\"MsoNormal\" style=\"margin:0cm\"><\/p><p class=\"MsoNormal\" style=\"margin:0cm\"><\/p><\/p>\n\n\n\n<p><\/p>\n","protected":false},"excerpt":{"rendered":"<p>Lista cuprinz\u00e2nd categoriile de documente produse \u015fi\/sau gestionate potrivit legii, de Agen\u0163ia Judeteana pentru Ocuparea For\u0163ei de Munc\u0103 Satu Mare &#8211; Programul anual de ocupare a for\u021bei de munc\u0103 al<\/p>\n","protected":false},"author":1,"featured_media":0,"parent":0,"menu_order":290,"comment_status":"closed","ping_status":"closed","template":"template-parts\/content-with-sidebar.php","meta":{"footnotes":""},"class_list":["post-2209","page","type-page","status-publish","hentry"],"_links":{"self":[{"href":"https:\/\/www.anofm.ro\/satu-mare\/wp-json\/wp\/v2\/pages\/2209","targetHints":{"allow":["GET"]}}],"collection":[{"href":"https:\/\/www.anofm.ro\/satu-mare\/wp-json\/wp\/v2\/pages"}],"about":[{"href":"https:\/\/www.anofm.ro\/satu-mare\/wp-json\/wp\/v2\/types\/page"}],"author":[{"embeddable":true,"href":"https:\/\/www.anofm.ro\/satu-mare\/wp-json\/wp\/v2\/users\/1"}],"replies":[{"embeddable":true,"href":"https:\/\/www.anofm.ro\/satu-mare\/wp-json\/wp\/v2\/comments?post=2209"}],"version-history":[{"count":2,"href":"https:\/\/www.anofm.ro\/satu-mare\/wp-json\/wp\/v2\/pages\/2209\/revisions"}],"predecessor-version":[{"id":4560,"href":"https:\/\/www.anofm.ro\/satu-mare\/wp-json\/wp\/v2\/pages\/2209\/revisions\/4560"}],"wp:attachment":[{"href":"https:\/\/www.anofm.ro\/satu-mare\/wp-json\/wp\/v2\/media?parent=2209"}],"curies":[{"name":"wp","href":"https:\/\/api.w.org\/{rel}","templated":true}]}}