{"id":2163,"date":"2023-12-14T22:54:01","date_gmt":"2023-12-14T20:54:01","guid":{"rendered":"https:\/\/www.anofm.ro\/conducere\/"},"modified":"2025-04-22T13:59:02","modified_gmt":"2025-04-22T10:59:02","slug":"conducere","status":"publish","type":"page","link":"https:\/\/www.anofm.ro\/mures\/conducere\/","title":{"rendered":"Conducere"},"content":{"rendered":"\n<h2 class=\"wp-block-heading\">Conducere<\/h2>\n\n\n\n<div class=\"file-list-wrap\"><p class=\"h4\">Documente desc\u0103rcabile<\/p><ul class=\"file-list\">\n\n\n<li><a href=\"https:\/\/www.anofm.ro\/mures\/wp-content\/uploads\/sites\/30\/2025\/04\/CV-STEF-GHEORGHE.pdf\" download>CV-STEF-GHEORGHE.pdf<\/a><\/li>\n<\/ul><\/div>\n\n\n\t\t\t\t\t<div class=\"team-member\">\n\t\t\t\t\t\t<div class=\"team-member-details\">\n\n\t\t\t\t\t\t\t\t\t\t\t\t\t\t<h2>\n\t\t\t\t\t\t\t\tStef Gheorghe\t\t\t\t\t\t\t\t<\/h2>\n\t\t\t\t\t\t\t\t\t\t\t\t\t\t\t\t\t<p class=\"h4\">Director<\/p>\n\t\t\t\t\t\t\t\t\t\n\t\t\t\t\t\t<\/div>\n\t\t\t\t\t<\/div>\n\t\t\t\t\t\t\t\t\t<div class=\"team-member\">\n\t\t\t\t\t\t<div class=\"team-member-details\">\n\n\t\t\t\t\t\t\t\t\t\t\t\t\t\t<h2>\n\t\t\t\t\t\t\t\tBogdan Elisabeta\t\t\t\t\t\t\t\t<\/h2>\n\t\t\t\t\t\t\t\t\t\t\t\t\t\t\t\t\t<p class=\"h4\">Director Adjunct<\/p>\n\t\t\t\t\t\t\t\t\t\n\t\t\t\t\t\t<\/div>\n\t\t\t\t\t<\/div>\n\t\t\t\t\n\n\n<div class=\"file-list-wrap\"><p class=\"h4\">Documente desc\u0103rcabile<\/p><ul class=\"file-list\">\n<li><a href=\"https:\/\/www.anofm.ro\/mures\/wp-content\/uploads\/sites\/30\/2025\/04\/CV-Elisabeta-Bogdan.pdf\" download>CV-Elisabeta-Bogdan.pdf<\/a><\/li>\n<\/ul><\/div>\n\n\n\n<h2 class=\"wp-block-heading\">Consiliu consultativ<\/h2>\n\n\n\n<figure class=\"wp-block-table alignleft\"><table><tbody><tr><td><strong>Nr. crt.<\/strong><\/td><td><strong>Nume \u0219i prenume<\/strong><\/td><td><strong>Institu\u021bia reprezentat\u0103<\/strong><\/td><\/tr><tr><td>1<\/td><td>D\u0102R\u0102BAN PAULA MARIA<\/td><td>INSPECTORATUL \u015eCOLAR JUDETEAN MURES<\/td><\/tr><tr><td>2<\/td><td>R\u0102DU\u021a VIOREL-CRISTIAN<\/td><td>AGENTIA JUDETEANA PENTRU PLATI SI INSPECTIE SOCIALA MURES<\/td><\/tr><tr><td>3<\/td><td>OLAR LILIANA<\/td><td>INSTITUTIA PREFECTULUI JUDE\u021aUL&nbsp; MURES<\/td><\/tr><tr><td>4<\/td><td>LASLO IOAN CLAUDIU<\/td><td>ADMINISTRA\u021aIA JUDE\u021aEANA A FINAN\u021aELOR PUBLICE MURE\u0218<\/td><\/tr><tr><td>5<\/td><td>POPA ELENA<\/td><td>CONSILIUL JUDETEAN MURES<\/td><\/tr><tr><td>6<\/td><td>SIMONA NEAGA<\/td><td>BLOCUL NATIONAL SINDICAL \u2013B.N.S.<\/td><\/tr><tr><td>7<\/td><td>CHERTES ALEXANDRU<\/td><td>CONFEDERA\u021aIA SINDICATELOR DEMOCRATICE DIN ROMANIA \u2013 C.S.D.R.<\/td><\/tr><tr><td>8<\/td><td>COCIS CALIN ORLANDO<\/td><td>CONFEDERA\u021aIA NA\u021aIONALA A SINDICATELOR LIBERE DIN ROMANIA&nbsp; \u00abFRATIA\u00bb &#8211; C.N.S.L.R. FRA\u021aIA<\/td><\/tr><tr><td>9<\/td><td>MARKOS GYORGY<\/td><td>CONFEDERA\u021aIA NA\u021aIONALA SINDICALA \u00ab&nbsp;CARTEL ALFA&nbsp;\u00bb &#8211; C.N.S. \u00ab&nbsp;CARTEL ALFA&nbsp;\u00bb<\/td><\/tr><tr><td>10<\/td><td>BUZAN FLORIAN<\/td><td>CONFEDERA\u021aIA SINDICALA NATIONALA \u00abMERIDIAN\u00bb &#8211; C.S.N. \u00ab&nbsp;MERIDIAN\u00bb<\/td><\/tr><tr><td>11<\/td><td>NICOARA BOGDAN&nbsp;STEFAN<\/td><td>CONSILIUL NA\u021aIONAL AL \u00ceNTREPRINDERILOR PRIVATE MICI \u0218I MIJLOCII DIN ROMANIA \u2013 C.N.I.P.M.M.R.<\/td><\/tr><tr><td>12<\/td><td>RADU BALANEAN<\/td><td>CONSILIUL NA\u021aIONAL AL \u00ceNTREPRINDERILOR PRIVATE MICI \u0218I MIJLOCII DIN ROMANIA \u2013 C.N.I.P.M.M.R.<\/td><\/tr><tr><td>13<\/td><td>ROMULUS FLORIN SUTEU<\/td><td>CONFEDERA\u021aIA PATRONALA CONCORDIA \u2013 C.P. CONCORDIA<\/td><\/tr><tr><td>14<\/td><td>IOAN MOLDOVAN<\/td><td>CONFEDERA\u021aIA PATRONALA CONCORDIA \u2013 C.P. CONCORDIA<\/td><\/tr><tr><td>15<\/td><td>BUCUR RODICA<\/td><td>CONFEDERA\u021aIA PATRONALA CONCORDIA \u2013 C.P. CONCORDIA<\/td><\/tr><\/tbody><\/table><\/figure>\n\n\n\n<h2 class=\"wp-block-heading\">Agenda de lucru<\/h2>\n\n\n\t\t\t\t<ul class=\"recentcontent\">\n\t\t\t\t\t\t\t\t\t<li>\n\t\t\t\t\t\t<a href=\"https:\/\/www.anofm.ro\/mures\/agenda-de-lucru-pentru-perioada-06-aprilie-09-aprilie-2026\/\">\n\t\t\t\t\t\t\t\t\t\t\t\t\t\t\t<img decoding=\"async\" src=\"https:\/\/www.anofm.ro\/mures\/wp-content\/plugins\/anofm-custom-post-types\/assets\/images\/placeholder-thumb.png\" alt=\"\">\n\t\t\t\t\t\t\t\t\t\t\t\t\t\t\t\t<p class=\"h4\">Agenda de lucru pentru perioada 06 APRILIE \u2013 09 APRILIE 2026<\/p>\n\t\t\t\t\t\t\t\t\t\t\t\t\t\t\t<span>03\/04\/2026<\/span>\n\t\t\t\t\t\t<\/a>\n\t\t\t\t\t<\/li>\n\t\t\t\t\t\t\t\t\t\t<li>\n\t\t\t\t\t\t<a href=\"https:\/\/www.anofm.ro\/mures\/agenda-de-lucru-pentru-perioada-23-martie-27-martie-2026\/\">\n\t\t\t\t\t\t\t\t\t\t\t\t\t\t\t<img decoding=\"async\" src=\"https:\/\/www.anofm.ro\/mures\/wp-content\/plugins\/anofm-custom-post-types\/assets\/images\/placeholder-thumb.png\" alt=\"\">\n\t\t\t\t\t\t\t\t\t\t\t\t\t\t\t\t<p class=\"h4\">Agenda de lucru pentru perioada 23 MARTIE \u2013 27 MARTIE 2026<\/p>\n\t\t\t\t\t\t\t\t\t\t\t\t\t\t\t<span>20\/03\/2026<\/span>\n\t\t\t\t\t\t<\/a>\n\t\t\t\t\t<\/li>\n\t\t\t\t\t\t\t\t\t\t<li>\n\t\t\t\t\t\t<a href=\"https:\/\/www.anofm.ro\/mures\/agenda-de-lucru-pentru-perioada-16-martie-20-martie-2026\/\">\n\t\t\t\t\t\t\t\t\t\t\t\t\t\t\t<img decoding=\"async\" src=\"https:\/\/www.anofm.ro\/mures\/wp-content\/plugins\/anofm-custom-post-types\/assets\/images\/placeholder-thumb.png\" alt=\"\">\n\t\t\t\t\t\t\t\t\t\t\t\t\t\t\t\t<p class=\"h4\">Agenda de lucru pentru perioada 16 MARTIE \u2013 20 MARTIE 2026<\/p>\n\t\t\t\t\t\t\t\t\t\t\t\t\t\t\t<span>13\/03\/2026<\/span>\n\t\t\t\t\t\t<\/a>\n\t\t\t\t\t<\/li>\n\t\t\t\t\t\t\t\t\t\t<li>\n\t\t\t\t\t\t<a href=\"https:\/\/www.anofm.ro\/mures\/agenda-de-lucru-pentru-perioada-23-februarie-27-februarie-2026\/\">\n\t\t\t\t\t\t\t\t\t\t\t\t\t\t\t<img decoding=\"async\" src=\"https:\/\/www.anofm.ro\/mures\/wp-content\/plugins\/anofm-custom-post-types\/assets\/images\/placeholder-thumb.png\" alt=\"\">\n\t\t\t\t\t\t\t\t\t\t\t\t\t\t\t\t<p class=\"h4\">Agenda de lucru pentru perioada 23 FEBRUARIE \u2013 27 FEBRUARIE 2026<\/p>\n\t\t\t\t\t\t\t\t\t\t\t\t\t\t\t<span>20\/02\/2026<\/span>\n\t\t\t\t\t\t<\/a>\n\t\t\t\t\t<\/li>\n\t\t\t\t\t\t\t\t\t\t<li>\n\t\t\t\t\t\t<a href=\"https:\/\/www.anofm.ro\/mures\/agenda-de-lucru-pentru-perioada-16-februarie-20-februarie-2026\/\">\n\t\t\t\t\t\t\t\t\t\t\t\t\t\t\t<img decoding=\"async\" src=\"https:\/\/www.anofm.ro\/mures\/wp-content\/plugins\/anofm-custom-post-types\/assets\/images\/placeholder-thumb.png\" alt=\"\">\n\t\t\t\t\t\t\t\t\t\t\t\t\t\t\t\t<p class=\"h4\">Agenda de lucru pentru perioada 16 FEBRUARIE \u2013 20 FEBRUARIE 2026<\/p>\n\t\t\t\t\t\t\t\t\t\t\t\t\t\t\t<span>13\/02\/2026<\/span>\n\t\t\t\t\t\t<\/a>\n\t\t\t\t\t<\/li>\n\t\t\t\t\t\t\t\t\t\t<li>\n\t\t\t\t\t\t<a href=\"https:\/\/www.anofm.ro\/mures\/agenda-de-lucru-pentru-perioada-02-februarie-06-februarie-2026\/\">\n\t\t\t\t\t\t\t\t\t\t\t\t\t\t\t<img decoding=\"async\" src=\"https:\/\/www.anofm.ro\/mures\/wp-content\/plugins\/anofm-custom-post-types\/assets\/images\/placeholder-thumb.png\" alt=\"\">\n\t\t\t\t\t\t\t\t\t\t\t\t\t\t\t\t<p class=\"h4\">Agenda de lucru pentru perioada 02 FEBRUARIE \u2013 06 FEBRUARIE 2026<\/p>\n\t\t\t\t\t\t\t\t\t\t\t\t\t\t\t<span>30\/01\/2026<\/span>\n\t\t\t\t\t\t<\/a>\n\t\t\t\t\t<\/li>\n\t\t\t\t\t\t\t\t\t\t<li>\n\t\t\t\t\t\t<a href=\"https:\/\/www.anofm.ro\/mures\/agenda-de-lucru-pentru-perioada-26-ianuarie-30-ianuarie-2026\/\">\n\t\t\t\t\t\t\t\t\t\t\t\t\t\t\t<img decoding=\"async\" src=\"https:\/\/www.anofm.ro\/mures\/wp-content\/plugins\/anofm-custom-post-types\/assets\/images\/placeholder-thumb.png\" alt=\"\">\n\t\t\t\t\t\t\t\t\t\t\t\t\t\t\t\t<p class=\"h4\">Agenda de lucru pentru perioada 26 IANUARIE \u2013 30 IANUARIE 2026<\/p>\n\t\t\t\t\t\t\t\t\t\t\t\t\t\t\t<span>23\/01\/2026<\/span>\n\t\t\t\t\t\t<\/a>\n\t\t\t\t\t<\/li>\n\t\t\t\t\t\t\t\t\t\t<li>\n\t\t\t\t\t\t<a href=\"https:\/\/www.anofm.ro\/mures\/agenda-de-lucru-pentru-perioada-22-decembrie-24-decembrie-2025\/\">\n\t\t\t\t\t\t\t\t\t\t\t\t\t\t\t<img decoding=\"async\" src=\"https:\/\/www.anofm.ro\/mures\/wp-content\/plugins\/anofm-custom-post-types\/assets\/images\/placeholder-thumb.png\" alt=\"\">\n\t\t\t\t\t\t\t\t\t\t\t\t\t\t\t\t<p class=\"h4\">Agenda de lucru pentru perioada 22 DECEMBRIE \u2013 24 DECEMBRIE 2025<\/p>\n\t\t\t\t\t\t\t\t\t\t\t\t\t\t\t<span>19\/12\/2025<\/span>\n\t\t\t\t\t\t<\/a>\n\t\t\t\t\t<\/li>\n\t\t\t\t\t\t\t\t\t\t<li>\n\t\t\t\t\t\t<a href=\"https:\/\/www.anofm.ro\/mures\/agenda-de-lucru-pentru-perioada-15-decembrie-19-decembrie-2025\/\">\n\t\t\t\t\t\t\t\t\t\t\t\t\t\t\t<img decoding=\"async\" src=\"https:\/\/www.anofm.ro\/mures\/wp-content\/plugins\/anofm-custom-post-types\/assets\/images\/placeholder-thumb.png\" alt=\"\">\n\t\t\t\t\t\t\t\t\t\t\t\t\t\t\t\t<p class=\"h4\">Agenda de lucru pentru perioada 15 DECEMBRIE \u2013 19 DECEMBRIE 2025<\/p>\n\t\t\t\t\t\t\t\t\t\t\t\t\t\t\t<span>12\/12\/2025<\/span>\n\t\t\t\t\t\t<\/a>\n\t\t\t\t\t<\/li>\n\t\t\t\t\t\t\t\t\t\t<li>\n\t\t\t\t\t\t<a href=\"https:\/\/www.anofm.ro\/mures\/agenda-de-lucru-pentru-perioada-08-decembrie-12-decembrie-2025\/\">\n\t\t\t\t\t\t\t\t\t\t\t\t\t\t\t<img decoding=\"async\" src=\"https:\/\/www.anofm.ro\/mures\/wp-content\/plugins\/anofm-custom-post-types\/assets\/images\/placeholder-thumb.png\" alt=\"\">\n\t\t\t\t\t\t\t\t\t\t\t\t\t\t\t\t<p class=\"h4\">Agenda de lucru pentru perioada 08 DECEMBRIE \u2013 12 DECEMBRIE 2025<\/p>\n\t\t\t\t\t\t\t\t\t\t\t\t\t\t\t<span>05\/12\/2025<\/span>\n\t\t\t\t\t\t<\/a>\n\t\t\t\t\t<\/li>\n\t\t\t\t\t\t\t\t\t\t<li>\n\t\t\t\t\t\t<a href=\"https:\/\/www.anofm.ro\/mures\/agenda-de-lucru-pentru-perioada-24-noiembrie-28-noiembrie-2025\/\">\n\t\t\t\t\t\t\t\t\t\t\t\t\t\t\t<img decoding=\"async\" src=\"https:\/\/www.anofm.ro\/mures\/wp-content\/plugins\/anofm-custom-post-types\/assets\/images\/placeholder-thumb.png\" alt=\"\">\n\t\t\t\t\t\t\t\t\t\t\t\t\t\t\t\t<p class=\"h4\">Agenda de lucru pentru perioada 24 NOIEMBRIE \u2013 28 NOIEMBRIE 2025<\/p>\n\t\t\t\t\t\t\t\t\t\t\t\t\t\t\t<span>21\/11\/2025<\/span>\n\t\t\t\t\t\t<\/a>\n\t\t\t\t\t<\/li>\n\t\t\t\t\t\t\t\t\t\t<li>\n\t\t\t\t\t\t<a href=\"https:\/\/www.anofm.ro\/mures\/agenda-de-lucru-pentru-perioada-10-noiembrie-14-noiembrie-2025\/\">\n\t\t\t\t\t\t\t\t\t\t\t\t\t\t\t<img decoding=\"async\" src=\"https:\/\/www.anofm.ro\/mures\/wp-content\/plugins\/anofm-custom-post-types\/assets\/images\/placeholder-thumb.png\" alt=\"\">\n\t\t\t\t\t\t\t\t\t\t\t\t\t\t\t\t<p class=\"h4\">Agenda de lucru pentru perioada 10 NOIEMBRIE \u2013 14 NOIEMBRIE 2025<\/p>\n\t\t\t\t\t\t\t\t\t\t\t\t\t\t\t<span>07\/11\/2025<\/span>\n\t\t\t\t\t\t<\/a>\n\t\t\t\t\t<\/li>\n\t\t\t\t\t\t\t\t\t\t<li>\n\t\t\t\t\t\t<a href=\"https:\/\/www.anofm.ro\/mures\/agenda-de-lucru-pentru-perioada-03-noiembrie-07-noiembrie-2025\/\">\n\t\t\t\t\t\t\t\t\t\t\t\t\t\t\t<img decoding=\"async\" src=\"https:\/\/www.anofm.ro\/mures\/wp-content\/plugins\/anofm-custom-post-types\/assets\/images\/placeholder-thumb.png\" alt=\"\">\n\t\t\t\t\t\t\t\t\t\t\t\t\t\t\t\t<p class=\"h4\">Agenda de lucru pentru perioada 03 NOIEMBRIE \u2013 07 NOIEMBRIE 2025<\/p>\n\t\t\t\t\t\t\t\t\t\t\t\t\t\t\t<span>31\/10\/2025<\/span>\n\t\t\t\t\t\t<\/a>\n\t\t\t\t\t<\/li>\n\t\t\t\t\t\t\t\t\t\t<li>\n\t\t\t\t\t\t<a href=\"https:\/\/www.anofm.ro\/mures\/agenda-de-lucru-pentru-perioada-27-octombrie-31-octombrie-2025\/\">\n\t\t\t\t\t\t\t\t\t\t\t\t\t\t\t<img decoding=\"async\" src=\"https:\/\/www.anofm.ro\/mures\/wp-content\/plugins\/anofm-custom-post-types\/assets\/images\/placeholder-thumb.png\" alt=\"\">\n\t\t\t\t\t\t\t\t\t\t\t\t\t\t\t\t<p class=\"h4\">Agenda de lucru pentru perioada 27 OCTOMBRIE \u2013 31 OCTOMBRIE 2025<\/p>\n\t\t\t\t\t\t\t\t\t\t\t\t\t\t\t<span>24\/10\/2025<\/span>\n\t\t\t\t\t\t<\/a>\n\t\t\t\t\t<\/li>\n\t\t\t\t\t\t\t\t\t\t<li>\n\t\t\t\t\t\t<a href=\"https:\/\/www.anofm.ro\/mures\/agenda-de-lucru-pentru-perioada-20-octombrie-24-octombrie-2025\/\">\n\t\t\t\t\t\t\t\t\t\t\t\t\t\t\t<img decoding=\"async\" src=\"https:\/\/www.anofm.ro\/mures\/wp-content\/plugins\/anofm-custom-post-types\/assets\/images\/placeholder-thumb.png\" alt=\"\">\n\t\t\t\t\t\t\t\t\t\t\t\t\t\t\t\t<p class=\"h4\">Agenda de lucru pentru perioada 20 OCTOMBRIE \u2013 24 OCTOMBRIE 2025<\/p>\n\t\t\t\t\t\t\t\t\t\t\t\t\t\t\t<span>16\/10\/2025<\/span>\n\t\t\t\t\t\t<\/a>\n\t\t\t\t\t<\/li>\n\t\t\t\t\t\t\t\t\t\t<li>\n\t\t\t\t\t\t<a href=\"https:\/\/www.anofm.ro\/mures\/agenda-de-lucru-pentru-perioada-13-octombrie-17-octombrie-2025\/\">\n\t\t\t\t\t\t\t\t\t\t\t\t\t\t\t<img decoding=\"async\" src=\"https:\/\/www.anofm.ro\/mures\/wp-content\/plugins\/anofm-custom-post-types\/assets\/images\/placeholder-thumb.png\" alt=\"\">\n\t\t\t\t\t\t\t\t\t\t\t\t\t\t\t\t<p class=\"h4\">Agenda de lucru pentru perioada 13 OCTOMBRIE \u2013 17 OCTOMBRIE 2025<\/p>\n\t\t\t\t\t\t\t\t\t\t\t\t\t\t\t<span>10\/10\/2025<\/span>\n\t\t\t\t\t\t<\/a>\n\t\t\t\t\t<\/li>\n\t\t\t\t\t\t\t\t\t\t<li>\n\t\t\t\t\t\t<a href=\"https:\/\/www.anofm.ro\/mures\/agenda-de-lucru-pentru-perioada-06-octombrie-10-octombrie-2025\/\">\n\t\t\t\t\t\t\t\t\t\t\t\t\t\t\t<img decoding=\"async\" src=\"https:\/\/www.anofm.ro\/mures\/wp-content\/plugins\/anofm-custom-post-types\/assets\/images\/placeholder-thumb.png\" alt=\"\">\n\t\t\t\t\t\t\t\t\t\t\t\t\t\t\t\t<p class=\"h4\">Agenda de lucru pentru perioada 06 OCTOMBRIE \u2013 10 OCTOMBRIE 2025<\/p>\n\t\t\t\t\t\t\t\t\t\t\t\t\t\t\t<span>03\/10\/2025<\/span>\n\t\t\t\t\t\t<\/a>\n\t\t\t\t\t<\/li>\n\t\t\t\t\t\t\t\t\t\t<li>\n\t\t\t\t\t\t<a href=\"https:\/\/www.anofm.ro\/mures\/agenda-de-lucru-pentru-perioada-08-septembrie-12-septembrie-2025\/\">\n\t\t\t\t\t\t\t\t\t\t\t\t\t\t\t<img decoding=\"async\" src=\"https:\/\/www.anofm.ro\/mures\/wp-content\/plugins\/anofm-custom-post-types\/assets\/images\/placeholder-thumb.png\" alt=\"\">\n\t\t\t\t\t\t\t\t\t\t\t\t\t\t\t\t<p class=\"h4\">Agenda de lucru pentru perioada 08 SEPTEMBRIE \u2013 12 SEPTEMBRIE 2025<\/p>\n\t\t\t\t\t\t\t\t\t\t\t\t\t\t\t<span>05\/09\/2025<\/span>\n\t\t\t\t\t\t<\/a>\n\t\t\t\t\t<\/li>\n\t\t\t\t\t\t\t\t\t\t<li>\n\t\t\t\t\t\t<a href=\"https:\/\/www.anofm.ro\/mures\/agenda-de-lucru-pentru-perioada-25-august-29-august-2025\/\">\n\t\t\t\t\t\t\t\t\t\t\t\t\t\t\t<img decoding=\"async\" src=\"https:\/\/www.anofm.ro\/mures\/wp-content\/plugins\/anofm-custom-post-types\/assets\/images\/placeholder-thumb.png\" alt=\"\">\n\t\t\t\t\t\t\t\t\t\t\t\t\t\t\t\t<p class=\"h4\">Agenda de lucru pentru perioada 25 AUGUST \u2013 29 AUGUST 2025<\/p>\n\t\t\t\t\t\t\t\t\t\t\t\t\t\t\t<span>21\/08\/2025<\/span>\n\t\t\t\t\t\t<\/a>\n\t\t\t\t\t<\/li>\n\t\t\t\t\t\t\t\t\t\t<li>\n\t\t\t\t\t\t<a href=\"https:\/\/www.anofm.ro\/mures\/agenda-de-lucru-pentru-perioada-28-iulie-01-august-2025\/\">\n\t\t\t\t\t\t\t\t\t\t\t\t\t\t\t<img decoding=\"async\" src=\"https:\/\/www.anofm.ro\/mures\/wp-content\/plugins\/anofm-custom-post-types\/assets\/images\/placeholder-thumb.png\" alt=\"\">\n\t\t\t\t\t\t\t\t\t\t\t\t\t\t\t\t<p class=\"h4\">Agenda de lucru pentru perioada 28 IULIE \u2013 01 AUGUST 2025<\/p>\n\t\t\t\t\t\t\t\t\t\t\t\t\t\t\t<span>24\/07\/2025<\/span>\n\t\t\t\t\t\t<\/a>\n\t\t\t\t\t<\/li>\n\t\t\t\t\t\t\t\t\t\t<li>\n\t\t\t\t\t\t<a href=\"https:\/\/www.anofm.ro\/mures\/agenda-de-lucru-pentru-perioada-21-iulie-25-iulie-2025\/\">\n\t\t\t\t\t\t\t\t\t\t\t\t\t\t\t<img decoding=\"async\" src=\"https:\/\/www.anofm.ro\/mures\/wp-content\/plugins\/anofm-custom-post-types\/assets\/images\/placeholder-thumb.png\" alt=\"\">\n\t\t\t\t\t\t\t\t\t\t\t\t\t\t\t\t<p class=\"h4\">Agenda de lucru pentru perioada 21 IULIE \u2013 25 IULIE 2025<\/p>\n\t\t\t\t\t\t\t\t\t\t\t\t\t\t\t<span>21\/07\/2025<\/span>\n\t\t\t\t\t\t<\/a>\n\t\t\t\t\t<\/li>\n\t\t\t\t\t\t\t\t\t\t<li>\n\t\t\t\t\t\t<a href=\"https:\/\/www.anofm.ro\/mures\/agenda-de-lucru-pentru-perioada-14-iulie-18-iulie-2025\/\">\n\t\t\t\t\t\t\t\t\t\t\t\t\t\t\t<img decoding=\"async\" src=\"https:\/\/www.anofm.ro\/mures\/wp-content\/plugins\/anofm-custom-post-types\/assets\/images\/placeholder-thumb.png\" alt=\"\">\n\t\t\t\t\t\t\t\t\t\t\t\t\t\t\t\t<p class=\"h4\">Agenda de lucru pentru perioada 14 IULIE \u2013 18 IULIE 2025<\/p>\n\t\t\t\t\t\t\t\t\t\t\t\t\t\t\t<span>09\/07\/2025<\/span>\n\t\t\t\t\t\t<\/a>\n\t\t\t\t\t<\/li>\n\t\t\t\t\t\t\t\t\t\t<li>\n\t\t\t\t\t\t<a href=\"https:\/\/www.anofm.ro\/mures\/agenda-de-lucru-pentru-perioada-23-iunie-27-iunie-2025\/\">\n\t\t\t\t\t\t\t\t\t\t\t\t\t\t\t<img decoding=\"async\" src=\"https:\/\/www.anofm.ro\/mures\/wp-content\/plugins\/anofm-custom-post-types\/assets\/images\/placeholder-thumb.png\" alt=\"\">\n\t\t\t\t\t\t\t\t\t\t\t\t\t\t\t\t<p class=\"h4\">Agenda de lucru pentru perioada 23 IUNIE \u2013 27 IUNIE 2025<\/p>\n\t\t\t\t\t\t\t\t\t\t\t\t\t\t\t<span>20\/06\/2025<\/span>\n\t\t\t\t\t\t<\/a>\n\t\t\t\t\t<\/li>\n\t\t\t\t\t\t\t\t\t\t<li>\n\t\t\t\t\t\t<a href=\"https:\/\/www.anofm.ro\/mures\/agenda-de-lucru-pentru-perioada-26-mai-30-mai-2025\/\">\n\t\t\t\t\t\t\t\t\t\t\t\t\t\t\t<img decoding=\"async\" src=\"https:\/\/www.anofm.ro\/mures\/wp-content\/plugins\/anofm-custom-post-types\/assets\/images\/placeholder-thumb.png\" alt=\"\">\n\t\t\t\t\t\t\t\t\t\t\t\t\t\t\t\t<p class=\"h4\">Agenda de lucru pentru perioada 26 MAI \u2013 30 MAI 2025<\/p>\n\t\t\t\t\t\t\t\t\t\t\t\t\t\t\t<span>21\/05\/2025<\/span>\n\t\t\t\t\t\t<\/a>\n\t\t\t\t\t<\/li>\n\t\t\t\t\t\t\t\t\t\t<li>\n\t\t\t\t\t\t<a href=\"https:\/\/www.anofm.ro\/mures\/agenda-de-lucru-pentru-perioada-19-mai-23-mai-2025\/\">\n\t\t\t\t\t\t\t\t\t\t\t\t\t\t\t<img decoding=\"async\" src=\"https:\/\/www.anofm.ro\/mures\/wp-content\/plugins\/anofm-custom-post-types\/assets\/images\/placeholder-thumb.png\" alt=\"\">\n\t\t\t\t\t\t\t\t\t\t\t\t\t\t\t\t<p class=\"h4\">Agenda de lucru pentru perioada 19 MAI \u2013 23 MAI 2025<\/p>\n\t\t\t\t\t\t\t\t\t\t\t\t\t\t\t<span>21\/05\/2025<\/span>\n\t\t\t\t\t\t<\/a>\n\t\t\t\t\t<\/li>\n\t\t\t\t\t\t\t\t\t\t<li>\n\t\t\t\t\t\t<a href=\"https:\/\/www.anofm.ro\/mures\/agenda-de-lucru-pentru-perioada-28-aprilie-02-mai-2025\/\">\n\t\t\t\t\t\t\t\t\t\t\t\t\t\t\t<img decoding=\"async\" src=\"https:\/\/www.anofm.ro\/mures\/wp-content\/plugins\/anofm-custom-post-types\/assets\/images\/placeholder-thumb.png\" alt=\"\">\n\t\t\t\t\t\t\t\t\t\t\t\t\t\t\t\t<p class=\"h4\">Agenda de lucru pentru perioada 28 APRILIE \u2013 02 MAI 2025<\/p>\n\t\t\t\t\t\t\t\t\t\t\t\t\t\t\t<span>24\/04\/2025<\/span>\n\t\t\t\t\t\t<\/a>\n\t\t\t\t\t<\/li>\n\t\t\t\t\t\t\t\t\t\t<li>\n\t\t\t\t\t\t<a href=\"https:\/\/www.anofm.ro\/mures\/agenda-de-lucru-pentru-perioada-21-aprilie-25-aprilie-2025\/\">\n\t\t\t\t\t\t\t\t\t\t\t\t\t\t\t<img decoding=\"async\" src=\"https:\/\/www.anofm.ro\/mures\/wp-content\/plugins\/anofm-custom-post-types\/assets\/images\/placeholder-thumb.png\" alt=\"\">\n\t\t\t\t\t\t\t\t\t\t\t\t\t\t\t\t<p class=\"h4\">Agenda de lucru pentru perioada 21 APRILIE \u2013 25 APRILIE 2025<\/p>\n\t\t\t\t\t\t\t\t\t\t\t\t\t\t\t<span>17\/04\/2025<\/span>\n\t\t\t\t\t\t<\/a>\n\t\t\t\t\t<\/li>\n\t\t\t\t\t\t\t\t\t\t<li>\n\t\t\t\t\t\t<a href=\"https:\/\/www.anofm.ro\/mures\/agenda-de-lucru-pentru-perioada-24-martie-28-martie-2025\/\">\n\t\t\t\t\t\t\t\t\t\t\t\t\t\t\t<img decoding=\"async\" src=\"https:\/\/www.anofm.ro\/mures\/wp-content\/plugins\/anofm-custom-post-types\/assets\/images\/placeholder-thumb.png\" alt=\"\">\n\t\t\t\t\t\t\t\t\t\t\t\t\t\t\t\t<p class=\"h4\">Agenda de lucru pentru perioada 24 MARTIE \u2013 28 MARTIE 2025<\/p>\n\t\t\t\t\t\t\t\t\t\t\t\t\t\t\t<span>20\/03\/2025<\/span>\n\t\t\t\t\t\t<\/a>\n\t\t\t\t\t<\/li>\n\t\t\t\t\t\t\t\t\t\t<li>\n\t\t\t\t\t\t<a href=\"https:\/\/www.anofm.ro\/mures\/agenda-de-lucru-pentru-perioada-10-martie-14-martie-2025\/\">\n\t\t\t\t\t\t\t\t\t\t\t\t\t\t\t<img decoding=\"async\" src=\"https:\/\/www.anofm.ro\/mures\/wp-content\/plugins\/anofm-custom-post-types\/assets\/images\/placeholder-thumb.png\" alt=\"\">\n\t\t\t\t\t\t\t\t\t\t\t\t\t\t\t\t<p class=\"h4\">Agenda de lucru pentru perioada 10 MARTIE \u2013 14 MARTIE 2025<\/p>\n\t\t\t\t\t\t\t\t\t\t\t\t\t\t\t<span>07\/03\/2025<\/span>\n\t\t\t\t\t\t<\/a>\n\t\t\t\t\t<\/li>\n\t\t\t\t\t\t\t\t\t\t<li>\n\t\t\t\t\t\t<a href=\"https:\/\/www.anofm.ro\/mures\/agenda-de-lucru-pentru-perioada-27-februarie-28-februarie-2025\/\">\n\t\t\t\t\t\t\t\t\t\t\t\t\t\t\t<img decoding=\"async\" src=\"https:\/\/www.anofm.ro\/mures\/wp-content\/plugins\/anofm-custom-post-types\/assets\/images\/placeholder-thumb.png\" alt=\"\">\n\t\t\t\t\t\t\t\t\t\t\t\t\t\t\t\t<p class=\"h4\">Agenda de lucru pentru perioada 27 FEBRUARIE \u2013 28 FEBRUARIE 2025<\/p>\n\t\t\t\t\t\t\t\t\t\t\t\t\t\t\t<span>21\/02\/2025<\/span>\n\t\t\t\t\t\t<\/a>\n\t\t\t\t\t<\/li>\n\t\t\t\t\t\t\t\t\t<\/ul>\n\t\t\t\t","protected":false},"excerpt":{"rendered":"<p>Conducere Consiliu consultativ Nr. crt. Nume \u0219i prenume Institu\u021bia reprezentat\u0103 1 D\u0102R\u0102BAN PAULA MARIA INSPECTORATUL \u015eCOLAR JUDETEAN MURES 2 R\u0102DU\u021a VIOREL-CRISTIAN AGENTIA JUDETEANA PENTRU PLATI SI INSPECTIE SOCIALA MURES 3<\/p>\n","protected":false},"author":1,"featured_media":0,"parent":0,"menu_order":60,"comment_status":"closed","ping_status":"closed","template":"template-parts\/content-with-sidebar.php","meta":{"footnotes":""},"class_list":["post-2163","page","type-page","status-publish","hentry"],"_links":{"self":[{"href":"https:\/\/www.anofm.ro\/mures\/wp-json\/wp\/v2\/pages\/2163","targetHints":{"allow":["GET"]}}],"collection":[{"href":"https:\/\/www.anofm.ro\/mures\/wp-json\/wp\/v2\/pages"}],"about":[{"href":"https:\/\/www.anofm.ro\/mures\/wp-json\/wp\/v2\/types\/page"}],"author":[{"embeddable":true,"href":"https:\/\/www.anofm.ro\/mures\/wp-json\/wp\/v2\/users\/1"}],"replies":[{"embeddable":true,"href":"https:\/\/www.anofm.ro\/mures\/wp-json\/wp\/v2\/comments?post=2163"}],"version-history":[{"count":6,"href":"https:\/\/www.anofm.ro\/mures\/wp-json\/wp\/v2\/pages\/2163\/revisions"}],"predecessor-version":[{"id":6063,"href":"https:\/\/www.anofm.ro\/mures\/wp-json\/wp\/v2\/pages\/2163\/revisions\/6063"}],"wp:attachment":[{"href":"https:\/\/www.anofm.ro\/mures\/wp-json\/wp\/v2\/media?parent=2163"}],"curies":[{"name":"wp","href":"https:\/\/api.w.org\/{rel}","templated":true}]}}