{"id":6156,"date":"2025-05-07T12:20:01","date_gmt":"2025-05-07T09:20:01","guid":{"rendered":"https:\/\/www.anofm.ro\/mures\/?post_type=calendar&#038;p=6156"},"modified":"2025-05-07T12:20:02","modified_gmt":"2025-05-07T09:20:02","slug":"bursa-generala-a-locurilor-de-munca","status":"publish","type":"calendar","link":"https:\/\/www.anofm.ro\/mures\/calendar\/bursa-generala-a-locurilor-de-munca\/","title":{"rendered":"Bursa General\u0103 a Locurilor de Munc\u0103"},"content":{"rendered":"\n<p>Agen\u0163ia Jude\u021bean\u0103 pentru Ocuparea For\u0163ei de Munc\u0103 Mure\u0219, anun\u0163\u0103 desf\u0103\u015furarea Bursei Generale a Locurilor de Munc\u0103, la nivel jude\u021bului Mure\u0219, \u00een data de 23 mai 2025, \u00eencep\u00e2nd cu ora 9,00<\/p>\n\n\n\n<figure class=\"wp-block-image size-large\"><img loading=\"lazy\" decoding=\"async\" width=\"724\" height=\"1024\" src=\"https:\/\/www.anofm.ro\/mures\/wp-content\/uploads\/sites\/30\/2025\/05\/2025_05_07_Comunicat-de-presa-organizare-bursa-generala-1-724x1024.jpg\" alt=\"\" class=\"wp-image-6157\" srcset=\"https:\/\/www.anofm.ro\/mures\/wp-content\/uploads\/sites\/30\/2025\/05\/2025_05_07_Comunicat-de-presa-organizare-bursa-generala-1-724x1024.jpg 724w, https:\/\/www.anofm.ro\/mures\/wp-content\/uploads\/sites\/30\/2025\/05\/2025_05_07_Comunicat-de-presa-organizare-bursa-generala-1-365x516.jpg 365w, https:\/\/www.anofm.ro\/mures\/wp-content\/uploads\/sites\/30\/2025\/05\/2025_05_07_Comunicat-de-presa-organizare-bursa-generala-1-768x1086.jpg 768w, https:\/\/www.anofm.ro\/mures\/wp-content\/uploads\/sites\/30\/2025\/05\/2025_05_07_Comunicat-de-presa-organizare-bursa-generala-1-1086x1536.jpg 1086w, https:\/\/www.anofm.ro\/mures\/wp-content\/uploads\/sites\/30\/2025\/05\/2025_05_07_Comunicat-de-presa-organizare-bursa-generala-1-1448x2048.jpg 1448w, https:\/\/www.anofm.ro\/mures\/wp-content\/uploads\/sites\/30\/2025\/05\/2025_05_07_Comunicat-de-presa-organizare-bursa-generala-1.jpg 1754w\" sizes=\"auto, (max-width: 724px) 100vw, 724px\" \/><\/figure>\n","protected":false},"author":372,"template":"","categorie-eveniment":[],"_links":{"self":[{"href":"https:\/\/www.anofm.ro\/mures\/wp-json\/wp\/v2\/calendar\/6156","targetHints":{"allow":["GET"]}}],"collection":[{"href":"https:\/\/www.anofm.ro\/mures\/wp-json\/wp\/v2\/calendar"}],"about":[{"href":"https:\/\/www.anofm.ro\/mures\/wp-json\/wp\/v2\/types\/calendar"}],"author":[{"embeddable":true,"href":"https:\/\/www.anofm.ro\/mures\/wp-json\/wp\/v2\/users\/372"}],"version-history":[{"count":1,"href":"https:\/\/www.anofm.ro\/mures\/wp-json\/wp\/v2\/calendar\/6156\/revisions"}],"predecessor-version":[{"id":6158,"href":"https:\/\/www.anofm.ro\/mures\/wp-json\/wp\/v2\/calendar\/6156\/revisions\/6158"}],"wp:attachment":[{"href":"https:\/\/www.anofm.ro\/mures\/wp-json\/wp\/v2\/media?parent=6156"}],"wp:term":[{"taxonomy":"categorie-eveniment","embeddable":true,"href":"https:\/\/www.anofm.ro\/mures\/wp-json\/wp\/v2\/categorie-eveniment?post=6156"}],"curies":[{"name":"wp","href":"https:\/\/api.w.org\/{rel}","templated":true}]}}

Bursa Generală a Locurilor de Muncă

<p>Agenţia Județeană pentru Ocuparea Forţei de Muncă Mureș, anunţă desfăşurarea Bursei Generale a Locurilor de Muncă, la nivel județului Mureș, în data de 23 mai 2025, începând cu ora 9,00</p>



<figure class="wp-block-image size-large"><img loading="lazy" decoding="async" width="724" height="1024" src="https://www.anofm.ro/mures/wp-content/uploads/sites/30/2025/05/2025_05_07_Comunicat-de-presa-organizare-bursa-generala-1-724x1024.jpg" alt="" class="wp-image-6157" srcset="https://www.anofm.ro/mures/wp-content/uploads/sites/30/2025/05/2025_05_07_Comunicat-de-presa-organizare-bursa-generala-1-724x1024.jpg 724w, https://www.anofm.ro/mures/wp-content/uploads/sites/30/2025/05/2025_05_07_Comunicat-de-presa-organizare-bursa-generala-1-365x516.jpg 365w, https://www.anofm.ro/mures/wp-content/uploads/sites/30/2025/05/2025_05_07_Comunicat-de-presa-organizare-bursa-generala-1-768x1086.jpg 768w, https://www.anofm.ro/mures/wp-content/uploads/sites/30/2025/05/2025_05_07_Comunicat-de-presa-organizare-bursa-generala-1-1086x1536.jpg 1086w, https://www.anofm.ro/mures/wp-content/uploads/sites/30/2025/05/2025_05_07_Comunicat-de-presa-organizare-bursa-generala-1-1448x2048.jpg 1448w, https://www.anofm.ro/mures/wp-content/uploads/sites/30/2025/05/2025_05_07_Comunicat-de-presa-organizare-bursa-generala-1.jpg 1754w" sizes="auto, (max-width: 724px) 100vw, 724px" /></figure>
