{"id":2357,"date":"2023-12-14T22:54:06","date_gmt":"2023-12-14T20:54:06","guid":{"rendered":"https:\/\/www.anofm.ro\/contact\/"},"modified":"2024-09-10T04:34:59","modified_gmt":"2024-09-10T01:34:59","slug":"contact","status":"publish","type":"page","link":"https:\/\/www.anofm.ro\/maramures\/contact\/","title":{"rendered":"Contact"},"content":{"rendered":"<style>.kb-row-layout-wrap.wp-block-kadence-rowlayout.kb-row-layout-id2357_d4c9ee-f0{margin-bottom:var(--global-kb-spacing-lg, 3rem);}.kb-row-layout-id2357_d4c9ee-f0 > .kt-row-column-wrap{align-content:start;}:where(.kb-row-layout-id2357_d4c9ee-f0 > .kt-row-column-wrap) > .wp-block-kadence-column{justify-content:start;}.kb-row-layout-id2357_d4c9ee-f0 > .kt-row-column-wrap{column-gap:var(--global-kb-gap-md, 2rem);row-gap:var(--global-kb-gap-none, 0rem );padding-top:var(--global-kb-spacing-sm, 1.5rem);padding-right:var(--global-kb-spacing-sm, 1.5rem);padding-bottom:var(--global-kb-spacing-sm, 1.5rem);padding-left:var(--global-kb-spacing-sm, 1.5rem);grid-template-columns:minmax(0, 1fr);}.kb-row-layout-id2357_d4c9ee-f0{background-color:#f7f7f7;}.kb-row-layout-id2357_d4c9ee-f0 > .kt-row-layout-overlay{opacity:0.30;}@media all and (max-width: 1024px){.kb-row-layout-id2357_d4c9ee-f0 > .kt-row-column-wrap{grid-template-columns:minmax(0, 1fr);}}@media all and (max-width: 767px){.kb-row-layout-id2357_d4c9ee-f0 > .kt-row-column-wrap{grid-template-columns:minmax(0, 1fr);}}<\/style><div class=\"kb-row-layout-wrap kb-row-layout-id2357_d4c9ee-f0 alignnone kt-row-has-bg wp-block-kadence-rowlayout\"><div class=\"kt-row-column-wrap kt-has-1-columns kt-row-layout-equal kt-tab-layout-inherit kt-mobile-layout-row kt-row-valign-top\">\n<style>.kadence-column2357_597541-78 > .kt-inside-inner-col,.kadence-column2357_597541-78 > .kt-inside-inner-col:before{border-top-left-radius:0px;border-top-right-radius:0px;border-bottom-right-radius:0px;border-bottom-left-radius:0px;}.kadence-column2357_597541-78 > .kt-inside-inner-col{column-gap:var(--global-kb-gap-sm, 1rem);}.kadence-column2357_597541-78 > .kt-inside-inner-col{flex-direction:column;}.kadence-column2357_597541-78 > .kt-inside-inner-col > .aligncenter{width:100%;}.kadence-column2357_597541-78 > .kt-inside-inner-col:before{opacity:0.3;}.kadence-column2357_597541-78{position:relative;}@media all and (max-width: 1024px){.kadence-column2357_597541-78 > .kt-inside-inner-col{flex-direction:column;justify-content:center;}}@media all and (max-width: 767px){.kadence-column2357_597541-78 > .kt-inside-inner-col{flex-direction:column;justify-content:center;}}<\/style>\n<div class=\"wp-block-kadence-column kadence-column2357_597541-78\"><div class=\"kt-inside-inner-col\">\n<h2 class=\"wp-block-heading\">Intrebarea Dvs. catre AJOFM Maramure\u0219<\/h2>\n\n\n\n<div class=\"wp-block-contact-form-7-contact-form-selector\">\n<div class=\"wpcf7 no-js\" id=\"wpcf7-f3085-o1\" lang=\"ro-RO\" dir=\"ltr\" data-wpcf7-id=\"3085\">\n<div class=\"screen-reader-response\"><p role=\"status\" aria-live=\"polite\" aria-atomic=\"true\"><\/p> <ul><\/ul><\/div>\n<form action=\"\/maramures\/wp-json\/wp\/v2\/pages\/2357#wpcf7-f3085-o1\" method=\"post\" class=\"wpcf7-form init\" aria-label=\"Formular de contact\" novalidate=\"novalidate\" data-status=\"init\">\n<fieldset class=\"hidden-fields-container\"><input type=\"hidden\" name=\"_wpcf7\" value=\"3085\" \/><input type=\"hidden\" name=\"_wpcf7_version\" value=\"6.1.4\" \/><input type=\"hidden\" name=\"_wpcf7_locale\" value=\"ro_RO\" \/><input type=\"hidden\" name=\"_wpcf7_unit_tag\" value=\"wpcf7-f3085-o1\" \/><input type=\"hidden\" name=\"_wpcf7_container_post\" value=\"0\" \/><input type=\"hidden\" name=\"_wpcf7_posted_data_hash\" value=\"\" \/>\n<\/fieldset>\n<p><label> Nume<br \/>\n<span class=\"wpcf7-form-control-wrap\" data-name=\"your-name\"><input size=\"40\" maxlength=\"400\" class=\"wpcf7-form-control wpcf7-text wpcf7-validates-as-required\" autocomplete=\"name\" aria-required=\"true\" aria-invalid=\"false\" value=\"\" type=\"text\" name=\"your-name\" \/><\/span> <\/label>\n<\/p>\n<p><label> Email<br \/>\n<span class=\"wpcf7-form-control-wrap\" data-name=\"your-email\"><input size=\"40\" maxlength=\"400\" class=\"wpcf7-form-control wpcf7-email wpcf7-validates-as-required wpcf7-text wpcf7-validates-as-email\" autocomplete=\"email\" aria-required=\"true\" aria-invalid=\"false\" value=\"\" type=\"email\" name=\"your-email\" \/><\/span> <\/label>\n<\/p>\n<p><label> Telefon<br \/>\n<span class=\"wpcf7-form-control-wrap\" data-name=\"your-phone\"><input size=\"40\" maxlength=\"400\" class=\"wpcf7-form-control wpcf7-tel wpcf7-validates-as-required wpcf7-text wpcf7-validates-as-tel\" aria-required=\"true\" aria-invalid=\"false\" value=\"\" type=\"tel\" name=\"your-phone\" \/><\/span> <\/label>\n<\/p>\n<p><label> Tema<br \/>\n<span class=\"wpcf7-form-control-wrap\" data-name=\"your-subject\"><input size=\"40\" maxlength=\"400\" class=\"wpcf7-form-control wpcf7-text wpcf7-validates-as-required\" aria-required=\"true\" aria-invalid=\"false\" value=\"\" type=\"text\" name=\"your-subject\" \/><\/span> <\/label>\n<\/p>\n<p><label> Intrebare<br \/>\n<span class=\"wpcf7-form-control-wrap\" data-name=\"your-message\"><textarea cols=\"40\" rows=\"10\" maxlength=\"2000\" class=\"wpcf7-form-control wpcf7-textarea\" aria-invalid=\"false\" name=\"your-message\"><\/textarea><\/span> <\/label>\n<\/p>\n<p><input class=\"wpcf7-form-control wpcf7-submit has-spinner\" type=\"submit\" value=\"Trimite\" \/>\n<\/p><div class=\"wpcf7-response-output\" aria-hidden=\"true\"><\/div>\n<\/form>\n<\/div>\n<\/div>\n<\/div><\/div>\n\n<\/div><\/div>\n\n\n<h2 class=\"wp-block-heading\">Sediul AJOFM \u2013 Maramure\u0219<\/h2>\n\n\n\n<h3 class=\"wp-block-heading\">Agen\u0163ia Jude\u0163ean\u0103 pentru Ocuparea For\u0163ei de Munc\u0103 Maramure\u015f<\/h3>\n\n\n\n<p>Baia Mare, str. Hortensiei nr. 1 A<br>Nr. telefon:<br>0262.227.820<br>0262.227.821<br>0262.227.809<br>0262.227.829<\/p>\n\n\n\n<p>E-mail: ajofm.mm@anofm.gov.ro <br>(secretariat diverse)<br>maramures@anofm.gov.ro<br>(numai pentru solicit\u0103ri subven\u021bii, \u0219omaj tehnic, prime, facilit\u0103\u021bi, etc.)<br>Pagina web: <a href=\"http:\/\/www.maramures.anofm.ro\">www.anofm.ro<\/a><\/p>\n\n\n\n<h3 class=\"wp-block-heading\">Programul de lucru<\/h3>\n\n\n\n<p>Luni-Joi: 8:00-16:30<\/p>\n\n\n\n<p>Vineri: 8:00-14:00<\/p>\n\n\n\n<h2 class=\"wp-block-heading\">Program de audien\u021be<\/h2>\n\n\n\n<p><strong>Director executiv<\/strong><\/p>\n\n\n\n<p>Miercuri<br>12.00 &#8211; 14.00<br>Email: oana.osanu.mm@anofm.gov.ro<\/p>\n\n\n\n<p><strong>Director executiv adjunct<\/strong><\/p>\n\n\n\n<p>Joi<br>12.00 &#8211; 14.00<\/p>\n\n\n\n<h2 class=\"wp-block-heading\">Rela\u021bii cu presa<\/h2>\n\n\n\n<p>\u0218tefania Donca<br>inspector superior<br>tel. 0262 &#8211; 227.820 int. 230<br>Email: stefania.donca.mm@anofm.gov.ro<\/p>\n\n\n\n<h2 class=\"wp-block-heading\">Puncte de lucru Maramure\u0219<\/h2>\n\n\n\n<h3 class=\"wp-block-heading\">Punct de lucru Sighetu Marma\u0163iei<\/h3>\n\n\n\n<p>Str. Al. Ivasiuc nr. 17<br>Nr. telefon: 0262.318.830<br>E-mail: <a href=\"mailto:emil.chindis@mml.anofm.ro\">emil.chindis.mm@anofm.gov.ro<\/a><br>carmen.petrus.mm@anofm.gov.ro&nbsp;<\/p>\n\n\n\n<h3 class=\"wp-block-heading\">Punct de lucru Vi\u015feu de Sus<\/h3>\n\n\n\n<p>Str. 22 Decembrie nr. 19<br>Nr. telefon: 0262.707.729<br>E-mail: <a href=\"mailto:tudor.coman@mml.anofm.ro\">florica.deac.mm@anofm.gov.ro<\/a>&nbsp;<\/p>\n\n\n\n<h3 class=\"wp-block-heading\">Punct de lucru Bor\u015fa<\/h3>\n\n\n\n<p>Str. Decebal nr. 4<br>Nr. telefon: 0262.344.302<br>E-mail: <a href=\"mailto:sava.timis@mml.anofm.ro\">sava.timis.mm@anofm.gov.ro<\/a>&nbsp;<\/p>\n\n\n\n<h3 class=\"wp-block-heading\">Punct de lucru T\u00e2rgu L\u0103pu\u015f<\/h3>\n\n\n\n<p>Str. \u0162ible\u015fului nr. 2<br>Nr. telefon: 0262.384.499<br>E-mail: <a href=\"mailto:adriana.inesc@mml.anofm.ro\">adriana.inesc.mm@anofm.gov.ro<\/a><\/p>\n\n\n\n<h3 class=\"wp-block-heading\">Centrul de Formare Profesional\u0103 a Adul\u0163ilor<\/h3>\n\n\n\n<p>Baia Mare, str. 8 Martie nr. 7 B<br>Nr. telefon: 0262.216.167<br>E-mail: ajofm.mm@anofm.gov.ro<\/p>\n","protected":false},"excerpt":{"rendered":"<p>Intrebarea Dvs. catre AJOFM Maramure\u0219 Sediul AJOFM \u2013 Maramure\u0219 Agen\u0163ia Jude\u0163ean\u0103 pentru Ocuparea For\u0163ei de Munc\u0103 Maramure\u015f Baia Mare, str. Hortensiei nr. 1 ANr. telefon:0262.227.8200262.227.8210262.227.8090262.227.829 E-mail: ajofm.mm@anofm.gov.ro (secretariat diverse)maramures@anofm.gov.ro(numai pentru<\/p>\n","protected":false},"author":1,"featured_media":0,"parent":0,"menu_order":1030,"comment_status":"closed","ping_status":"closed","template":"template-parts\/content-with-sidebar.php","meta":{"footnotes":""},"class_list":["post-2357","page","type-page","status-publish","hentry"],"_links":{"self":[{"href":"https:\/\/www.anofm.ro\/maramures\/wp-json\/wp\/v2\/pages\/2357","targetHints":{"allow":["GET"]}}],"collection":[{"href":"https:\/\/www.anofm.ro\/maramures\/wp-json\/wp\/v2\/pages"}],"about":[{"href":"https:\/\/www.anofm.ro\/maramures\/wp-json\/wp\/v2\/types\/page"}],"author":[{"embeddable":true,"href":"https:\/\/www.anofm.ro\/maramures\/wp-json\/wp\/v2\/users\/1"}],"replies":[{"embeddable":true,"href":"https:\/\/www.anofm.ro\/maramures\/wp-json\/wp\/v2\/comments?post=2357"}],"version-history":[{"count":5,"href":"https:\/\/www.anofm.ro\/maramures\/wp-json\/wp\/v2\/pages\/2357\/revisions"}],"predecessor-version":[{"id":3767,"href":"https:\/\/www.anofm.ro\/maramures\/wp-json\/wp\/v2\/pages\/2357\/revisions\/3767"}],"wp:attachment":[{"href":"https:\/\/www.anofm.ro\/maramures\/wp-json\/wp\/v2\/media?parent=2357"}],"curies":[{"name":"wp","href":"https:\/\/api.w.org\/{rel}","templated":true}]}}