{"id":2209,"date":"2023-12-14T22:54:02","date_gmt":"2023-12-14T20:54:02","guid":{"rendered":"https:\/\/www.anofm.ro\/lista-documentelor-produse-gestionate\/"},"modified":"2024-01-22T14:43:37","modified_gmt":"2024-01-22T12:43:37","slug":"lista-documentelor-produse-gestionate","status":"publish","type":"page","link":"https:\/\/www.anofm.ro\/ilfov\/lista-documentelor-produse-gestionate\/","title":{"rendered":"Lista documentelor produse\/gestionate"},"content":{"rendered":"\n<p><strong>LISTA CUPRINZ\u00c2ND&nbsp;&nbsp;CATEGORIILE&nbsp;&nbsp;DE&nbsp;&nbsp;DOCUMENTE PRODUSE&nbsp;&nbsp;\u015eI \/ SAU GESTIONATE&nbsp;&nbsp;POTRIVIT&nbsp;&nbsp;LEGII, DE&nbsp;&nbsp;AGEN\u0162IA&nbsp;&nbsp;JUDETEANA&nbsp;&nbsp;PENTRU&nbsp;&nbsp;OCUPAREA&nbsp;&nbsp;FOR\u0162EI&nbsp;&nbsp;DE&nbsp;MUNC\u0102 Ilfov<\/strong><\/p>\n\n\n\n<p>&#8211;&nbsp;&nbsp;&nbsp;&nbsp;&nbsp;&nbsp;&nbsp;&nbsp;&nbsp;Program de control m\u0103suri active \u2013 proceduri;<\/p>\n\n\n\n<p>&#8211;&nbsp;&nbsp;&nbsp;&nbsp;&nbsp;&nbsp;&nbsp;&nbsp;&nbsp;Planul anual de formare profesional\u0103;<\/p>\n\n\n\n<p>&#8211;&nbsp;&nbsp;&nbsp;&nbsp;&nbsp;&nbsp;&nbsp;&nbsp;&nbsp;Prognoza cursurilor de formare profesional\u0103;<\/p>\n\n\n\n<p>&#8211;&nbsp;&nbsp;&nbsp;&nbsp;&nbsp;&nbsp;&nbsp;&nbsp;&nbsp;Stadiul lunar al realiz\u0103rii planului de formare profesional\u0103;<\/p>\n\n\n\n<p>&#8211;&nbsp;&nbsp;&nbsp;&nbsp;&nbsp;&nbsp;&nbsp;&nbsp;&nbsp;Programul anual de ocupare a for\u0163ei de munc\u0103;<\/p>\n\n\n\n<p>&#8211;&nbsp;&nbsp;&nbsp;&nbsp;&nbsp;&nbsp;&nbsp;&nbsp;&nbsp;Situa\u0163ia s\u0103pt\u0103m\u00e2nal\u0103 a locurilor de munc\u0103 vacante;<\/p>\n\n\n\n<p>&#8211;&nbsp;&nbsp;&nbsp;&nbsp;&nbsp;&nbsp;&nbsp;&nbsp;&nbsp;Situa\u0163ia lunar\u0103 statistic\u0103 a \u015fomajului \u00eenregistrat;<\/p>\n\n\n\n<p>&#8211;&nbsp;&nbsp;&nbsp;&nbsp;&nbsp;&nbsp;&nbsp;&nbsp;&nbsp;Situa\u0163ia lunar\u0103 operativ\u0103 a \u015fomajului \u00eenregistrat;<\/p>\n\n\n\n<p>&#8211;&nbsp;&nbsp;&nbsp;&nbsp;&nbsp;&nbsp;&nbsp;&nbsp;&nbsp;Situa\u0163ia&nbsp;&nbsp;burselor locurilor de munc\u0103;<\/p>\n\n\n\n<p>&#8211;&nbsp;&nbsp;&nbsp;&nbsp;&nbsp;&nbsp;&nbsp;&nbsp;&nbsp;Realiz\u0103rile, trimestriale, ale programului anual de ocupare a for\u0163ei de munc\u0103;<\/p>\n\n\n\n<p>&#8211;&nbsp;&nbsp;&nbsp;&nbsp;&nbsp;&nbsp;&nbsp;&nbsp;&nbsp;Materiale, rapoarte, analize, propuneri cu privire la activitatea de ocupare, formare profesional\u0103, analiza pie\u0163ei muncii, statistica pie\u0163ei muncii precum \u015fi cele legate de sistemele informatice \u015fi control m\u0103suri active;<\/p>\n\n\n\n<p>&#8211;&nbsp;&nbsp;&nbsp;&nbsp;&nbsp;&nbsp;&nbsp;&nbsp;&nbsp;Planul anual de audit public intern;<\/p>\n\n\n\n<p>&#8211;&nbsp;&nbsp;&nbsp;&nbsp;&nbsp;&nbsp;&nbsp;&nbsp;&nbsp;Raportul anual al activit\u0103\u0163ii de audit public intern;&nbsp;<\/p>\n\n\n\n<p>&#8211;&nbsp;&nbsp;&nbsp;&nbsp;&nbsp;&nbsp;&nbsp;&nbsp;&nbsp;Raportul anual al activit\u0103\u0163ii AJOFM;<\/p>\n\n\n\n<p>&#8211;&nbsp;&nbsp;&nbsp;&nbsp;&nbsp;&nbsp;&nbsp;&nbsp;&nbsp;Formulare europene E 301 \/ U1, E 302, E 303 \/ U2, U3;<\/p>\n\n\n\n<p>&#8211;&nbsp;&nbsp;&nbsp;&nbsp;&nbsp;&nbsp;&nbsp;&nbsp;&nbsp;Documente \u00een vederea angaj\u0103rii, \u00eencet\u0103rii raporturilor de serviciu \u015fi de munc\u0103 \u00een agen\u0163ie, adeverin\u0163e;<\/p>\n\n\n\n<p>&#8211;&nbsp;&nbsp;&nbsp;&nbsp;&nbsp;&nbsp;&nbsp;&nbsp;&nbsp;R\u0103spunsuri la solicit\u0103rile presei;<\/p>\n\n\n\n<p>&#8211;&nbsp;&nbsp;&nbsp;&nbsp;&nbsp;&nbsp;&nbsp;&nbsp;&nbsp;Comunicate de pres\u0103;<\/p>\n\n\n\n<p>&#8211;&nbsp;&nbsp;&nbsp;&nbsp;&nbsp;&nbsp;&nbsp;&nbsp;&nbsp;Materiale pentru site;<\/p>\n\n\n\n<p>&#8211;&nbsp;&nbsp;&nbsp;&nbsp;&nbsp;&nbsp;&nbsp;&nbsp;&nbsp;Rapoarte lunare \u015fi anuale privind activitatea desf\u0103\u015furat\u0103 \u00een mass-media de AJOFM Ilfov ;<\/p>\n\n\n\n<p>&#8211;&nbsp;&nbsp;&nbsp;&nbsp;&nbsp;&nbsp;&nbsp;&nbsp;&nbsp;Proces verbal \u00eencheiat la finalul \u015fedin\u0163ei consiliului consultativ ;<\/p>\n\n\n\n<p>&#8211;&nbsp;&nbsp;&nbsp;&nbsp;&nbsp;&nbsp;&nbsp;&nbsp;&nbsp;Ordinea de zi a \u015fedin\u0163ei consiliului consultativ;<\/p>\n\n\n\n<p>&#8211;&nbsp;&nbsp;&nbsp;&nbsp;&nbsp;&nbsp;&nbsp;&nbsp;&nbsp;Documente aflate pe ordinea de zi a \u015fedin\u0163ei consiliului consultativ;<\/p>\n\n\n\n<p>&#8211;&nbsp;&nbsp;&nbsp;&nbsp;&nbsp;&nbsp;&nbsp;&nbsp;&nbsp;Rapoarte ale consiliului consultativ;<\/p>\n\n\n\n<p>&#8211;&nbsp;&nbsp;&nbsp;&nbsp;&nbsp;&nbsp;&nbsp;&nbsp;&nbsp;Buletin informativ \u00eentocmit conform art. 5 alin. 2 din Legea nr. 544\/2001, privind liberul acces la informa\u0163iile de inters public, cu modific\u0103rile \u015fi complet\u0103rile ulterioare;<\/p>\n\n\n\n<p>&#8211;&nbsp;&nbsp;&nbsp;&nbsp;&nbsp;&nbsp;&nbsp;&nbsp;&nbsp;Raport anual privind implementarea Legii nr. 544\/2001;<\/p>\n\n\n\n<p>&#8211;&nbsp;&nbsp;&nbsp;&nbsp;&nbsp;&nbsp;&nbsp;&nbsp;&nbsp;Registru cuprinz\u00e2nd cererile \u015fi r\u0103spunsurile la solicit\u0103rile \u00een baza Legii nr. 544\/2001, privind liberul acces la informa\u0163iile de interes public.<\/p>\n\n\n\n<p>&#8211;&nbsp;&nbsp;&nbsp;&nbsp;&nbsp;&nbsp;&nbsp;&nbsp;&nbsp;cerere conform legii 544\/2002;<\/p>\n\n\n\n<p>&#8211;&nbsp;&nbsp;&nbsp;&nbsp;&nbsp;&nbsp;&nbsp;&nbsp;&nbsp;reclamatie administrativa conform legii 544\/2002<\/p>\n\n\n\n<p>&#8211;&nbsp;&nbsp;&nbsp;&nbsp;&nbsp;&nbsp;&nbsp;&nbsp;&nbsp;&nbsp;situatia privind locurile de munca vacante;<\/p>\n\n\n\n<p>&#8211;&nbsp;&nbsp;&nbsp;&nbsp;&nbsp;&nbsp;&nbsp;&nbsp;&nbsp;&nbsp;contract&nbsp;de&nbsp;asigurare&nbsp;pentru&nbsp;somaj;<\/p>\n\n\n\n<p>&#8211;&nbsp;&nbsp;&nbsp;&nbsp;&nbsp;&nbsp;&nbsp;&nbsp;&nbsp;cerere pentru acordarea serviciilor de preconcediere;<\/p>\n\n\n\n<p>&#8211;&nbsp;&nbsp;&nbsp;&nbsp;&nbsp;&nbsp;&nbsp;&nbsp;&nbsp;cerere pentru acordarea serviciilor de mediere;<\/p>\n\n\n\n<p>&#8211;&nbsp;&nbsp;&nbsp;&nbsp;&nbsp;&nbsp;&nbsp;&nbsp;&nbsp;cerere&nbsp;pentru&nbsp;completare&nbsp;venituri;<\/p>\n\n\n\n<p>&#8211;&nbsp;&nbsp;&nbsp;&nbsp;&nbsp;&nbsp;&nbsp;&nbsp;&nbsp;cerere&nbsp; prima de&nbsp;incadrare;<\/p>\n\n\n\n<p>&#8211;&nbsp;&nbsp;&nbsp;&nbsp;&nbsp;&nbsp;&nbsp;&nbsp;&nbsp;cerere&nbsp; prima de&nbsp;instalare;<\/p>\n\n\n\n<p>&nbsp; &nbsp; &nbsp; &nbsp; &nbsp; &nbsp;&#8211;&nbsp;&nbsp;&nbsp;&nbsp; cerere prima de relocare;<\/p>\n\n\n\n<p>&#8211;&nbsp;&nbsp;&nbsp;&nbsp;&nbsp;&nbsp;&nbsp;&nbsp;&nbsp;angajament&nbsp;prima de&nbsp;incadrare\/instalare\/relocare;<\/p>\n\n\n\n<p>&#8211;&nbsp;&nbsp;&nbsp;&nbsp;&nbsp;&nbsp;&nbsp;&nbsp;&nbsp;conventie&nbsp;art.80 &#8211;&nbsp;incadrare&nbsp;absolventi;<\/p>\n\n\n\n<p>&#8211;&nbsp;&nbsp;&nbsp;&nbsp;&nbsp;conventie&nbsp;art.85 &#8211;&nbsp;&nbsp;incadrare&nbsp;persoane&nbsp;peste 45&nbsp;ani,&nbsp;&nbsp;intretinatori&nbsp;unici&nbsp;de&nbsp;familie&nbsp;si&nbsp;persoane&nbsp;cu&nbsp;handicap&nbsp;;<\/p>\n\n\n\n<p>&#8211;&nbsp;&nbsp;&nbsp;&nbsp;&nbsp;&nbsp;&nbsp;&nbsp;&nbsp;act&nbsp;aditional&nbsp;pentru&nbsp;furnizori&nbsp;de&nbsp;servicii&nbsp;de&nbsp;formare&nbsp;profesionala&nbsp;;<\/p>\n\n\n\n<p>&#8211;&nbsp;&nbsp;&nbsp;&nbsp;&nbsp;&nbsp;&nbsp;&nbsp;&nbsp;cerere&nbsp;reducere&nbsp;contributie&nbsp;fond&nbsp;somaj;<\/p>\n\n\n\n<p>&#8211;&nbsp;&nbsp;&nbsp;&nbsp;&nbsp;&nbsp;&nbsp;&nbsp;&nbsp;contract&nbsp;pentru&nbsp;programe&nbsp;de&nbsp;formare&nbsp;profesionala&nbsp;;<\/p>\n\n\n\n<p>&#8211;&nbsp;&nbsp;&nbsp;&nbsp;&nbsp;&nbsp;&nbsp;&nbsp;&nbsp;contract&nbsp;de&nbsp;prestari&nbsp;servicii&nbsp;pentru&nbsp;masuri&nbsp;destinate&nbsp;stimularii&nbsp;ocuparii&nbsp;fortei&nbsp;de&nbsp;munca&nbsp;;<\/p>\n\n\n\n<p>&#8211;&nbsp;&nbsp;&nbsp;&nbsp;&nbsp;&nbsp;&nbsp;&nbsp;&nbsp;formular&nbsp;pentru&nbsp;furnizorii&nbsp;de&nbsp;servicii&nbsp;de&nbsp;ocupare&nbsp;acreditati&nbsp;;<\/p>\n\n\n\n<p>&#8211;&nbsp;&nbsp;&nbsp;&nbsp;&nbsp;&nbsp;&nbsp;&nbsp;&nbsp;cerere pentru informare si consiliere profesionala&nbsp;;<\/p>\n\n\n\n<p>&#8211;&nbsp;&nbsp;&nbsp;&nbsp;&nbsp;&nbsp;&nbsp;&nbsp;&nbsp;contract&nbsp;de&nbsp;prestari&nbsp;servicii;<\/p>\n\n\n\n<p>&#8211;\u00a0\u00a0\u00a0\u00a0\u00a0\u00a0\u00a0\u00a0\u00a0contract\u00a0privind\u00a0incadrarea\u00a0in\u00a0munca\u00a0a\u00a0absolventilor\u00a0cursurilor\u00a0de\u00a0formare\u00a0profesionala;<\/p>\n\n\n\n<p>&#8211;&nbsp;&nbsp;&nbsp;&nbsp;&nbsp;&nbsp;&nbsp;&nbsp;&nbsp;cerere pentru curs (re)calificare ;<\/p>\n\n\n\n<p>&#8211;&nbsp;&nbsp;&nbsp;&nbsp;&nbsp;&nbsp;&nbsp;&nbsp;&nbsp;cerere pentru serviciile de consultanta si asistenta pentru inceperea unei activitati independente sau pentru initierea unei afaceri&nbsp;;<\/p>\n\n\n\n<p>&#8211;&nbsp;&nbsp;&nbsp;&nbsp;&nbsp;&nbsp;&nbsp;&nbsp;&nbsp;instiintare&nbsp;pentru&nbsp;servicii&nbsp;preconcediere;<\/p>\n\n\n\n<p>&#8211;&nbsp;&nbsp;&nbsp;&nbsp;&nbsp;&nbsp;&nbsp;&nbsp;&nbsp;<em>chestionar<\/em><em>&nbsp;pentru&nbsp;serviciile&nbsp;de&nbsp;preconcediere;<\/em><\/p>\n\n\n\n<p>&#8211;&nbsp;&nbsp;&nbsp;&nbsp;&nbsp;&nbsp;&nbsp;&nbsp;&nbsp;instiintare&nbsp;privind&nbsp;incadrarea&nbsp;in&nbsp;munca;<\/p>\n\n\n\n<p>&#8211;&nbsp;&nbsp;&nbsp;&nbsp;&nbsp;&nbsp;&nbsp;&nbsp;&nbsp;cerere repunere in plata;<\/p>\n\n\n\n<p>&#8211;&nbsp;&nbsp;&nbsp;&nbsp;&nbsp;&nbsp;&nbsp;&nbsp;&nbsp;declaratie la bugetul asigurarilor de somaj;<\/p>\n\n\n\n<p>&#8211;&nbsp;&nbsp;&nbsp;&nbsp;&nbsp;&nbsp;&nbsp;&nbsp;&nbsp;conventie&nbsp;&#8211;&nbsp;&nbsp;marginalizare&nbsp;sociala;<\/p>\n\n\n\n<p>&#8211;&nbsp;&nbsp;&nbsp;&nbsp;&nbsp;&nbsp;&nbsp;&nbsp;&nbsp;contract&nbsp;de&nbsp;solidaritate;<\/p>\n\n\n\n<p>&#8211;&nbsp;&nbsp;&nbsp;&nbsp;&nbsp;&nbsp;&nbsp;&nbsp;&nbsp;adeverinta prima incadrare\/instalare;<\/p>\n\n\n\n<p>&#8211;&nbsp;&nbsp;&nbsp;&nbsp;&nbsp;&nbsp;&nbsp;&nbsp;&nbsp;adeverinta completare venituri;<\/p>\n","protected":false},"excerpt":{"rendered":"<p>LISTA CUPRINZ\u00c2ND&nbsp;&nbsp;CATEGORIILE&nbsp;&nbsp;DE&nbsp;&nbsp;DOCUMENTE PRODUSE&nbsp;&nbsp;\u015eI \/ SAU GESTIONATE&nbsp;&nbsp;POTRIVIT&nbsp;&nbsp;LEGII, DE&nbsp;&nbsp;AGEN\u0162IA&nbsp;&nbsp;JUDETEANA&nbsp;&nbsp;PENTRU&nbsp;&nbsp;OCUPAREA&nbsp;&nbsp;FOR\u0162EI&nbsp;&nbsp;DE&nbsp;MUNC\u0102 Ilfov &#8211;&nbsp;&nbsp;&nbsp;&nbsp;&nbsp;&nbsp;&nbsp;&nbsp;&nbsp;Program de control m\u0103suri active \u2013 proceduri; &#8211;&nbsp;&nbsp;&nbsp;&nbsp;&nbsp;&nbsp;&nbsp;&nbsp;&nbsp;Planul anual de formare profesional\u0103; &#8211;&nbsp;&nbsp;&nbsp;&nbsp;&nbsp;&nbsp;&nbsp;&nbsp;&nbsp;Prognoza cursurilor de formare profesional\u0103; &#8211;&nbsp;&nbsp;&nbsp;&nbsp;&nbsp;&nbsp;&nbsp;&nbsp;&nbsp;Stadiul lunar al realiz\u0103rii planului<\/p>\n","protected":false},"author":1,"featured_media":0,"parent":0,"menu_order":290,"comment_status":"closed","ping_status":"closed","template":"template-parts\/content-with-sidebar.php","meta":{"footnotes":""},"class_list":["post-2209","page","type-page","status-publish","hentry"],"_links":{"self":[{"href":"https:\/\/www.anofm.ro\/ilfov\/wp-json\/wp\/v2\/pages\/2209","targetHints":{"allow":["GET"]}}],"collection":[{"href":"https:\/\/www.anofm.ro\/ilfov\/wp-json\/wp\/v2\/pages"}],"about":[{"href":"https:\/\/www.anofm.ro\/ilfov\/wp-json\/wp\/v2\/types\/page"}],"author":[{"embeddable":true,"href":"https:\/\/www.anofm.ro\/ilfov\/wp-json\/wp\/v2\/users\/1"}],"replies":[{"embeddable":true,"href":"https:\/\/www.anofm.ro\/ilfov\/wp-json\/wp\/v2\/comments?post=2209"}],"version-history":[{"count":1,"href":"https:\/\/www.anofm.ro\/ilfov\/wp-json\/wp\/v2\/pages\/2209\/revisions"}],"predecessor-version":[{"id":3148,"href":"https:\/\/www.anofm.ro\/ilfov\/wp-json\/wp\/v2\/pages\/2209\/revisions\/3148"}],"wp:attachment":[{"href":"https:\/\/www.anofm.ro\/ilfov\/wp-json\/wp\/v2\/media?parent=2209"}],"curies":[{"name":"wp","href":"https:\/\/api.w.org\/{rel}","templated":true}]}}