{"id":8118,"date":"2025-12-10T09:22:10","date_gmt":"2025-12-10T07:22:10","guid":{"rendered":"https:\/\/www.anofm.ro\/hunedoara\/?post_type=calendar&#038;p=8118"},"modified":"2025-12-10T09:22:10","modified_gmt":"2025-12-10T07:22:10","slug":"10-decembrie-ziua-agentiei-nationale-pentru-ocuparea-fortei-de-munca","status":"publish","type":"calendar","link":"https:\/\/www.anofm.ro\/hunedoara\/calendar\/10-decembrie-ziua-agentiei-nationale-pentru-ocuparea-fortei-de-munca\/","title":{"rendered":"10 decembrie \u2013 Ziua Agen\u0163iei Na\u0163ionale pentru Ocuparea For\u0163ei de Munc\u0103"},"content":{"rendered":"","protected":false},"author":247,"template":"","categorie-eveniment":[],"_links":{"self":[{"href":"https:\/\/www.anofm.ro\/hunedoara\/wp-json\/wp\/v2\/calendar\/8118","targetHints":{"allow":["GET"]}}],"collection":[{"href":"https:\/\/www.anofm.ro\/hunedoara\/wp-json\/wp\/v2\/calendar"}],"about":[{"href":"https:\/\/www.anofm.ro\/hunedoara\/wp-json\/wp\/v2\/types\/calendar"}],"author":[{"embeddable":true,"href":"https:\/\/www.anofm.ro\/hunedoara\/wp-json\/wp\/v2\/users\/247"}],"version-history":[{"count":1,"href":"https:\/\/www.anofm.ro\/hunedoara\/wp-json\/wp\/v2\/calendar\/8118\/revisions"}],"predecessor-version":[{"id":8119,"href":"https:\/\/www.anofm.ro\/hunedoara\/wp-json\/wp\/v2\/calendar\/8118\/revisions\/8119"}],"wp:attachment":[{"href":"https:\/\/www.anofm.ro\/hunedoara\/wp-json\/wp\/v2\/media?parent=8118"}],"wp:term":[{"taxonomy":"categorie-eveniment","embeddable":true,"href":"https:\/\/www.anofm.ro\/hunedoara\/wp-json\/wp\/v2\/categorie-eveniment?post=8118"}],"curies":[{"name":"wp","href":"https:\/\/api.w.org\/{rel}","templated":true}]}}

10 decembrie – Ziua Agenţiei Naţionale pentru Ocuparea Forţei de Muncă
