{"id":2885,"date":"2024-01-10T15:18:05","date_gmt":"2024-01-10T13:18:05","guid":{"rendered":"https:\/\/www.anofm.ro\/harghita\/?page_id=2885"},"modified":"2024-01-10T15:24:22","modified_gmt":"2024-01-10T13:24:22","slug":"evenimente","status":"publish","type":"page","link":"https:\/\/www.anofm.ro\/harghita\/evenimente\/","title":{"rendered":"Evenimente"},"content":{"rendered":"\t\t\t<ul class=\"recentcontent alt\">\n\t\t\t\t\t\t\t\t\t<li>\n\t\t\t\t\t\t<a href=\"https:\/\/www.anofm.ro\/harghita\/calendar\/bursa-locurilor-de-munca-octombrie-2025-allasborze-2025-oktober\/\">\n\t\t\t\t\t\t\t<span>10<\/br>Oct<\/span>\n\t\t\t\t\t\t\t\t\t\t\t\t\t\t\t<p class=\"h4\">Bursa locurilor de munc\u0103 -octombrie 2025.         \u00c1ll\u00e1sb\u00f6rze \u2013 2025. okt\u00f3ber<\/p>\n\t\t\t\t\t\t\t\t\t\t\t\t\t\t<\/a>\n\t\t\t\t\t<\/li>\n\t\t\t\t\t\t\t\t\t\t<li>\n\t\t\t\t\t\t<a href=\"https:\/\/www.anofm.ro\/harghita\/calendar\/seminarul-online-cu-titlul-ucenicia-la-locul-de-munca-si-sprijin-financiar-pentru-angajatorii-care-incadreaza-ucenici\/\">\n\t\t\t\t\t\t\t<span>12<\/br>Aug<\/span>\n\t\t\t\t\t\t\t\t\t\t\t\t\t\t\t<p class=\"h4\">Seminarul ONLINE cu titlul \u00a0\u201eUcenicia la locul de munc\u0103 \u0219i sprijin financiar pentru angajatorii care \u00eencadreaz\u0103 ucenici\u201d<\/p>\n\t\t\t\t\t\t\t\t\t\t\t\t\t\t<\/a>\n\t\t\t\t\t<\/li>\n\t\t\t\t\t\t\t\t\t\t<li>\n\t\t\t\t\t\t<a href=\"https:\/\/www.anofm.ro\/harghita\/calendar\/munkahelyi-tanuloszerzodeses-gyakorlat-es-penzugyi-tamogatas-a-munkaltatok-szamara-cimu-online-szeminarium\/\">\n\t\t\t\t\t\t\t<span>12<\/br>Aug<\/span>\n\t\t\t\t\t\t\t\t\t\t\t\t\t\t\t<p class=\"h4\">\u201eMunkahelyi tanul\u00f3szerz\u0151d\u00e9ses gyakorlat \u00e9s p\u00e9nz\u00fcgyi t\u00e1mogat\u00e1s a munk\u00e1ltat\u00f3k sz\u00e1m\u00e1ra\u201d c\u00edm\u0171 ONLINE szemin\u00e1rium<\/p>\n\t\t\t\t\t\t\t\t\t\t\t\t\t\t<\/a>\n\t\t\t\t\t<\/li>\n\t\t\t\t\t\t\t\t\t\t<li>\n\t\t\t\t\t\t<a href=\"https:\/\/www.anofm.ro\/harghita\/calendar\/11-octombrie-2024-bursa-locurilor-de-munca-pentru-absolventi-2024-oktober-11-frissen-vegzettek-allasborzeje\/\">\n\t\t\t\t\t\t\t<span>11<\/br>Oct<\/span>\n\t\t\t\t\t\t\t\t\t\t\t\t\t\t\t<p class=\"h4\">11 octombrie 2024 &#8211; Bursa locurilor de munc\u0103 pentru absolven\u021bi. 2024 okt\u00f3ber 11 &#8211; Frissen v\u00e9gzettek \u00e1ll\u00e1sb\u0151rz\u00e9je.<\/p>\n\t\t\t\t\t\t\t\t\t\t\t\t\t\t<\/a>\n\t\t\t\t\t<\/li>\n\t\t\t\t\t\t\t\t<\/ul>\n\t\t\t","protected":false},"excerpt":{"rendered":"","protected":false},"author":1,"featured_media":0,"parent":0,"menu_order":941,"comment_status":"closed","ping_status":"closed","template":"template-parts\/content-with-sidebar.php","meta":{"footnotes":""},"class_list":["post-2885","page","type-page","status-publish","hentry"],"_links":{"self":[{"href":"https:\/\/www.anofm.ro\/harghita\/wp-json\/wp\/v2\/pages\/2885","targetHints":{"allow":["GET"]}}],"collection":[{"href":"https:\/\/www.anofm.ro\/harghita\/wp-json\/wp\/v2\/pages"}],"about":[{"href":"https:\/\/www.anofm.ro\/harghita\/wp-json\/wp\/v2\/types\/page"}],"author":[{"embeddable":true,"href":"https:\/\/www.anofm.ro\/harghita\/wp-json\/wp\/v2\/users\/1"}],"replies":[{"embeddable":true,"href":"https:\/\/www.anofm.ro\/harghita\/wp-json\/wp\/v2\/comments?post=2885"}],"version-history":[{"count":2,"href":"https:\/\/www.anofm.ro\/harghita\/wp-json\/wp\/v2\/pages\/2885\/revisions"}],"predecessor-version":[{"id":2887,"href":"https:\/\/www.anofm.ro\/harghita\/wp-json\/wp\/v2\/pages\/2885\/revisions\/2887"}],"wp:attachment":[{"href":"https:\/\/www.anofm.ro\/harghita\/wp-json\/wp\/v2\/media?parent=2885"}],"curies":[{"name":"wp","href":"https:\/\/api.w.org\/{rel}","templated":true}]}}