{"id":2175,"date":"2023-12-14T22:54:01","date_gmt":"2023-12-14T20:54:01","guid":{"rendered":"https:\/\/www.anofm.ro\/comisia-paritara\/"},"modified":"2024-11-05T16:03:16","modified_gmt":"2024-11-05T14:03:16","slug":"comisia-paritara","status":"publish","type":"page","link":"https:\/\/www.anofm.ro\/harghita\/comisia-paritara\/","title":{"rendered":"Comisia Paritar\u0103"},"content":{"rendered":"\n<p>&nbsp;<strong>Comisia paritar\u0103 la nivelul AJOFM Harghita<\/strong> este constituit\u0103 \u00een temeiul \u0219i \u00een conformitate cu prevederile HG nr. 302\/02.03.2022.<\/p>\n\n\n\n<div class=\"file-list-wrap\"><p class=\"h4\">Documente desc\u0103rcabile<br><\/p><ul class=\"file-list\">\n<li><a href=\"https:\/\/www.anofm.ro\/harghita\/wp-content\/uploads\/sites\/23\/2024\/10\/Constituire-Comisie-paritara-_19-Mai-2022.pdf\" download>Constituire-Comisie-paritara-_19-Mai-2022.pdf<\/a><\/li>\n\n\n\n<li><a href=\"https:\/\/www.anofm.ro\/harghita\/wp-content\/uploads\/sites\/23\/2024\/11\/Raport-comisie-paritara-_-2023.pdf\" download>Raport-comisie-paritara-_-2023.pdf<\/a><\/li>\n<\/ul><\/div>\n","protected":false},"excerpt":{"rendered":"<p>&nbsp;Comisia paritar\u0103 la nivelul AJOFM Harghita este constituit\u0103 \u00een temeiul \u0219i \u00een conformitate cu prevederile HG nr. 302\/02.03.2022.<\/p>\n","protected":false},"author":1,"featured_media":0,"parent":0,"menu_order":120,"comment_status":"closed","ping_status":"closed","template":"template-parts\/content-with-sidebar.php","meta":{"footnotes":""},"class_list":["post-2175","page","type-page","status-publish","hentry"],"_links":{"self":[{"href":"https:\/\/www.anofm.ro\/harghita\/wp-json\/wp\/v2\/pages\/2175","targetHints":{"allow":["GET"]}}],"collection":[{"href":"https:\/\/www.anofm.ro\/harghita\/wp-json\/wp\/v2\/pages"}],"about":[{"href":"https:\/\/www.anofm.ro\/harghita\/wp-json\/wp\/v2\/types\/page"}],"author":[{"embeddable":true,"href":"https:\/\/www.anofm.ro\/harghita\/wp-json\/wp\/v2\/users\/1"}],"replies":[{"embeddable":true,"href":"https:\/\/www.anofm.ro\/harghita\/wp-json\/wp\/v2\/comments?post=2175"}],"version-history":[{"count":2,"href":"https:\/\/www.anofm.ro\/harghita\/wp-json\/wp\/v2\/pages\/2175\/revisions"}],"predecessor-version":[{"id":4633,"href":"https:\/\/www.anofm.ro\/harghita\/wp-json\/wp\/v2\/pages\/2175\/revisions\/4633"}],"wp:attachment":[{"href":"https:\/\/www.anofm.ro\/harghita\/wp-json\/wp\/v2\/media?parent=2175"}],"curies":[{"name":"wp","href":"https:\/\/api.w.org\/{rel}","templated":true}]}}