{"id":2163,"date":"2023-12-14T22:54:01","date_gmt":"2023-12-14T20:54:01","guid":{"rendered":"https:\/\/www.anofm.ro\/conducere\/"},"modified":"2026-03-23T16:26:21","modified_gmt":"2026-03-23T14:26:21","slug":"conducere","status":"publish","type":"page","link":"https:\/\/www.anofm.ro\/harghita\/conducere\/","title":{"rendered":"Conducere"},"content":{"rendered":"\n<p><\/p>\n\n\n\n<h2 class=\"wp-block-heading\">Conducere<\/h2>\n\n\n\n<p><strong>Tiberiu P\u0103nescu<\/strong>, director executiv<\/p>\n\n\n\n<p><strong>Pall Klementina Katalin<\/strong>, director executiv adjunct <\/p>\n\n\n\n<h2 class=\"wp-block-heading\">Consiliul consultativ<\/h2>\n\n\n\n<figure class=\"wp-block-table alignleft\"><table><tbody><tr><td><strong>Nr. crt.<\/strong><\/td><td><strong>Nume \u0219i prenume<\/strong><\/td><td><strong>Institu\u021bia reprezentat\u0103<\/strong><\/td><\/tr><tr><td>1<\/td><td>MALE DORIN<strong><\/strong><\/td><td>INSPECTORATUL TERITORIAL DE MUNC\u0102 HARGHITA<strong><\/strong><\/td><\/tr><tr><td>2<\/td><td>DAVID ILDIKO-NOEMI<\/td><td>DIREC\u0162IA JUDE\u0162EAN\u0102 DE STATISTIC\u0102 HARGHITA<strong><\/strong><\/td><\/tr><tr><td>3<\/td><td>DIMEN HUNOR DENES<strong><\/strong><\/td><td>DIREC\u0162IA GENERAL\u0102 A FINAN\u0162ELOR PUBLICE HARGHITA<strong><\/strong><\/td><\/tr><tr><td>4<\/td><td>SZOCS  ISTVAN<\/td><td>CONSILIUL JUDETEAN HARGHITA<strong><\/strong><\/td><\/tr><tr><td>5<\/td><td>DEMETER LEVENTE<strong><\/strong><\/td><td>INSPECTORATUL \u015eCOLAR JUDETEAN HARGHITA<strong><\/strong><\/td><\/tr><tr><td>6<\/td><td>SZABO ADRIAN<strong><\/strong><\/td><td>CONFEDERATIA SINDICATELOR DEMOCRATICE DIN ROMANIA<strong><\/strong><\/td><\/tr><tr><td>7<\/td><td>DEMETER FAZAKAS ISTVAN<strong><\/strong><\/td><td>CONFEDERATIA NATIONALA SINDICALA \u201cCARTEL ALFA\u201d<strong><\/strong><\/td><\/tr><tr><td>8<\/td><td>SZABO ISTVAN<strong><\/strong><\/td><td>BLOCUL NA\u0162IONAL SINDICAL-BNS<strong><\/strong><\/td><\/tr><tr><td>9<\/td><td>&nbsp; DAKO EVA<strong><\/strong><\/td><td>CONFEDERATIA NATIONALA A SINDICATELOR LIBERE DIN ROMANIA \u2018\u2019FR\u0102\u0162IA\u2019\u2019<strong><\/strong><\/td><\/tr><tr><td>10<\/td><td>CEUGEA SORIN<strong><\/strong><\/td><td>CONFEDERATIA SINDICALA NATIONALA \u2018\u2019 MERIDIAN\u2019\u2019<strong><\/strong><\/td><\/tr><tr><td>11<\/td><td>&nbsp; MARCU ALEXANDRA<\/td><td>CONSILIUL NA\u021aIONAL AL \u00ceNTREPRINDERILOR PRIVATE MICI \u0218I MIJLOCII DIN ROM\u00c2NIA -CNIPMMR<strong><\/strong><\/td><\/tr><tr><td>12<\/td><td>&nbsp; MIRON TIBI\u0218OR MARIAN<strong><\/strong><\/td><td>CONSILIUL NA\u021aIONAL AL \u00ceNTREPRINDERILOR PRIVATE MICI \u0218I MIJLOCII DIN ROM\u00c2NIA -CNIPMMR<strong><\/strong><\/td><\/tr><tr><td>13<\/td><td>\u00a0NAGY EMOKE<\/td><td>CONSILIUL NA\u021aIONAL AL \u00ceNTREPRINDERILOR PRIVATE MICI \u0218I MIJLOCII DIN ROM\u00c2NIA -CNIPMMR<strong><\/strong><\/td><\/tr><tr><td>14<\/td><td>F\u0102R\u0102 NOMINALIZARE<strong><\/strong><\/td><td>CONFEDERA\u021aIA PATRONAL\u0102 \u201dCONCORDIA\u201d<strong><\/strong><\/td><\/tr><tr><td>15<\/td><td>F\u0102R\u0102 NOMINALIZARE<strong><\/strong><\/td><td>CONFEDERA\u021aIA PATRONAL\u0102 \u201dCONCORDIA\u201d<strong><\/strong><\/td><\/tr><\/tbody><\/table><\/figure>\n\n\n\n<h2 class=\"wp-block-heading\">Agenda de lucru<\/h2>\n\n\n\t\t\t\t<ul class=\"recentcontent\">\n\t\t\t\t\t\t\t\t\t<li>\n\t\t\t\t\t\t<a href=\"https:\/\/www.anofm.ro\/harghita\/agenda-de-lucru-decembrie-2024\/\">\n\t\t\t\t\t\t\t\t\t\t\t\t\t\t\t<img decoding=\"async\" src=\"https:\/\/www.anofm.ro\/harghita\/wp-content\/plugins\/anofm-custom-post-types\/assets\/images\/placeholder-thumb.png\" alt=\"\">\n\t\t\t\t\t\t\t\t\t\t\t\t\t\t\t\t<p class=\"h4\">Agenda de lucru decembrie 2024<\/p>\n\t\t\t\t\t\t\t\t\t\t\t\t\t\t\t<span>10\/12\/2024<\/span>\n\t\t\t\t\t\t<\/a>\n\t\t\t\t\t<\/li>\n\t\t\t\t\t\t\t\t\t\t<li>\n\t\t\t\t\t\t<a href=\"https:\/\/www.anofm.ro\/harghita\/agenda-de-lucru\/\">\n\t\t\t\t\t\t\t\t\t\t\t\t\t\t\t<img decoding=\"async\" src=\"https:\/\/www.anofm.ro\/harghita\/wp-content\/plugins\/anofm-custom-post-types\/assets\/images\/placeholder-thumb.png\" alt=\"\">\n\t\t\t\t\t\t\t\t\t\t\t\t\t\t\t\t<p class=\"h4\">Agenda de lucru noiembrie 2024<\/p>\n\t\t\t\t\t\t\t\t\t\t\t\t\t\t\t<span>22\/11\/2024<\/span>\n\t\t\t\t\t\t<\/a>\n\t\t\t\t\t<\/li>\n\t\t\t\t\t\t\t\t\t<\/ul>\n\t\t\t\t","protected":false},"excerpt":{"rendered":"<p>Conducere Tiberiu P\u0103nescu, director executiv Pall Klementina Katalin, director executiv adjunct Consiliul consultativ Nr. crt. Nume \u0219i prenume Institu\u021bia reprezentat\u0103 1 MALE DORIN INSPECTORATUL TERITORIAL DE MUNC\u0102 HARGHITA 2 DAVID<\/p>\n","protected":false},"author":1,"featured_media":0,"parent":0,"menu_order":60,"comment_status":"closed","ping_status":"closed","template":"template-parts\/content-with-sidebar.php","meta":{"footnotes":""},"class_list":["post-2163","page","type-page","status-publish","hentry"],"_links":{"self":[{"href":"https:\/\/www.anofm.ro\/harghita\/wp-json\/wp\/v2\/pages\/2163","targetHints":{"allow":["GET"]}}],"collection":[{"href":"https:\/\/www.anofm.ro\/harghita\/wp-json\/wp\/v2\/pages"}],"about":[{"href":"https:\/\/www.anofm.ro\/harghita\/wp-json\/wp\/v2\/types\/page"}],"author":[{"embeddable":true,"href":"https:\/\/www.anofm.ro\/harghita\/wp-json\/wp\/v2\/users\/1"}],"replies":[{"embeddable":true,"href":"https:\/\/www.anofm.ro\/harghita\/wp-json\/wp\/v2\/comments?post=2163"}],"version-history":[{"count":8,"href":"https:\/\/www.anofm.ro\/harghita\/wp-json\/wp\/v2\/pages\/2163\/revisions"}],"predecessor-version":[{"id":6302,"href":"https:\/\/www.anofm.ro\/harghita\/wp-json\/wp\/v2\/pages\/2163\/revisions\/6302"}],"wp:attachment":[{"href":"https:\/\/www.anofm.ro\/harghita\/wp-json\/wp\/v2\/media?parent=2163"}],"curies":[{"name":"wp","href":"https:\/\/api.w.org\/{rel}","templated":true}]}}

<p></p>



<h2 class="wp-block-heading">Conducere</h2>



<p><strong>Tiberiu Pănescu</strong>, director executiv</p>



<p><strong>Pall Klementina Katalin</strong>, director executiv adjunct </p>



<h2 class="wp-block-heading">Consiliul consultativ</h2>



<figure class="wp-block-table alignleft"><table><tbody><tr><td><strong>Nr. crt.</strong></td><td><strong>Nume și prenume</strong></td><td><strong>Instituția reprezentată</strong></td></tr><tr><td>1</td><td>MALE DORIN<strong></strong></td><td>INSPECTORATUL TERITORIAL DE MUNCĂ HARGHITA<strong></strong></td></tr><tr><td>2</td><td>DAVID ILDIKO-NOEMI</td><td>DIRECŢIA JUDEŢEANĂ DE STATISTICĂ HARGHITA<strong></strong></td></tr><tr><td>3</td><td>DIMEN HUNOR DENES<strong></strong></td><td>DIRECŢIA GENERALĂ A FINANŢELOR PUBLICE HARGHITA<strong></strong></td></tr><tr><td>4</td><td>SZOCS  ISTVAN</td><td>CONSILIUL JUDETEAN HARGHITA<strong></strong></td></tr><tr><td>5</td><td>DEMETER LEVENTE<strong></strong></td><td>INSPECTORATUL ŞCOLAR JUDETEAN HARGHITA<strong></strong></td></tr><tr><td>6</td><td>SZABO ADRIAN<strong></strong></td><td>CONFEDERATIA SINDICATELOR DEMOCRATICE DIN ROMANIA<strong></strong></td></tr><tr><td>7</td><td>DEMETER FAZAKAS ISTVAN<strong></strong></td><td>CONFEDERATIA NATIONALA SINDICALA “CARTEL ALFA”<strong></strong></td></tr><tr><td>8</td><td>SZABO ISTVAN<strong></strong></td><td>BLOCUL NAŢIONAL SINDICAL-BNS<strong></strong></td></tr><tr><td>9</td><td>&nbsp; DAKO EVA<strong></strong></td><td>CONFEDERATIA NATIONALA A SINDICATELOR LIBERE DIN ROMANIA ‘’FRĂŢIA’’<strong></strong></td></tr><tr><td>10</td><td>CEUGEA SORIN<strong></strong></td><td>CONFEDERATIA SINDICALA NATIONALA ‘’ MERIDIAN’’<strong></strong></td></tr><tr><td>11</td><td>&nbsp; MARCU ALEXANDRA</td><td>CONSILIUL NAȚIONAL AL ÎNTREPRINDERILOR PRIVATE MICI ȘI MIJLOCII DIN ROMÂNIA -CNIPMMR<strong></strong></td></tr><tr><td>12</td><td>&nbsp; MIRON TIBIȘOR MARIAN<strong></strong></td><td>CONSILIUL NAȚIONAL AL ÎNTREPRINDERILOR PRIVATE MICI ȘI MIJLOCII DIN ROMÂNIA -CNIPMMR<strong></strong></td></tr><tr><td>13</td><td> NAGY EMOKE</td><td>CONSILIUL NAȚIONAL AL ÎNTREPRINDERILOR PRIVATE MICI ȘI MIJLOCII DIN ROMÂNIA -CNIPMMR<strong></strong></td></tr><tr><td>14</td><td>FĂRĂ NOMINALIZARE<strong></strong></td><td>CONFEDERAȚIA PATRONALĂ ”CONCORDIA”<strong></strong></td></tr><tr><td>15</td><td>FĂRĂ NOMINALIZARE<strong></strong></td><td>CONFEDERAȚIA PATRONALĂ ”CONCORDIA”<strong></strong></td></tr></tbody></table></figure>



<h2 class="wp-block-heading">Agenda de lucru</h2>


				<ul class="recentcontent">
									<li>
						<a href="https://www.anofm.ro/harghita/agenda-de-lucru-decembrie-2024/">
															<img decoding="async" src="https://www.anofm.ro/harghita/wp-content/plugins/anofm-custom-post-types/assets/images/placeholder-thumb.png" alt="">
																<p class="h4">Agenda de lucru decembrie 2024</p>
															<span>10/12/2024</span>
						</a>
					</li>
										<li>
						<a href="https://www.anofm.ro/harghita/agenda-de-lucru/">
															<img decoding="async" src="https://www.anofm.ro/harghita/wp-content/plugins/anofm-custom-post-types/assets/images/placeholder-thumb.png" alt="">
																<p class="h4">Agenda de lucru noiembrie 2024</p>
															<span>22/11/2024</span>
						</a>
					</li>
									</ul>

<p>Conducere Tiberiu Pănescu, director executiv Pall Klementina Katalin, director executiv adjunct Consiliul consultativ Nr. crt. Nume și prenume Instituția reprezentată 1 MALE DORIN INSPECTORATUL TERITORIAL DE MUNCĂ HARGHITA 2 DAVID</p>
