{"id":2207,"date":"2023-12-14T22:54:02","date_gmt":"2023-12-14T20:54:02","guid":{"rendered":"https:\/\/www.anofm.ro\/lista-documentelor-de-interes-public\/"},"modified":"2024-01-22T00:32:04","modified_gmt":"2024-01-21T22:32:04","slug":"lista-documentelor-de-interes-public","status":"publish","type":"page","link":"https:\/\/www.anofm.ro\/giurgiu\/lista-documentelor-de-interes-public\/","title":{"rendered":"Lista documentelor de interes public"},"content":{"rendered":"\n<p>1. Acte normative care reglementeaz\u0103 organizarea \u015fi func\u0163ionarea Agen\u0163iei Jude\u0163ene pentru Ocuparea For\u0163ei de Munca Giurgiu;\u00a0<\/p>\n\n\n\n<p>2. Structura organizatoric\u0103, atribu\u0163iile compartimentelor institu\u0163iei, programul de func\u0163ionare \u015fi programul de audien\u0163e;<\/p>\n\n\n\n<p>3. Numele \u015fi prenumele persoanelor din conducerea AJOFM Giurgiu, precum \u015fi ale responsabililor cu informa\u0163iile publice;\u00a0<\/p>\n\n\n\n<p>4. Coordonatele de contact ale AJOFM Giurgiu, respectiv: denumirea, sediul, numerele de telefon, fax, adresa de e-mail \u015fi adresa paginii de Internet;<\/p>\n\n\n\n<p>5. Programele \u015fi strategiile proprii;<\/p>\n\n\n\n<p>6. Raportul anual cu privire la activitatea AJOFM Giurgiu;\u00a0<br>7. Regulamentul de organizare si func\u0163ionare al AJOFM Giurgiu;\u00a0<br>8. Regulamentul intern al AJOFM Giurgiu;\u00a0<br>9. Bugetul de venituri \u015fi cheltuieli al AJOFM Giurgiu \u015fi bilan\u0163ul contabil;\u00a0<br>10. Comunicate de pres\u0103, buletine informative, documentare de pres\u0103, bro\u015furi, pliante, afi\u015fe,ghiduri, privind activit\u0103\u0163ile AJOFM Giurgiu;\u00a0<br>11. Materiale prezentate \u00een cadrul conferin\u0163elor de pres\u0103 \u015fi declara\u0163ii de pres\u0103;\u00a0<br>12. Declara\u0163ii de avere;\u00a0<br>13. Documente necesare desf\u0103\u015fur\u0103rii concursurilor pentru ocuparea posturilor vacante;\u00a0<br>14. Informa\u0163ii privind organizarea licita\u0163iilor la nivelul AJOFM Giurgiu, conform legisla\u0163iei \u00een vigoare.<\/p>\n","protected":false},"excerpt":{"rendered":"<p>1. Acte normative care reglementeaz\u0103 organizarea \u015fi func\u0163ionarea Agen\u0163iei Jude\u0163ene pentru Ocuparea For\u0163ei de Munca Giurgiu;\u00a0 2. Structura organizatoric\u0103, atribu\u0163iile compartimentelor institu\u0163iei, programul de func\u0163ionare \u015fi programul de audien\u0163e; 3.<\/p>\n","protected":false},"author":1,"featured_media":0,"parent":0,"menu_order":280,"comment_status":"closed","ping_status":"closed","template":"template-parts\/content-with-sidebar.php","meta":{"footnotes":""},"class_list":["post-2207","page","type-page","status-publish","hentry"],"_links":{"self":[{"href":"https:\/\/www.anofm.ro\/giurgiu\/wp-json\/wp\/v2\/pages\/2207","targetHints":{"allow":["GET"]}}],"collection":[{"href":"https:\/\/www.anofm.ro\/giurgiu\/wp-json\/wp\/v2\/pages"}],"about":[{"href":"https:\/\/www.anofm.ro\/giurgiu\/wp-json\/wp\/v2\/types\/page"}],"author":[{"embeddable":true,"href":"https:\/\/www.anofm.ro\/giurgiu\/wp-json\/wp\/v2\/users\/1"}],"replies":[{"embeddable":true,"href":"https:\/\/www.anofm.ro\/giurgiu\/wp-json\/wp\/v2\/comments?post=2207"}],"version-history":[{"count":1,"href":"https:\/\/www.anofm.ro\/giurgiu\/wp-json\/wp\/v2\/pages\/2207\/revisions"}],"predecessor-version":[{"id":3148,"href":"https:\/\/www.anofm.ro\/giurgiu\/wp-json\/wp\/v2\/pages\/2207\/revisions\/3148"}],"wp:attachment":[{"href":"https:\/\/www.anofm.ro\/giurgiu\/wp-json\/wp\/v2\/media?parent=2207"}],"curies":[{"name":"wp","href":"https:\/\/api.w.org\/{rel}","templated":true}]}}