{"id":2163,"date":"2023-12-14T22:54:01","date_gmt":"2023-12-14T20:54:01","guid":{"rendered":"https:\/\/www.anofm.ro\/conducere\/"},"modified":"2025-04-02T11:22:11","modified_gmt":"2025-04-02T08:22:11","slug":"conducere","status":"publish","type":"page","link":"https:\/\/www.anofm.ro\/giurgiu\/conducere\/","title":{"rendered":"Conducere"},"content":{"rendered":"\n<h2 class=\"wp-block-heading\">Conducere<\/h2>\n\n\n\t\t\t\t\t<div class=\"team-member\">\n\t\t\t\t\t\t<div class=\"team-member-details\">\n\n\t\t\t\t\t\t\t\t\t\t\t\t\t\t<h2>\n\t\t\t\t\t\t\t\tVIRGIL PEIA\t\t\t\t\t\t\t\t<\/h2>\n\t\t\t\t\t\t\t\t\t\t\t\t\t\t\t\t\t<p class=\"h4\">Director<\/p>\n\t\t\t\t\t\t\t\t\t\n\t\t\t\t\t\t<\/div>\n\t\t\t\t\t<\/div>\n\t\t\t\t\n\n\n<p>MARIN MARIAN DANIEL<\/p>\n\n\n\n<p>DIRECTOR EXECUTIV ADJUNCT<\/p>\n\n\n\n<h2 class=\"wp-block-heading\">Consiliu consultativ<\/h2>\n\n\n\n<figure class=\"wp-block-table alignleft\"><table><tbody><tr><td><strong>Nr. crt.<\/strong><\/td><td><strong>Nume \u0219i prenume<\/strong><\/td><td><strong>Institu\u021bia reprezentat\u0103<\/strong><\/td><\/tr><tr><td>1<\/td><td>MATECIUC LILIANA ALINA <strong><\/strong><\/td><td>INSTITU\u021aIA PREFECTULUI &#8211; JUD. GIURGIU<strong><\/strong><\/td><\/tr><tr><td>2<\/td><td>DUMITRU MARIAN<strong><\/strong><\/td><td>CASA JUDE\u021aEAN\u0102 DE PENSII&nbsp; GIURGIU<strong><\/strong><\/td><\/tr><tr><td>3<\/td><td>ANCULESCU CRISTIAN<\/td><td>INSPECTORATUL TERITORIAL DE MUNCA GIURGIU<strong><\/strong><\/td><\/tr><tr><td>4<\/td><td>GHIMPE\u021aEANU ION<strong><\/strong><\/td><td>INSPECTORATUL \u0218COLAR GIURGIU<strong><\/strong><\/td><\/tr><tr><td>5<\/td><td>IONITA LUCIAN<\/td><td>CONSILIUL JUDE\u021aEAN GIURGIU<strong><\/strong><\/td><\/tr><tr><td>6<\/td><td>MARIN MARIUS RADU DUMITRU<\/td><td>CONFEDERA\u021aIA SINDICATELOR DEMOCRATICE DIN ROMANIA <strong><\/strong><\/td><\/tr><tr><td>7<\/td><td>STANOI FLOREA<\/td><td>CONFEDERA\u021aIA SINDICATELOR DEMOCRATICE DIN ROMANIA <\/td><\/tr><tr><td>8<\/td><td>MARIN ROMICA<strong><\/strong><\/td><td>CONFEDERA\u021aIA NA\u021aIONAL\u0102 A SINDICATELOR LIBERE DIN ROM\u00c2NIA &#8211;&nbsp; Fratia<strong><\/strong><\/td><\/tr><tr><td>9<\/td><td>&nbsp;ENE GHEORGHE <strong>&nbsp;<\/strong><\/td><td>CONFEDERA\u021aIA NA\u021aIONAL\u0102 SINDICAL\u0102 \u00ab&nbsp;CARTEL ALFA&nbsp;\u00bb<strong><\/strong><\/td><\/tr><tr><td>10<\/td><td>SERBAN OPRICA<strong><\/strong><\/td><td>BLOCUL NA\u021aIONAL SINDICAL<strong><\/strong><\/td><\/tr><tr><td>11<\/td><td>GHINEA FLORIN<strong>&nbsp;<\/strong><\/td><td>CONSILIUL NA\u021aIONAL AL INTREPRINDERILOR PRIVATE MICI \u0218I MIJLOCII DIN ROM\u00c2NIA &#8211; CNIPMMR<strong><\/strong><\/td><\/tr><tr><td>12<\/td><td>MANUCU MARIANA<strong><\/strong><\/td><td>CONSILIUL NA\u021aIONAL AL INTREPRINDERILOR PRIVATE MICI \u0218I MIJLOCII DIN ROM\u00c2NIA &#8211; CNIPMMR<strong><\/strong><\/td><\/tr><tr><td>13<\/td><td>SOARE NICOLETA<strong><\/strong><\/td><td>CONSILIUL NA\u021aIONAL AL INTREPRINDERILOR PRIVATE MICI \u0218I MIJLOCII DIN ROM\u00c2NIA &#8211; CNIPMMR<strong><\/strong><\/td><\/tr><tr><td>14<\/td><td>NEAGU ANDREEA <strong>&nbsp;<\/strong><\/td><td>CONFEDERA\u021aIA PATRONAL\u0102 \u201cCONCORDIA\u201d<strong><\/strong><\/td><\/tr><tr><td>15<\/td><td>STUBEANU GHEORGHE<strong><\/strong><\/td><td>CONFEDERA\u021aIA PATRONAL\u0102 \u201cCONCORDIA\u201d<strong><\/strong><\/td><\/tr><\/tbody><\/table><\/figure>\n\n\n\n<h2 class=\"wp-block-heading\">Agenda de lucru<\/h2>\n\n\n\t\t\t<p>\n\t\t\t\tCategoria selectat\u0103 nu con\u021bine nici un articol\t\t\t<\/p>\n\t\t\t\n\n\n<p><strong>Directorul executiv al  Agen\u0163iei Judetene pentru Ocuparea For\u0163ei de Munc\u0103<\/strong>\u00a0Giurgiu acord\u0103 audien\u0163e sapt\u0103m\u00e2nal, \u00een fiecare zi mar\u0163i, \u00eentre orele 14.00 &#8211; 16.00.<br>Program\u0103rile se fac la telefon: 0246230613<\/p>\n\n\n\n<p><strong>Directorul executiv adjunct al\u00a0 Agen\u021biei\u00a0 Judetene\u00a0 pentru\u00a0 Ocuparea\u00a0 For\u021bei\u00a0 de\u00a0 Munc\u0103<\/strong>\u00a0\u00a0Giurgiu acord\u0103 audien\u0163e sapt\u0103m\u00e2nal, \u00een fiecare zi joi \u00eentre orele 14.00 &#8211; 16.00.<br>Program\u0103rile se fac la telefon: 0246230613.<\/p>\n\n\n\n<p><\/p>\n","protected":false},"excerpt":{"rendered":"<p>Conducere MARIN MARIAN DANIEL DIRECTOR EXECUTIV ADJUNCT Consiliu consultativ Nr. crt. Nume \u0219i prenume Institu\u021bia reprezentat\u0103 1 MATECIUC LILIANA ALINA INSTITU\u021aIA PREFECTULUI &#8211; JUD. GIURGIU 2 DUMITRU MARIAN CASA JUDE\u021aEAN\u0102<\/p>\n","protected":false},"author":1,"featured_media":0,"parent":0,"menu_order":60,"comment_status":"closed","ping_status":"closed","template":"template-parts\/content-with-sidebar.php","meta":{"footnotes":""},"class_list":["post-2163","page","type-page","status-publish","hentry"],"_links":{"self":[{"href":"https:\/\/www.anofm.ro\/giurgiu\/wp-json\/wp\/v2\/pages\/2163","targetHints":{"allow":["GET"]}}],"collection":[{"href":"https:\/\/www.anofm.ro\/giurgiu\/wp-json\/wp\/v2\/pages"}],"about":[{"href":"https:\/\/www.anofm.ro\/giurgiu\/wp-json\/wp\/v2\/types\/page"}],"author":[{"embeddable":true,"href":"https:\/\/www.anofm.ro\/giurgiu\/wp-json\/wp\/v2\/users\/1"}],"replies":[{"embeddable":true,"href":"https:\/\/www.anofm.ro\/giurgiu\/wp-json\/wp\/v2\/comments?post=2163"}],"version-history":[{"count":7,"href":"https:\/\/www.anofm.ro\/giurgiu\/wp-json\/wp\/v2\/pages\/2163\/revisions"}],"predecessor-version":[{"id":4573,"href":"https:\/\/www.anofm.ro\/giurgiu\/wp-json\/wp\/v2\/pages\/2163\/revisions\/4573"}],"wp:attachment":[{"href":"https:\/\/www.anofm.ro\/giurgiu\/wp-json\/wp\/v2\/media?parent=2163"}],"curies":[{"name":"wp","href":"https:\/\/api.w.org\/{rel}","templated":true}]}}

<h2 class="wp-block-heading">Conducere</h2>


					<div class="team-member">
						<div class="team-member-details">

														<h2>
								VIRGIL PEIA								</h2>
																	<p class="h4">Director</p>
									
						</div>
					</div>
				


<p>MARIN MARIAN DANIEL</p>



<p>DIRECTOR EXECUTIV ADJUNCT</p>



<h2 class="wp-block-heading">Consiliu consultativ</h2>



<figure class="wp-block-table alignleft"><table><tbody><tr><td><strong>Nr. crt.</strong></td><td><strong>Nume și prenume</strong></td><td><strong>Instituția reprezentată</strong></td></tr><tr><td>1</td><td>MATECIUC LILIANA ALINA <strong></strong></td><td>INSTITUȚIA PREFECTULUI &#8211; JUD. GIURGIU<strong></strong></td></tr><tr><td>2</td><td>DUMITRU MARIAN<strong></strong></td><td>CASA JUDEȚEANĂ DE PENSII&nbsp; GIURGIU<strong></strong></td></tr><tr><td>3</td><td>ANCULESCU CRISTIAN</td><td>INSPECTORATUL TERITORIAL DE MUNCA GIURGIU<strong></strong></td></tr><tr><td>4</td><td>GHIMPEȚEANU ION<strong></strong></td><td>INSPECTORATUL ȘCOLAR GIURGIU<strong></strong></td></tr><tr><td>5</td><td>IONITA LUCIAN</td><td>CONSILIUL JUDEȚEAN GIURGIU<strong></strong></td></tr><tr><td>6</td><td>MARIN MARIUS RADU DUMITRU</td><td>CONFEDERAȚIA SINDICATELOR DEMOCRATICE DIN ROMANIA <strong></strong></td></tr><tr><td>7</td><td>STANOI FLOREA</td><td>CONFEDERAȚIA SINDICATELOR DEMOCRATICE DIN ROMANIA </td></tr><tr><td>8</td><td>MARIN ROMICA<strong></strong></td><td>CONFEDERAȚIA NAȚIONALĂ A SINDICATELOR LIBERE DIN ROMÂNIA &#8211;&nbsp; Fratia<strong></strong></td></tr><tr><td>9</td><td>&nbsp;ENE GHEORGHE <strong>&nbsp;</strong></td><td>CONFEDERAȚIA NAȚIONALĂ SINDICALĂ «&nbsp;CARTEL ALFA&nbsp;»<strong></strong></td></tr><tr><td>10</td><td>SERBAN OPRICA<strong></strong></td><td>BLOCUL NAȚIONAL SINDICAL<strong></strong></td></tr><tr><td>11</td><td>GHINEA FLORIN<strong>&nbsp;</strong></td><td>CONSILIUL NAȚIONAL AL INTREPRINDERILOR PRIVATE MICI ȘI MIJLOCII DIN ROMÂNIA &#8211; CNIPMMR<strong></strong></td></tr><tr><td>12</td><td>MANUCU MARIANA<strong></strong></td><td>CONSILIUL NAȚIONAL AL INTREPRINDERILOR PRIVATE MICI ȘI MIJLOCII DIN ROMÂNIA &#8211; CNIPMMR<strong></strong></td></tr><tr><td>13</td><td>SOARE NICOLETA<strong></strong></td><td>CONSILIUL NAȚIONAL AL INTREPRINDERILOR PRIVATE MICI ȘI MIJLOCII DIN ROMÂNIA &#8211; CNIPMMR<strong></strong></td></tr><tr><td>14</td><td>NEAGU ANDREEA <strong>&nbsp;</strong></td><td>CONFEDERAȚIA PATRONALĂ “CONCORDIA”<strong></strong></td></tr><tr><td>15</td><td>STUBEANU GHEORGHE<strong></strong></td><td>CONFEDERAȚIA PATRONALĂ “CONCORDIA”<strong></strong></td></tr></tbody></table></figure>



<h2 class="wp-block-heading">Agenda de lucru</h2>


			<p>
				Categoria selectată nu conține nici un articol			</p>
			


<p><strong>Directorul executiv al  Agenţiei Judetene pentru Ocuparea Forţei de Muncă</strong> Giurgiu acordă audienţe saptămânal, în fiecare zi marţi, între orele 14.00 &#8211; 16.00.<br>Programările se fac la telefon: 0246230613</p>



<p><strong>Directorul executiv adjunct al  Agenției  Judetene  pentru  Ocuparea  Forței  de  Muncă</strong>  Giurgiu acordă audienţe saptămânal, în fiecare zi joi între orele 14.00 &#8211; 16.00.<br>Programările se fac la telefon: 0246230613.</p>



<p></p>

<p>Conducere MARIN MARIAN DANIEL DIRECTOR EXECUTIV ADJUNCT Consiliu consultativ Nr. crt. Nume și prenume Instituția reprezentată 1 MATECIUC LILIANA ALINA INSTITUȚIA PREFECTULUI &#8211; JUD. GIURGIU 2 DUMITRU MARIAN CASA JUDEȚEANĂ</p>
