{"id":2207,"date":"2023-12-14T22:54:02","date_gmt":"2023-12-14T20:54:02","guid":{"rendered":"https:\/\/www.anofm.ro\/lista-documentelor-de-interes-public\/"},"modified":"2024-01-24T22:39:40","modified_gmt":"2024-01-24T20:39:40","slug":"lista-documentelor-de-interes-public","status":"publish","type":"page","link":"https:\/\/www.anofm.ro\/crfpa-dolj\/lista-documentelor-de-interes-public\/","title":{"rendered":"Lista documentelor de interes public"},"content":{"rendered":"\n<p>Informa\u0163ii de interes public:<\/p>\n\n\n\n<p>a) actele normative care reglementeaz\u0103 organizarea \u015fi func\u0163ionarea autorit\u0103\u0163ii sau institu\u0163iei publice;<br>b) structura organizatoric\u0103, atribu\u0163iile departamentelor, programul de func\u0163ionare, programul de audien\u0163e al autorit\u0103\u0163ii sau institu\u0163iei publice;<br>c) numele \u015fi prenumele persoanelor din conducerea autorit\u0103\u0163ii sau a institu\u0163iei publice \u015fi ale func\u0163ionarului responsabil cu difuzarea informa\u0163iilor publice;<br>d) coordonatele de contact ale autorit\u0103\u0163ii sau institu\u0163iei publice, respectiv: denumirea, sediul, numerele de telefon, fax, adresa de e-mail \u015fi adresa paginii de Internet;<br>e) bugetul \u015fi bilan\u0163ul contabil;<br>f) programele \u015fi strategiile proprii;<br>g) lista cuprinz\u00e2nd documentele de interes public;<br>h) lista cuprinz\u00e2nd categoriile de documente produse \u015fi\/sau gestionate, potrivit legii<\/p>\n\n\n\n<ul class=\"wp-block-list\">\n<li><a href=\"\/upload2\/CRFPA-Dolj\/2117\/Lista_documente_interes_public.pdf\">Lista_documente_interes_public.pdf<\/a><\/li>\n<\/ul>\n","protected":false},"excerpt":{"rendered":"<p>Informa\u0163ii de interes public: a) actele normative care reglementeaz\u0103 organizarea \u015fi func\u0163ionarea autorit\u0103\u0163ii sau institu\u0163iei publice;b) structura organizatoric\u0103, atribu\u0163iile departamentelor, programul de func\u0163ionare, programul de audien\u0163e al autorit\u0103\u0163ii sau institu\u0163iei<\/p>\n","protected":false},"author":1,"featured_media":0,"parent":0,"menu_order":280,"comment_status":"closed","ping_status":"closed","template":"template-parts\/content-with-sidebar.php","meta":{"footnotes":""},"class_list":["post-2207","page","type-page","status-publish","hentry"],"_links":{"self":[{"href":"https:\/\/www.anofm.ro\/crfpa-dolj\/wp-json\/wp\/v2\/pages\/2207","targetHints":{"allow":["GET"]}}],"collection":[{"href":"https:\/\/www.anofm.ro\/crfpa-dolj\/wp-json\/wp\/v2\/pages"}],"about":[{"href":"https:\/\/www.anofm.ro\/crfpa-dolj\/wp-json\/wp\/v2\/types\/page"}],"author":[{"embeddable":true,"href":"https:\/\/www.anofm.ro\/crfpa-dolj\/wp-json\/wp\/v2\/users\/1"}],"replies":[{"embeddable":true,"href":"https:\/\/www.anofm.ro\/crfpa-dolj\/wp-json\/wp\/v2\/comments?post=2207"}],"version-history":[{"count":1,"href":"https:\/\/www.anofm.ro\/crfpa-dolj\/wp-json\/wp\/v2\/pages\/2207\/revisions"}],"predecessor-version":[{"id":3153,"href":"https:\/\/www.anofm.ro\/crfpa-dolj\/wp-json\/wp\/v2\/pages\/2207\/revisions\/3153"}],"wp:attachment":[{"href":"https:\/\/www.anofm.ro\/crfpa-dolj\/wp-json\/wp\/v2\/media?parent=2207"}],"curies":[{"name":"wp","href":"https:\/\/api.w.org\/{rel}","templated":true}]}}