{"id":2187,"date":"2023-12-14T22:54:01","date_gmt":"2023-12-14T20:54:01","guid":{"rendered":"https:\/\/www.anofm.ro\/parteneriate-de-colaborare\/"},"modified":"2026-02-20T11:07:23","modified_gmt":"2026-02-20T09:07:23","slug":"parteneriate-de-colaborare","status":"publish","type":"page","link":"https:\/\/www.anofm.ro\/crfpa-dolj\/parteneriate-de-colaborare\/","title":{"rendered":"Parteneriate de colaborare"},"content":{"rendered":"\n<p>Pentru a veni \u00een \u00eent\u00e2mpinarea nevoilor persoanelor \u00een c\u0103utarea unui loc de munc\u0103, precum \u015fi a celor ce \u00ee\u015fi doresc perfec\u0163ionarea \u00eentr-un domeniu specific, CRFPA Dolj are, pentru 2024, parteneriate cu Agen\u0163iile pentru Ocuparea For\u0163ei de Munc\u0103 din jude\u0163ele Dolj, Arges, Braila, Botosani, Dambovita, Gorj, Hunedoara, Olt, Vrancea \u015fi Ilfov<\/p>\n\n\n\n<div class=\"file-list-wrap\"><p class=\"h4\">Documente desc\u0103rcabile<\/p><ul class=\"file-list\">\n<li><a href=\"https:\/\/www.anofm.ro\/crfpa-dolj\/wp-content\/uploads\/sites\/48\/2026\/02\/parteneriate-pentru-anul-2026.pdf\" download>parteneriate-pentru-anul-2026.pdf<\/a><\/li>\n\n\n\n<li><a href=\"https:\/\/www.anofm.ro\/crfpa-dolj\/wp-content\/uploads\/sites\/48\/2026\/02\/parteneriate-pentru-anul-2025.pdf\" download>parteneriate-pentru-anul-2025.pdf<\/a><\/li>\n\n\n\n<li><a href=\"https:\/\/www.anofm.ro\/crfpa-dolj\/wp-content\/uploads\/sites\/48\/2024\/10\/Parteneriat-2024-AJOFM-DJ.pdf\" download>Parteneriat-2024-AJOFM-DJ.pdf<\/a><\/li>\n\n\n\n<li><a href=\"https:\/\/www.anofm.ro\/crfpa-dolj\/wp-content\/uploads\/sites\/48\/2024\/10\/Parteneriat-2024-AJOFM-AG.pdf\" download>Parteneriat-2024-AJOFM-AG.pdf<\/a><\/li>\n\n\n\n<li><a href=\"https:\/\/www.anofm.ro\/crfpa-dolj\/wp-content\/uploads\/sites\/48\/2024\/10\/Parteneriat-2024-AJOFM-BR.pdf\" download>Parteneriat-2024-AJOFM-BR.pdf<\/a><\/li>\n\n\n\n<li><a href=\"https:\/\/www.anofm.ro\/crfpa-dolj\/wp-content\/uploads\/sites\/48\/2024\/10\/Parteneriat-2024-AJOFM-BT.pdf\" download>Parteneriat-2024-AJOFM-BT.pdf<\/a><\/li>\n\n\n\n<li><a href=\"https:\/\/www.anofm.ro\/crfpa-dolj\/wp-content\/uploads\/sites\/48\/2024\/10\/Parteneriat-2024-AJOFM-DB.pdf\" download>Parteneriat-2024-AJOFM-DB.pdf<\/a><\/li>\n\n\n\n<li><a href=\"https:\/\/www.anofm.ro\/crfpa-dolj\/wp-content\/uploads\/sites\/48\/2024\/10\/Parteneriat-2024-AJOFM-GJ.pdf\" download>Parteneriat-2024-AJOFM-GJ.pdf<\/a><\/li>\n\n\n\n<li><a href=\"https:\/\/www.anofm.ro\/crfpa-dolj\/wp-content\/uploads\/sites\/48\/2024\/10\/Parteneriat-2024-AJOFM-HD.pdf\" download>Parteneriat-2024-AJOFM-HD.pdf<\/a><\/li>\n\n\n\n<li><a href=\"https:\/\/www.anofm.ro\/crfpa-dolj\/wp-content\/uploads\/sites\/48\/2024\/10\/Parteneriat-2024-AJOFM-IF.pdf\" download>Parteneriat-2024-AJOFM-IF.pdf<\/a><\/li>\n\n\n\n<li><a href=\"https:\/\/www.anofm.ro\/crfpa-dolj\/wp-content\/uploads\/sites\/48\/2024\/10\/Parteneriat-2024-AJOFM-OT.pdf\" download>Parteneriat-2024-AJOFM-OT.pdf<\/a><\/li>\n\n\n\n<li><a href=\"https:\/\/www.anofm.ro\/crfpa-dolj\/wp-content\/uploads\/sites\/48\/2024\/10\/Parteneriat-2024-AJOFM-VN.pdf\" download>Parteneriat-2024-AJOFM-VN.pdf<\/a><\/li>\n<\/ul><\/div>\n","protected":false},"excerpt":{"rendered":"<p>Pentru a veni \u00een \u00eent\u00e2mpinarea nevoilor persoanelor \u00een c\u0103utarea unui loc de munc\u0103, precum \u015fi a celor ce \u00ee\u015fi doresc perfec\u0163ionarea \u00eentr-un domeniu specific, CRFPA Dolj are, pentru 2024, parteneriate<\/p>\n","protected":false},"author":1,"featured_media":0,"parent":0,"menu_order":180,"comment_status":"closed","ping_status":"closed","template":"template-parts\/content-with-sidebar.php","meta":{"footnotes":""},"class_list":["post-2187","page","type-page","status-publish","hentry"],"_links":{"self":[{"href":"https:\/\/www.anofm.ro\/crfpa-dolj\/wp-json\/wp\/v2\/pages\/2187","targetHints":{"allow":["GET"]}}],"collection":[{"href":"https:\/\/www.anofm.ro\/crfpa-dolj\/wp-json\/wp\/v2\/pages"}],"about":[{"href":"https:\/\/www.anofm.ro\/crfpa-dolj\/wp-json\/wp\/v2\/types\/page"}],"author":[{"embeddable":true,"href":"https:\/\/www.anofm.ro\/crfpa-dolj\/wp-json\/wp\/v2\/users\/1"}],"replies":[{"embeddable":true,"href":"https:\/\/www.anofm.ro\/crfpa-dolj\/wp-json\/wp\/v2\/comments?post=2187"}],"version-history":[{"count":3,"href":"https:\/\/www.anofm.ro\/crfpa-dolj\/wp-json\/wp\/v2\/pages\/2187\/revisions"}],"predecessor-version":[{"id":4688,"href":"https:\/\/www.anofm.ro\/crfpa-dolj\/wp-json\/wp\/v2\/pages\/2187\/revisions\/4688"}],"wp:attachment":[{"href":"https:\/\/www.anofm.ro\/crfpa-dolj\/wp-json\/wp\/v2\/media?parent=2187"}],"curies":[{"name":"wp","href":"https:\/\/api.w.org\/{rel}","templated":true}]}}