{"id":3172,"date":"2024-02-02T11:25:11","date_gmt":"2024-02-02T09:25:11","guid":{"rendered":"https:\/\/www.anofm.ro\/crfpa-calarasi\/programe-de-formare-profesionala-autorizate\/"},"modified":"2024-02-02T12:08:28","modified_gmt":"2024-02-02T10:08:28","slug":"programe-de-formare-profesionala-autorizate","status":"publish","type":"page","link":"https:\/\/www.anofm.ro\/crfpa-calarasi\/programe-de-formare-profesionala-autorizate\/","title":{"rendered":"Programe de formare profesional\u0103 autorizate"},"content":{"rendered":"\n<p>Centrul Regional de Formare Profesional\u0103 a Adul\u021bilor C\u0103l\u0103ra\u0219i poate desf\u0103\u015fura \u00een prezent programe de formare profesional\u0103, fiind autorizat \u00een condi\u0163iile legii, dup\u0103 cum urmeaz\u0103:<\/p>\n\n\n\n<p>&nbsp;&nbsp;&nbsp;&nbsp;&nbsp;&nbsp;&nbsp; I)&nbsp;&nbsp;&nbsp;&nbsp;&nbsp;&nbsp;&nbsp;&nbsp;&nbsp;&nbsp;&nbsp; <strong>Autoriza\u0163ii calificare:<\/strong><\/p>\n\n\n\n<ol class=\"wp-block-list\" start=\"1\">\n<li>Confec\u0163ioner asamblor articole din textile;<\/li>\n\n\n\n<li>Zidar pietrar tencuitor;<\/li>\n\n\n\n<li>Dulgher t\u00e2mplar parchetar;<\/li>\n\n\n\n<li>Operator introducere, validare si prelucrare date;<\/li>\n\n\n\n<li>Osp\u0103tar (chelner) v\u00e2nz\u0103tor in unit\u0103\u0163i de alimenta\u0163ie;<\/li>\n\n\n\n<li>Comerciant&nbsp; v\u00e2nz\u0103tor m\u0103rfuri alimentare;<\/li>\n\n\n\n<li>Comerciant v\u00e2nz\u0103tor m\u0103rfuri nealimentare;<\/li>\n\n\n\n<li>Lucr\u0103tor \u00een comer\u0163 ;<\/li>\n\n\n\n<li>Buc\u0103tar;<\/li>\n\n\n\n<li>Cofetar;<\/li>\n\n\n\n<li>Patiser;<\/li>\n\n\n\n<li>Brutar;<\/li>\n\n\n\n<li>M\u0103celar;<\/li>\n\n\n\n<li>Ma\u0219inist utilaje cale si terasamente;<\/li>\n\n\n\n<li>Laminorist;<\/li>\n\n\n\n<li>L\u0103c\u0103tu\u0219 construc\u021bii&nbsp; metalice si utilaj tehnologic;<\/li>\n\n\n\n<li>Confec\u021bioner construc\u021bii metalice;<\/li>\n\n\n\n<li>Confec\u021bioner t\u00e2mpl\u0103rie aluminiu si mase plastice;<\/li>\n\n\n\n<li>Instalator instala\u021bii tehnico- sanitare \u0219i de gaze;<\/li>\n\n\n\n<li>Montator pere\u021bi \u0219i plafoane din gips carton;<\/li>\n\n\n\n<li>Fierar betonist, montator prefabricate;<\/li>\n\n\n\n<li>Mozaicar faian\u021bar;<\/li>\n\n\n\n<li>Zugrav ipsosar, tapetar, vopsitor;<\/li>\n\n\n\n<li>Lucr\u0103tor \u00een structuri pentru construc\u021bii;<\/li>\n\n\n\n<li>Lucr\u0103tor finisor pentru construc\u021bii;<\/li>\n\n\n\n<li>Lucr\u0103tor instalator pentru construc\u021bii;<\/li>\n\n\n\n<li>Lucr\u0103tor \u00een t\u00e2mpl\u0103rie;<\/li>\n\n\n\n<li>Lucr\u0103tor \u00een cultura plantelor;<\/li>\n\n\n\n<li>Lucr\u0103tor \u00een cre\u0219terea animalelor;<\/li>\n\n\n\n<li>Mecanic auto;<\/li>\n\n\n\n<li>Electrician constructor;<\/li>\n\n\n\n<li>Frizer coafor manichiurist pedichiurist;<\/li>\n\n\n\n<li>Frizer;<\/li>\n\n\n\n<li>Cosmetician;<\/li>\n\n\n\n<li>Impletitor papur\u0103;<\/li>\n\n\n\n<li>Muncitor constructor lemn, chirpici, piatr\u0103;<\/li>\n\n\n\n<li>Tipograf flexograf &nbsp;;<\/li>\n\n\n\n<li>Tip\u0103ritor offset;<\/li>\n\n\n\n<li>Lucrator in alimentatie;<\/li>\n\n\n\n<li>Ajutor mecanic auto;<\/li>\n\n\n\n<li>Electrician electronist auto;<\/li>\n\n\n\n<li>Tinichigiu vopsitor auto<\/li>\n<\/ol>\n\n\n\n<p><strong>II) Autoriza\u0163ii perfec\u0163ionare :<\/strong><\/p>\n\n\n\n<ol class=\"wp-block-list\" start=\"1\">\n<li>Formator ;<\/li>\n\n\n\n<li>Manager proiect;<\/li>\n\n\n\n<li>Expert accesare fonduri structurale si de coeziune;<\/li>\n\n\n\n<li>Stilist protezist;<\/li>\n\n\n\n<li>Evaluator in sistemul formarii profesionale continue.<\/li>\n<\/ol>\n\n\n\n<p><strong>III) Autoriza\u0163ii ini\u0163iere :<\/strong><\/p>\n\n\n\n<ol class=\"wp-block-list\" start=\"1\">\n<li>Mecanic de exploatare in cultura mare ;<\/li>\n\n\n\n<li>Barman preparator;<\/li>\n\n\n\n<li>Maseur ;<\/li>\n\n\n\n<li>Reflexoterapeut;<\/li>\n\n\n\n<li>Comunicare in limba englez\u0103;<\/li>\n<\/ol>\n","protected":false},"excerpt":{"rendered":"<p>Centrul Regional de Formare Profesional\u0103 a Adul\u021bilor C\u0103l\u0103ra\u0219i poate desf\u0103\u015fura \u00een prezent programe de formare profesional\u0103, fiind autorizat \u00een condi\u0163iile legii, dup\u0103 cum urmeaz\u0103: &nbsp;&nbsp;&nbsp;&nbsp;&nbsp;&nbsp;&nbsp; I)&nbsp;&nbsp;&nbsp;&nbsp;&nbsp;&nbsp;&nbsp;&nbsp;&nbsp;&nbsp;&nbsp; Autoriza\u0163ii calificare: II) Autoriza\u0163ii<\/p>\n","protected":false},"author":1,"featured_media":0,"parent":0,"menu_order":1080,"comment_status":"closed","ping_status":"closed","template":"template-parts\/content-with-sidebar.php","meta":{"footnotes":""},"class_list":["post-3172","page","type-page","status-publish","hentry"],"_links":{"self":[{"href":"https:\/\/www.anofm.ro\/crfpa-calarasi\/wp-json\/wp\/v2\/pages\/3172","targetHints":{"allow":["GET"]}}],"collection":[{"href":"https:\/\/www.anofm.ro\/crfpa-calarasi\/wp-json\/wp\/v2\/pages"}],"about":[{"href":"https:\/\/www.anofm.ro\/crfpa-calarasi\/wp-json\/wp\/v2\/types\/page"}],"author":[{"embeddable":true,"href":"https:\/\/www.anofm.ro\/crfpa-calarasi\/wp-json\/wp\/v2\/users\/1"}],"replies":[{"embeddable":true,"href":"https:\/\/www.anofm.ro\/crfpa-calarasi\/wp-json\/wp\/v2\/comments?post=3172"}],"version-history":[{"count":1,"href":"https:\/\/www.anofm.ro\/crfpa-calarasi\/wp-json\/wp\/v2\/pages\/3172\/revisions"}],"predecessor-version":[{"id":3185,"href":"https:\/\/www.anofm.ro\/crfpa-calarasi\/wp-json\/wp\/v2\/pages\/3172\/revisions\/3185"}],"wp:attachment":[{"href":"https:\/\/www.anofm.ro\/crfpa-calarasi\/wp-json\/wp\/v2\/media?parent=3172"}],"curies":[{"name":"wp","href":"https:\/\/api.w.org\/{rel}","templated":true}]}}

Programe de formare profesională autorizate

<p>Centrul Regional de Formare Profesională a Adulților Călărași poate desfăşura în prezent programe de formare profesională, fiind autorizat în condiţiile legii, după cum urmează:</p>



<p>&nbsp;&nbsp;&nbsp;&nbsp;&nbsp;&nbsp;&nbsp; I)&nbsp;&nbsp;&nbsp;&nbsp;&nbsp;&nbsp;&nbsp;&nbsp;&nbsp;&nbsp;&nbsp; <strong>Autorizaţii calificare:</strong></p>



<ol class="wp-block-list" start="1">
<li>Confecţioner asamblor articole din textile;</li>



<li>Zidar pietrar tencuitor;</li>



<li>Dulgher tâmplar parchetar;</li>



<li>Operator introducere, validare si prelucrare date;</li>



<li>Ospătar (chelner) vânzător in unităţi de alimentaţie;</li>



<li>Comerciant&nbsp; vânzător mărfuri alimentare;</li>



<li>Comerciant vânzător mărfuri nealimentare;</li>



<li>Lucrător în comerţ ;</li>



<li>Bucătar;</li>



<li>Cofetar;</li>



<li>Patiser;</li>



<li>Brutar;</li>



<li>Măcelar;</li>



<li>Mașinist utilaje cale si terasamente;</li>



<li>Laminorist;</li>



<li>Lăcătuș construcții&nbsp; metalice si utilaj tehnologic;</li>



<li>Confecționer construcții metalice;</li>



<li>Confecționer tâmplărie aluminiu si mase plastice;</li>



<li>Instalator instalații tehnico- sanitare și de gaze;</li>



<li>Montator pereți și plafoane din gips carton;</li>



<li>Fierar betonist, montator prefabricate;</li>



<li>Mozaicar faianțar;</li>



<li>Zugrav ipsosar, tapetar, vopsitor;</li>



<li>Lucrător în structuri pentru construcții;</li>



<li>Lucrător finisor pentru construcții;</li>



<li>Lucrător instalator pentru construcții;</li>



<li>Lucrător în tâmplărie;</li>



<li>Lucrător în cultura plantelor;</li>



<li>Lucrător în creșterea animalelor;</li>



<li>Mecanic auto;</li>



<li>Electrician constructor;</li>



<li>Frizer coafor manichiurist pedichiurist;</li>



<li>Frizer;</li>



<li>Cosmetician;</li>



<li>Impletitor papură;</li>



<li>Muncitor constructor lemn, chirpici, piatră;</li>



<li>Tipograf flexograf &nbsp;;</li>



<li>Tipăritor offset;</li>



<li>Lucrator in alimentatie;</li>



<li>Ajutor mecanic auto;</li>



<li>Electrician electronist auto;</li>



<li>Tinichigiu vopsitor auto</li>
</ol>



<p><strong>II) Autorizaţii perfecţionare :</strong></p>



<ol class="wp-block-list" start="1">
<li>Formator ;</li>



<li>Manager proiect;</li>



<li>Expert accesare fonduri structurale si de coeziune;</li>



<li>Stilist protezist;</li>



<li>Evaluator in sistemul formarii profesionale continue.</li>
</ol>



<p><strong>III) Autorizaţii iniţiere :</strong></p>



<ol class="wp-block-list" start="1">
<li>Mecanic de exploatare in cultura mare ;</li>



<li>Barman preparator;</li>



<li>Maseur ;</li>



<li>Reflexoterapeut;</li>



<li>Comunicare in limba engleză;</li>
</ol>

<p>Centrul Regional de Formare Profesională a Adulților Călărași poate desfăşura în prezent programe de formare profesională, fiind autorizat în condiţiile legii, după cum urmează: &nbsp;&nbsp;&nbsp;&nbsp;&nbsp;&nbsp;&nbsp; I)&nbsp;&nbsp;&nbsp;&nbsp;&nbsp;&nbsp;&nbsp;&nbsp;&nbsp;&nbsp;&nbsp; Autorizaţii calificare: II) Autorizaţii</p>
