{"id":2345,"date":"2023-12-14T22:54:05","date_gmt":"2023-12-14T20:54:05","guid":{"rendered":"https:\/\/www.anofm.ro\/legaturi-utile\/"},"modified":"2024-01-17T12:30:39","modified_gmt":"2024-01-17T10:30:39","slug":"legaturi-utile","status":"publish","type":"page","link":"https:\/\/www.anofm.ro\/cnfppp-rasnov\/legaturi-utile\/","title":{"rendered":"Leg\u0103turi utile"},"content":{"rendered":"\n<p>Guvernul Rom\u00e2niei<br><a href=\"https:\/\/www.gov.ro\/\">https:\/\/www.gov.ro\/<\/a><\/p>\n\n\n\n<p>Ministerul Muncii \u0219i Solidarit\u0103\u021bii Sociale<br><a href=\"http:\/\/www.mmuncii.gov.ro\">http:\/\/www.mmuncii.gov.ro<\/a><\/p>\n\n\n\n<p>Ministerul Finan\u021belor<br><a href=\"https:\/\/mfinante.gov.ro\/\">https:\/\/mfinante.gov.ro\/<\/a><\/p>\n\n\n\n<p>Inspec\u0163ia Muncii<br><a href=\"https:\/\/www.inspectiamuncii.ro\">https:\/\/www.inspectiamuncii.ro<\/a><\/p>\n\n\n\n<p>Autoritatea Na\u0163ional\u0103 pentru Persoanele cu Dizabilit\u0103\u0163i<br><a href=\"https:\/\/www.anpd.gov.ro\">https:\/\/www.anpd.gov.ro<\/a><\/p>\n\n\n\n<p>Agen\u0163ia Na\u0163ional\u0103 pentru Pl\u0103\u0163i \u015fi Inspec\u0163ie Social\u0103<br><a href=\"https:\/\/www.mmanpis.ro\">https:\/\/www.mmanpis.ro<\/a><\/p>\n\n\n\n<p>Autoritatea Na\u021bional\u0103 pentru Calific\u0103ri<br><a href=\"https:\/\/www.edu.ro\/ANC\">https:\/\/www.edu.ro\/ANC<\/a><\/p>\n\n\n\n<p>Inspectoratul General pentru Imigr\u0103ri<br><a href=\"https:\/\/igi.mai.gov.ro\/contact\/\">https:\/\/igi.mai.gov.ro\/contact\/<\/a><\/p>\n\n\n\n<p>Departamentul pentru rom\u00e2nii de pretutindeni<br><a href=\"https:\/\/dprp.gov.ro\/web\/\">https:\/\/dprp.gov.ro\/web\/<\/a><\/p>\n\n\n\n<p><\/p>\n","protected":false},"excerpt":{"rendered":"<p>Guvernul Rom\u00e2nieihttps:\/\/www.gov.ro\/ Ministerul Muncii \u0219i Solidarit\u0103\u021bii Socialehttp:\/\/www.mmuncii.gov.ro Ministerul Finan\u021belorhttps:\/\/mfinante.gov.ro\/ Inspec\u0163ia Munciihttps:\/\/www.inspectiamuncii.ro Autoritatea Na\u0163ional\u0103 pentru Persoanele cu Dizabilit\u0103\u0163ihttps:\/\/www.anpd.gov.ro Agen\u0163ia Na\u0163ional\u0103 pentru Pl\u0103\u0163i \u015fi Inspec\u0163ie Social\u0103https:\/\/www.mmanpis.ro Autoritatea Na\u021bional\u0103 pentru Calific\u0103rihttps:\/\/www.edu.ro\/ANC Inspectoratul General<\/p>\n","protected":false},"author":1,"featured_media":0,"parent":0,"menu_order":970,"comment_status":"closed","ping_status":"closed","template":"template-parts\/content-with-sidebar.php","meta":{"footnotes":""},"class_list":["post-2345","page","type-page","status-publish","hentry"],"_links":{"self":[{"href":"https:\/\/www.anofm.ro\/cnfppp-rasnov\/wp-json\/wp\/v2\/pages\/2345","targetHints":{"allow":["GET"]}}],"collection":[{"href":"https:\/\/www.anofm.ro\/cnfppp-rasnov\/wp-json\/wp\/v2\/pages"}],"about":[{"href":"https:\/\/www.anofm.ro\/cnfppp-rasnov\/wp-json\/wp\/v2\/types\/page"}],"author":[{"embeddable":true,"href":"https:\/\/www.anofm.ro\/cnfppp-rasnov\/wp-json\/wp\/v2\/users\/1"}],"replies":[{"embeddable":true,"href":"https:\/\/www.anofm.ro\/cnfppp-rasnov\/wp-json\/wp\/v2\/comments?post=2345"}],"version-history":[{"count":3,"href":"https:\/\/www.anofm.ro\/cnfppp-rasnov\/wp-json\/wp\/v2\/pages\/2345\/revisions"}],"predecessor-version":[{"id":2900,"href":"https:\/\/www.anofm.ro\/cnfppp-rasnov\/wp-json\/wp\/v2\/pages\/2345\/revisions\/2900"}],"wp:attachment":[{"href":"https:\/\/www.anofm.ro\/cnfppp-rasnov\/wp-json\/wp\/v2\/media?parent=2345"}],"curies":[{"name":"wp","href":"https:\/\/api.w.org\/{rel}","templated":true}]}}