{"id":2291,"date":"2023-12-14T22:54:04","date_gmt":"2023-12-14T20:54:04","guid":{"rendered":"https:\/\/www.anofm.ro\/programe-de-formare-profesionala-pentru-persoanele-aflate-in-detentie\/"},"modified":"2023-12-16T00:43:17","modified_gmt":"2023-12-15T22:43:17","slug":"programe-de-formare-profesionala-pentru-persoanele-aflate-in-detentie","status":"publish","type":"page","link":"https:\/\/www.anofm.ro\/calarasi\/programe-de-formare-profesionala-pentru-persoanele-aflate-in-detentie\/","title":{"rendered":"Programe de formare profesional\u0103 pentru persoanele aflate \u00een deten\u021bie"},"content":{"rendered":"\n<p>Persoanele private de libertate, \u00eencep\u00e2nd cu finalul perioadei de carantin\u0103 \u015fi p\u00e2n\u0103 la ultima zi de executare a pedepsei ori a m\u0103surii educative sau p\u00e2n\u0103 la data la care sunt propozabile pentru liberare condi\u0163ionat\u0103 ori pentru \u00eenlocuirea intern\u0103rii cu m\u0103sura asist\u0103rii zilnice, pot urma un program de formare profesional\u0103 organizat de agen\u0163iile pentru ocuparea for\u0163ei de munc\u0103 jude\u0163ene, respectiv a municipiului Bucure\u015fti, cheltuielile necesare form\u0103rii fiind suportate din bugetul asigur\u0103rilor pentru \u015fomaj.\u00a0<\/p>\n","protected":false},"excerpt":{"rendered":"<p>Persoanele private de libertate, \u00eencep\u00e2nd cu finalul perioadei de carantin\u0103 \u015fi p\u00e2n\u0103 la ultima zi de executare a pedepsei ori a m\u0103surii educative sau p\u00e2n\u0103 la data la care sunt<\/p>\n","protected":false},"author":1,"featured_media":0,"parent":0,"menu_order":700,"comment_status":"closed","ping_status":"closed","template":"template-parts\/content-with-sidebar.php","meta":{"footnotes":""},"class_list":["post-2291","page","type-page","status-publish","hentry"],"_links":{"self":[{"href":"https:\/\/www.anofm.ro\/calarasi\/wp-json\/wp\/v2\/pages\/2291","targetHints":{"allow":["GET"]}}],"collection":[{"href":"https:\/\/www.anofm.ro\/calarasi\/wp-json\/wp\/v2\/pages"}],"about":[{"href":"https:\/\/www.anofm.ro\/calarasi\/wp-json\/wp\/v2\/types\/page"}],"author":[{"embeddable":true,"href":"https:\/\/www.anofm.ro\/calarasi\/wp-json\/wp\/v2\/users\/1"}],"replies":[{"embeddable":true,"href":"https:\/\/www.anofm.ro\/calarasi\/wp-json\/wp\/v2\/comments?post=2291"}],"version-history":[{"count":1,"href":"https:\/\/www.anofm.ro\/calarasi\/wp-json\/wp\/v2\/pages\/2291\/revisions"}],"predecessor-version":[{"id":2848,"href":"https:\/\/www.anofm.ro\/calarasi\/wp-json\/wp\/v2\/pages\/2291\/revisions\/2848"}],"wp:attachment":[{"href":"https:\/\/www.anofm.ro\/calarasi\/wp-json\/wp\/v2\/media?parent=2291"}],"curies":[{"name":"wp","href":"https:\/\/api.w.org\/{rel}","templated":true}]}}