{"id":2207,"date":"2023-12-14T22:54:02","date_gmt":"2023-12-14T20:54:02","guid":{"rendered":"https:\/\/www.anofm.ro\/lista-documentelor-de-interes-public\/"},"modified":"2025-04-10T11:57:48","modified_gmt":"2025-04-10T08:57:48","slug":"lista-documentelor-de-interes-public","status":"publish","type":"page","link":"https:\/\/www.anofm.ro\/buzau\/lista-documentelor-de-interes-public\/","title":{"rendered":"Lista documentelor de interes public"},"content":{"rendered":"<p class=\"su-post-title\" style=\"margin: 0px 0px 10px\" data-raofz=\"16\"><span style=\"font-family: Trebuchet MS\"><strong>Lista documentelor de interes public<\/strong><\/span><\/p>\n<p style=\"margin: 0px 0px 10px\"><span style=\"font-family: Trebuchet MS\">\u00a0&#8211; Structura organizatoric\u0103 a AJOFM;<\/span><\/p>\n<p style=\"margin: 0px 0px 10px\"><span style=\"font-family: Trebuchet MS\">\u00a0&#8211; Programul de func\u021bionare;<\/span><span style=\"font-family: Trebuchet MS\">\u00a0<br \/><\/span><\/p>\n<p style=\"margin: 0px 0px 10px\"><span style=\"font-family: Trebuchet MS\">\u00a0&#8211; Programul de audien\u021be al AJOFM; <\/span><\/p>\n<p style=\"margin: 0px 0px 10px\"><span style=\"font-family: Trebuchet MS\">&#8211; Conducerea AJOFM<\/span><span style=\"font-family: Trebuchet MS\"><span style=\"font-size: 12pt\"><span style=\"font-size: 14px\"><br \/><\/span><\/span><\/span><\/p>\n<p style=\"margin: 0px 0px 10px\"><span style=\"font-family: Trebuchet MS\">\u00a0&#8211; Date de contact AJOFM;<\/span><span style=\"font-family: Trebuchet MS\">\u00a0<br \/><\/span><\/p>\n<p style=\"margin: 0px 0px 10px\"><span style=\"font-family: Trebuchet MS\">\u00a0&#8211; Buget;<\/span><\/p>\n<p style=\"margin: 0px 0px 10px\"><span style=\"font-family: Trebuchet MS\">\u00a0&#8211; Bilan\u021buri contabile;<\/span><\/p>\n<p style=\"margin: 0px 0px 10px\"><span style=\"font-family: Trebuchet MS\">\u00a0&#8211; Pl\u0103\u021bi efectuate de AJOFM;<\/span><\/p>\n<p style=\"margin: 0px 0px 10px\"><span style=\"font-family: Trebuchet MS\">&#8211; Veniturile salariala ale personalului AJOFM;<\/span><\/p>\n<p style=\"margin: 0px 0px 10px\"><span style=\"font-family: Trebuchet MS\">\u00a0&#8211; Achizi\u021bii publice;<\/span><\/p>\n<p style=\"margin: 0px 0px 10px\"><span style=\"font-family: Trebuchet MS\">\u00a0&#8211; Declara\u021biile de avere \u0219i interese ale personalului AJOFM;<\/span><\/p>\n<p style=\"margin: 0px 0px 10px\"><span style=\"font-family: Trebuchet MS\">\u00a0&#8211; Materiale informative elaborate de AJOFM;<\/span><\/p>\n<p style=\"margin: 0px 0px 10px\"><span style=\"font-family: Trebuchet MS\">\u00a0&#8211; Actele normative din domeniul de activitate al AJOFM;<\/span><\/p>\n<p style=\"margin: 0px 0px 10px\"><span style=\"font-family: Trebuchet MS\">\u00a0&#8211; Raportul anual de activitate;<\/span><\/p>\n<p style=\"margin: 0px 0px 10px\"><span style=\"font-family: Trebuchet MS\">\u00a0&#8211; Programele \u015fi strategiile proprii<\/span><\/p>\n<p style=\"margin: 0px 0px 10px\"><b style=\"font-family: 'Trebuchet MS';font-size: revert;text-align: justify\">Sunt exceptate de la accesul liber al cet\u0103\u0163enilor urm\u0103toarele informa\u0163ii<\/b><span style=\"font-family: 'Trebuchet MS';font-size: revert;text-align: justify\">\u00a0(art. 12 alin. 1 din Legea nr. 544\/2001 privind liberul acces la informa\u0163iile de interes public, cu modific\u0103rile \u015fi complet\u0103rile ulterioare):<\/span><\/p>\n<div>\n<p style=\"margin: 0px 0px 10px;text-align: justify\"><span style=\"font-family: Trebuchet MS\"><span style=\"font-family: Trebuchet MS\"><span style=\"font-family: sans-serif\">&#8211;<\/span><\/span>\u00a0informa\u0163iile din domeniul ap\u0103r\u0103rii na\u0163ionale, siguran\u0163ei \u015fi ordinii publice, dac\u0103 fac parte din categoriile informa\u0163iilor clasificate, potrivit legii;<\/span><\/p>\n<p style=\"margin: 0px 0px 10px;text-align: justify\"><span style=\"font-family: Trebuchet MS\"><span style=\"font-family: Trebuchet MS\"><span style=\"font-family: sans-serif\">&#8211;<\/span><\/span>\u00a0informa\u0163iile privind deliber\u0103rile autorit\u0103\u0163ilor, precum \u015fi cele care privesc interesele economice \u015fi politice ale Rom\u00e2niei, dac\u0103 fac parte din categoria informa\u0163iilor clasificate, potrivit legii<span style=\"font-family: sans-serif\">;<\/span><\/span><span style=\"font-family: Trebuchet MS\"><br \/><\/span><\/p>\n<p style=\"margin: 0px 0px 10px;text-align: justify\"><span style=\"font-family: Trebuchet MS\"><span style=\"font-family: sans-serif\">&#8211;\u00a0<\/span>informa\u0163iile privind activit\u0103\u0163ile comerciale sau financiare, dac\u0103 publicitatea acestora aduce atingere dreptului de proprietate intelectual\u0103 ori industial\u0103, precum \u015fi principiului concuren\u0163ei loiale, potrivit legii;<\/span><\/p>\n<p style=\"margin: 0px 0px 10px;text-align: justify\"><span style=\"font-family: Trebuchet MS\"><span style=\"font-family: Trebuchet MS\"><span style=\"font-family: sans-serif\">&#8211;\u00a0<\/span><\/span>informa\u0163iile cu privire la datele personale, potrivit legii;<\/span><\/p>\n<p style=\"margin: 0px 0px 10px;text-align: justify\"><span style=\"font-family: Trebuchet MS\"><span style=\"font-family: Trebuchet MS\"><span style=\"font-family: sans-serif\">&#8211;\u00a0<\/span><\/span>informa\u0163iile privind procedura \u00een timpul anchetei penale sau disciplinare, dac\u0103 se pericliteaz\u0103 rezultatul anchetei, se dezv\u0103luie surse confiden\u0163iale ori se pun \u00een pericol via\u0163a, integritatea corporal\u0103, s\u0103n\u0103tatea unei persoane \u00een urma anchetei efectuate sau \u00een curs de desf\u0103\u015furare;<\/span><\/p>\n<p style=\"margin: 0px 0px 10px\"><span style=\"font-family: Trebuchet MS\"><span style=\"font-family: Trebuchet MS\"><span style=\"font-family: sans-serif\">&#8211;\u00a0<\/span><\/span>informa\u0163iile privind procedurile judiciare, dac\u0103 publicitatea acestora aduce atingere asigur\u0103rii unui proces echitabil ori interesului legitim al oric\u0103ruia dintre p\u0103r\u0163ile implicate \u00een proces;<\/span><\/p>\n<p style=\"margin: 0px 0px 10px\"><span style=\"font-family: Trebuchet MS\"><span style=\"font-family: Trebuchet MS\"><span style=\"font-family: sans-serif\">&#8211;<\/span><\/span>informa\u0163iile a c\u0103ror publicare prejudiciaz\u0103 m\u0103surile de protec\u0163ie a clien\u0163ilor.<\/span><\/p>\n<\/div>\n\n\n<p><\/p>\n","protected":false},"excerpt":{"rendered":"<p>Lista documentelor de interes public \u00a0&#8211; Structura organizatoric\u0103 a AJOFM; \u00a0&#8211; Programul de func\u021bionare;\u00a0 \u00a0&#8211; Programul de audien\u021be al AJOFM; &#8211; Conducerea AJOFM \u00a0&#8211; Date de contact AJOFM;\u00a0 \u00a0&#8211; Buget;<\/p>\n","protected":false},"author":1,"featured_media":0,"parent":0,"menu_order":280,"comment_status":"closed","ping_status":"closed","template":"template-parts\/content-with-sidebar.php","meta":{"footnotes":""},"class_list":["post-2207","page","type-page","status-publish","hentry"],"_links":{"self":[{"href":"https:\/\/www.anofm.ro\/buzau\/wp-json\/wp\/v2\/pages\/2207","targetHints":{"allow":["GET"]}}],"collection":[{"href":"https:\/\/www.anofm.ro\/buzau\/wp-json\/wp\/v2\/pages"}],"about":[{"href":"https:\/\/www.anofm.ro\/buzau\/wp-json\/wp\/v2\/types\/page"}],"author":[{"embeddable":true,"href":"https:\/\/www.anofm.ro\/buzau\/wp-json\/wp\/v2\/users\/1"}],"replies":[{"embeddable":true,"href":"https:\/\/www.anofm.ro\/buzau\/wp-json\/wp\/v2\/comments?post=2207"}],"version-history":[{"count":5,"href":"https:\/\/www.anofm.ro\/buzau\/wp-json\/wp\/v2\/pages\/2207\/revisions"}],"predecessor-version":[{"id":5289,"href":"https:\/\/www.anofm.ro\/buzau\/wp-json\/wp\/v2\/pages\/2207\/revisions\/5289"}],"wp:attachment":[{"href":"https:\/\/www.anofm.ro\/buzau\/wp-json\/wp\/v2\/media?parent=2207"}],"curies":[{"name":"wp","href":"https:\/\/api.w.org\/{rel}","templated":true}]}}