{"id":2345,"date":"2023-12-14T22:54:05","date_gmt":"2023-12-14T20:54:05","guid":{"rendered":"https:\/\/www.anofm.ro\/legaturi-utile\/"},"modified":"2024-01-17T12:28:44","modified_gmt":"2024-01-17T10:28:44","slug":"legaturi-utile","status":"publish","type":"page","link":"https:\/\/www.anofm.ro\/bucuresti\/legaturi-utile\/","title":{"rendered":"Leg\u0103turi utile"},"content":{"rendered":"\n<p>Inspectia Muncii<br><a href=\"https:\/\/www.inspectiamuncii.ro\/contact\">https:\/\/www.inspectiamuncii.ro\/contact<\/a><\/p>\n\n\n\n<p>Casa de Pensii<br><a href=\"https:\/\/www.cnpp.ro\/ro\/casele-teritoriale-de-pensii\">https:\/\/www.cnpp.ro\/ro\/casele-teritoriale-de-pensii<\/a><\/p>\n\n\n\n<p>Agen\u0163ia Na\u0163ional\u0103 pentru Pl\u0103\u0163i \u015fi Inspec\u0163ie Social\u0103<br><a href=\"https:\/\/www.mmanpis.ro\/despre-anpis\/agentii-teritoriale\/\">https:\/\/www.mmanpis.ro\/despre-anpis\/agentii-teritoriale\/<\/a><\/p>\n\n\n\n<p>Autoritatea Na\u0163ional\u0103 pentru Persoanele cu Dizabilit\u0103\u0163i<br><a href=\"https:\/\/anpd.gov.ro\/web\/despre-noi\/lista-institutiilor-coordonate\/\">https:\/\/anpd.gov.ro\/web\/despre-noi\/lista-institutiilor-coordonate\/<\/a><\/p>\n\n\n\n<p>Prefecturi<br><a href=\"https:\/\/gov.ro\/ro\/guvernul\/organizare\/prefecturi\">https:\/\/gov.ro\/ro\/guvernul\/organizare\/prefecturi<\/a><\/p>\n\n\n\n<p>Ministerul Educatiei<br><a href=\"https:\/\/www.edu.ro\/structuri-subordonate\">https:\/\/www.edu.ro\/structuri-subordonate<\/a><\/p>\n\n\n\n<p>Inspectoratul General pentru Imigr\u0103ri<br><a href=\"https:\/\/igi.mai.gov.ro\/contact\/\">https:\/\/igi.mai.gov.ro\/contact\/<\/a><\/p>\n\n\n\n<p>Departamentul pentru rom\u00e2nii de pretutindeni<br><a href=\"https:\/\/dprp.gov.ro\/web\/\">https:\/\/dprp.gov.ro\/web\/<\/a><\/p>\n","protected":false},"excerpt":{"rendered":"<p>Inspectia Munciihttps:\/\/www.inspectiamuncii.ro\/contact Casa de Pensiihttps:\/\/www.cnpp.ro\/ro\/casele-teritoriale-de-pensii Agen\u0163ia Na\u0163ional\u0103 pentru Pl\u0103\u0163i \u015fi Inspec\u0163ie Social\u0103https:\/\/www.mmanpis.ro\/despre-anpis\/agentii-teritoriale\/ Autoritatea Na\u0163ional\u0103 pentru Persoanele cu Dizabilit\u0103\u0163ihttps:\/\/anpd.gov.ro\/web\/despre-noi\/lista-institutiilor-coordonate\/ Prefecturihttps:\/\/gov.ro\/ro\/guvernul\/organizare\/prefecturi Ministerul Educatieihttps:\/\/www.edu.ro\/structuri-subordonate Inspectoratul General pentru Imigr\u0103rihttps:\/\/igi.mai.gov.ro\/contact\/ Departamentul pentru rom\u00e2nii de pretutindenihttps:\/\/dprp.gov.ro\/web\/<\/p>\n","protected":false},"author":1,"featured_media":0,"parent":0,"menu_order":970,"comment_status":"closed","ping_status":"closed","template":"template-parts\/content-with-sidebar.php","meta":{"footnotes":""},"class_list":["post-2345","page","type-page","status-publish","hentry"],"_links":{"self":[{"href":"https:\/\/www.anofm.ro\/bucuresti\/wp-json\/wp\/v2\/pages\/2345","targetHints":{"allow":["GET"]}}],"collection":[{"href":"https:\/\/www.anofm.ro\/bucuresti\/wp-json\/wp\/v2\/pages"}],"about":[{"href":"https:\/\/www.anofm.ro\/bucuresti\/wp-json\/wp\/v2\/types\/page"}],"author":[{"embeddable":true,"href":"https:\/\/www.anofm.ro\/bucuresti\/wp-json\/wp\/v2\/users\/1"}],"replies":[{"embeddable":true,"href":"https:\/\/www.anofm.ro\/bucuresti\/wp-json\/wp\/v2\/comments?post=2345"}],"version-history":[{"count":2,"href":"https:\/\/www.anofm.ro\/bucuresti\/wp-json\/wp\/v2\/pages\/2345\/revisions"}],"predecessor-version":[{"id":2905,"href":"https:\/\/www.anofm.ro\/bucuresti\/wp-json\/wp\/v2\/pages\/2345\/revisions\/2905"}],"wp:attachment":[{"href":"https:\/\/www.anofm.ro\/bucuresti\/wp-json\/wp\/v2\/media?parent=2345"}],"curies":[{"name":"wp","href":"https:\/\/api.w.org\/{rel}","templated":true}]}}