{"id":2311,"date":"2023-12-14T23:54:04","date_gmt":"2023-12-14T20:54:04","guid":{"rendered":"https:\/\/www.anofm.ro\/inregistrare-programe-internship\/"},"modified":"2024-09-16T14:11:18","modified_gmt":"2024-09-16T11:11:18","slug":"inregistrare-programe-internship","status":"publish","type":"page","link":"https:\/\/www.anofm.ro\/bucuresti\/inregistrare-programe-internship\/","title":{"rendered":"\u00cenregistrare programe internship"},"content":{"rendered":"\n<p>Agen\u0163ia Na\u0163ional\u0103 pentru Ocuparea For\u0163ei de Munc\u0103 gestioneaz\u0103 \u00a0<a href=\"https:\/\/www.anofm.ro\/registrul-de-evidenta-a-contractelor-de-internship\/\">Registrului electronic de eviden\u0163\u0103 a contractelor de internship<\/a><\/p>\n\n\n\n<p>Registrul \u00eenfiin\u0163at \u015fi gestionat de ANOFM \u0163ine eviden\u0163a tuturor contractelor de internship, organiza\u0163iile-gazd\u0103 (persoane juridice la care internii desf\u0103\u015foar\u0103 activit\u0103\u0163i specifice, \u00een baza contractelor de internship) av\u00e2nd obliga\u0163ia \u00eenregistr\u0103rii \u00een acest portal a tuturor contractelor de internship \u00eencheiate. Accesul la registrul electronic se face pe baz\u0103 de parol\u0103 proprie, utilizat\u0103 cu titlu gratuit.&nbsp;La aceea\u015fi adres\u0103 pot fi consultate instruc\u0163iunile de utilizare a registrului electronic.<\/p>\n\n\n\n<p>Potrivit Legii nr.176\/2018 privind internshipul, anterior \u00eenceperii activit\u0103\u021bii de internship, organiza\u021biile-gazd\u0103 vor completa \u0219i transmite datele din contracte \u00een registrul de eviden\u021b\u0103 al acestora. Orice modificare privind datele de identificare ale organiza\u021biei-gazd\u0103, sau cu privire la contractul de internship, se va opera \u00een registrul de eviden\u021b\u0103 \u00een termen de 3 zile lucr\u0103toare de la data apari\u021biei situa\u021biei ce a impus modificarea.Ne\u00eenregistrarea contractelor de internship \u00een registrul de eviden\u021b\u0103 electronic \u0219i netransmiterea datelor \u0219i informa\u021biilor din contractul de internship, constituie contraven\u021bie \u0219i se sanc\u021bioneaz\u0103 cu amend\u0103 de la 2.000 la 4.000 lei. Programul de internship se adreseaz\u0103 persoanelor care au \u00eemplinit v\u00e2rsta de 16 ani \u015fi se deruleaz\u0103 pe o perioad\u0103 limitat\u0103 de timp \u00een cadrul unei organiza\u0163ii-gazd\u0103. Scopul desf\u0103\u015fur\u0103rii acestei activit\u0103\u0163i \u00eel reprezint\u0103 aprofundarea cuno\u015ftin\u0163elor teoretice ale internului, \u00eembun\u0103t\u0103\u0163irea abilit\u0103\u0163ilor practice \u015fi\/sau dob\u00e2ndirea de noi abilit\u0103\u0163i sau competen\u0163e.<\/p>\n","protected":false},"excerpt":{"rendered":"<p>Agen\u0163ia Na\u0163ional\u0103 pentru Ocuparea For\u0163ei de Munc\u0103 gestioneaz\u0103 \u00a0Registrului electronic de eviden\u0163\u0103 a contractelor de internship Registrul \u00eenfiin\u0163at \u015fi gestionat de ANOFM \u0163ine eviden\u0163a tuturor contractelor de internship, organiza\u0163iile-gazd\u0103 (persoane<\/p>\n","protected":false},"author":1,"featured_media":0,"parent":0,"menu_order":800,"comment_status":"closed","ping_status":"closed","template":"template-parts\/content-with-sidebar.php","meta":{"footnotes":""},"class_list":["post-2311","page","type-page","status-publish","hentry"],"_links":{"self":[{"href":"https:\/\/www.anofm.ro\/bucuresti\/wp-json\/wp\/v2\/pages\/2311","targetHints":{"allow":["GET"]}}],"collection":[{"href":"https:\/\/www.anofm.ro\/bucuresti\/wp-json\/wp\/v2\/pages"}],"about":[{"href":"https:\/\/www.anofm.ro\/bucuresti\/wp-json\/wp\/v2\/types\/page"}],"author":[{"embeddable":true,"href":"https:\/\/www.anofm.ro\/bucuresti\/wp-json\/wp\/v2\/users\/1"}],"replies":[{"embeddable":true,"href":"https:\/\/www.anofm.ro\/bucuresti\/wp-json\/wp\/v2\/comments?post=2311"}],"version-history":[{"count":2,"href":"https:\/\/www.anofm.ro\/bucuresti\/wp-json\/wp\/v2\/pages\/2311\/revisions"}],"predecessor-version":[{"id":5239,"href":"https:\/\/www.anofm.ro\/bucuresti\/wp-json\/wp\/v2\/pages\/2311\/revisions\/5239"}],"wp:attachment":[{"href":"https:\/\/www.anofm.ro\/bucuresti\/wp-json\/wp\/v2\/media?parent=2311"}],"curies":[{"name":"wp","href":"https:\/\/api.w.org\/{rel}","templated":true}]}}