{"id":2295,"date":"2023-12-14T23:54:04","date_gmt":"2023-12-14T20:54:04","guid":{"rendered":"https:\/\/www.anofm.ro\/consultanta-si-asistenta-pentru-inceperea-unei-activitati-independente-sau-initierea-unei-afaceri\/"},"modified":"2024-09-12T18:14:43","modified_gmt":"2024-09-12T15:14:43","slug":"consultanta-si-asistenta-pentru-inceperea-unei-activitati-independente-sau-initierea-unei-afaceri","status":"publish","type":"page","link":"https:\/\/www.anofm.ro\/bucuresti\/consultanta-si-asistenta-pentru-inceperea-unei-activitati-independente-sau-initierea-unei-afaceri\/","title":{"rendered":"Consultanta si asistenta pentru inceperea unei activitati independente sau initierea unei afaceri"},"content":{"rendered":"\n<p>(1) Consultan\u021ba \u0219i asisten\u021ba pentru \u00eenceperea unei activit\u0103\u021bi independente sau pentru initierea unei afaceri se acord\u0103, la cerere, persoanelor \u00een c\u0103utarea unui loc de munc\u0103, sub forma de servicii juridice, de marketing, financiare, metode \u0219i tehnici eficiente de management \u0219i alte servicii de consultan\u021b\u0103.&nbsp;<\/p>\n\n\n\n<p>(2) Serviciile prev\u0103zute la alin. (1) pot fi realizate de agen\u021biile pentru ocuparea for\u021bei de munc\u0103 sau, dup\u0103 caz, de firme private, organiza\u021bii profesionale, funda\u021bii \u0219i asocia\u021bii specializate \u00een aceste domenii, cu care agen\u021biile \u00eencheie contracte \u00een condi\u021biile legii.&nbsp;<\/p>\n\n\n\n<p>(3) Serviciile prev\u0103zute la alin. (1) se acord\u0103 gratuit:&nbsp;<\/p>\n\n\n\n<p>a) persoanelor prevazute la art. 16 din Legea 76\/2002 actualizat\u0103, o singur\u0103 dat\u0103, pentru fiecare perioad\u0103 \u00een care se afl\u0103 \u00een c\u0103utarea unui loc de munc\u0103;&nbsp;<\/p>\n\n\n\n<p>b) persoanelor care au calitatea de asigurat \u00een sistemul asigur\u0103rilor pentru \u0219omaj, o singura dat\u0103, pentru fiecare perioada \u00een care au calitatea de asigurat;<\/p>\n\n\n\n<p>c) studen\u021bilor care solicit\u0103 acordarea de credite cu dob\u00e2nd\u0103 avantajoas\u0103 din bugetul asigur\u0103rilor pentru \u0219omaj, \u00een condi\u021biile prezentei legi.&nbsp;<\/p>\n\n\n\n<div class=\"file-list-wrap\"><p class=\"h4\">Documente desc\u0103rcabile<\/p><ul class=\"file-list\">\n<li><a href=\"https:\/\/www.anofm.ro\/wp-content\/uploads\/2024\/09\/Punctul_4_anexa_11_HG_nr.377_din_2002_.pdf\" download>Cerere pentru servicii de consultan\u0163\u0103 \u015fi asisten\u0163\u0103<\/a><\/li>\n<\/ul><\/div>\n","protected":false},"excerpt":{"rendered":"<p>(1) Consultan\u021ba \u0219i asisten\u021ba pentru \u00eenceperea unei activit\u0103\u021bi independente sau pentru initierea unei afaceri se acord\u0103, la cerere, persoanelor \u00een c\u0103utarea unui loc de munc\u0103, sub forma de servicii juridice,<\/p>\n","protected":false},"author":1,"featured_media":0,"parent":0,"menu_order":720,"comment_status":"closed","ping_status":"closed","template":"template-parts\/content-with-sidebar.php","meta":{"footnotes":""},"class_list":["post-2295","page","type-page","status-publish","hentry"],"_links":{"self":[{"href":"https:\/\/www.anofm.ro\/bucuresti\/wp-json\/wp\/v2\/pages\/2295","targetHints":{"allow":["GET"]}}],"collection":[{"href":"https:\/\/www.anofm.ro\/bucuresti\/wp-json\/wp\/v2\/pages"}],"about":[{"href":"https:\/\/www.anofm.ro\/bucuresti\/wp-json\/wp\/v2\/types\/page"}],"author":[{"embeddable":true,"href":"https:\/\/www.anofm.ro\/bucuresti\/wp-json\/wp\/v2\/users\/1"}],"replies":[{"embeddable":true,"href":"https:\/\/www.anofm.ro\/bucuresti\/wp-json\/wp\/v2\/comments?post=2295"}],"version-history":[{"count":4,"href":"https:\/\/www.anofm.ro\/bucuresti\/wp-json\/wp\/v2\/pages\/2295\/revisions"}],"predecessor-version":[{"id":5200,"href":"https:\/\/www.anofm.ro\/bucuresti\/wp-json\/wp\/v2\/pages\/2295\/revisions\/5200"}],"wp:attachment":[{"href":"https:\/\/www.anofm.ro\/bucuresti\/wp-json\/wp\/v2\/media?parent=2295"}],"curies":[{"name":"wp","href":"https:\/\/api.w.org\/{rel}","templated":true}]}}