{"id":2279,"date":"2023-12-14T23:54:03","date_gmt":"2023-12-14T20:54:03","guid":{"rendered":"https:\/\/www.anofm.ro\/stimularea-mobilitatii-prima-de-relocare\/"},"modified":"2024-09-27T11:35:31","modified_gmt":"2024-09-27T08:35:31","slug":"stimularea-mobilitatii-prima-de-relocare","status":"publish","type":"page","link":"https:\/\/www.anofm.ro\/bucuresti\/stimularea-mobilitatii-prima-de-relocare\/","title":{"rendered":"Stimularea mobilit\u0103\u021bii: Prim\u0103 de relocare"},"content":{"rendered":"\n<p><strong>Prima de relocare<\/strong> prev\u0103zut\u0103 de &nbsp;art.76<sup>2<\/sup><strong><sup> <\/sup><\/strong>din Legea nr.76\/2002 privind sistemul asigur\u0103rilor pentru \u0219omaj \u0219i stimularea ocup\u0103rii for\u021bei de munc\u0103<\/p>\n\n\n\n<p>\u00cen temeiul art.76<sup>2<\/sup> alin. (1) din lege, persoanele \u00eenregistrate ca \u015fomeri la agen\u0163iile pentru ocuparea for\u0163ei de munc\u0103 care se \u00eencadreaz\u0103 \u00een munc\u0103, potrivit legii, \u00eentr-o alt\u0103 localitate situat\u0103 la o distan\u0163\u0103 mai mare de 50 km fa\u0163\u0103 de localitatea \u00een care \u00ee\u015fi au domiciliul sau re\u015fedin\u0163a \u015fi, ca urmare a acestui fapt, \u00ee\u015fi schimb\u0103 domiciliul sau \u00ee\u015fi stabilesc re\u015fedin\u0163a \u00een localitatea respectiv\u0103 sau \u00een localit\u0103\u0163ile \u00eenvecinate acesteia, beneficiaz\u0103, la cerere, de o prim\u0103 de relocare, neimpozabil\u0103, acordat\u0103 din bugetul asigur\u0103rilor pentru \u015fomaj, egal\u0103 cu 75% din suma destinat\u0103 asigur\u0103rii cheltuielilor pentru locuire \u00een noul domiciliu sau noua re\u015fedin\u0163\u0103, dar nu mai mult de 900 lei.<\/p>\n\n\n\n<p>Conform alin.(2) al aceluia\u0219i articol, prima de relocare prev\u0103zut\u0103 la alin.(1) se acord\u0103 persoanelor ale c\u0103ror venituri nete lunare realizate de c\u0103tre acestea \u00een situa\u0163ia \u00een care sunt persoane singure sau \u00eempreun\u0103 cu familiile acestora nu dep\u0103\u015fesc suma de 5.000 lei\/lun\u0103.<\/p>\n\n\n\n<p>Potrivit alin.(3), persoanele singure \u015fi familiile prev\u0103zute la alin.(2) sunt definite \u00een sensul art. 2 din Legea nr. 416\/2001 privind venitul minim garantat, cu modific\u0103rile \u015fi complet\u0103rile ulterioare.<\/p>\n\n\n\n<p>Prin sintagma cheltuieli pentru locuire prev\u0103zut\u0103 la alin.(1) se \u00een\u0163elege cheltuielile necesare pentru plata chiriei \u015fi a utilit\u0103\u0163ilor \u00een noul domiciliu sau noua re\u015fedin\u0163\u0103, astfel cum este prev\u0103zut la alin.(4) al aceluia\u0219i articol.<\/p>\n\n\n\n<p>Alin.(5) dispune expres c\u0103, \u00een situa\u0163ia \u00een care angajatorul sau autorit\u0103\u0163ile administra\u0163iei publice locale sau centrale asigur\u0103 locuin\u0163\u0103 de serviciu sau suportarea cheltuielilor aferente chiriei din fonduri ale angajatorului sau fonduri publice, prima de relocare nu se acord\u0103.<\/p>\n\n\n\n<p>Conform alin.(6), prima de relocare stabilit\u0103 \u00een cuantumul prev\u0103zut la alin.(1) se acord\u0103 lunar, pe o perioad\u0103 de cel mult 36 de luni, \u00een situa\u0163ia \u00een care \u00een aceast\u0103 perioad\u0103 sunt respectate condi\u0163iile prev\u0103zute la alin.(1) \u015fi (2).<\/p>\n\n\n\n<p>\u00cen temeiul art.76<sup>3<\/sup> alin.(1) din aceea\u0219i lege, prima de relocare prev\u0103zut\u0103 la art.76<sup>2<\/sup> se acord\u0103 la cerere \u015fi nu se cumuleaz\u0103 cu prima de activare, cu prima de \u00eencadrare sau cu prima de instalare prev\u0103zute la art.73<sup>2<\/sup>, la art.74, respectiv la art.75.<\/p>\n\n\n\n<p>Beneficiaz\u0103 de prima de relocare persoanele care se \u00eencadreaz\u0103 \u00een munc\u0103, cu norm\u0103 \u00eentreag\u0103, pentru o perioad\u0103 de cel pu\u0163in 12 luni, astfel cum prevede alin.(2) al aceluia\u0219i articol.<\/p>\n\n\n\n<p>Alin.(3) prevede c\u0103 nu beneficiaz\u0103 de prima de relocare:<\/p>\n\n\n\n<p>a) persoanele care au mai beneficiat de o prim\u0103 de relocare sau de una dintre primele prev\u0103zute la art.74 \u015fi 75, \u00een ultimele 36 de luni premerg\u0103toare solicit\u0103rii primei de relocare;<\/p>\n\n\n\n<p>b) persoanele care se \u00eencadreaz\u0103 la angajatori cu care au fost \u00een raporturi de munc\u0103 sau de serviciu \u00een ultimii 2 ani;<\/p>\n\n\n\n<p>c) persoanele care se \u00eencadreaz\u0103 la angajatori la care calitatea de administrator\/asociat este de\u0163inut\u0103 de una sau mai multe persoane fizice sau juridice care au calitatea de administrator\/asociat \u015fi la al\u0163i angajatori cu care persoanele au fost \u00een raporturi de munc\u0103 sau de serviciu \u00een ultimii 2 ani;<\/p>\n\n\n\n<p>d) persoanele pentru care plata indemniza\u0163iei de \u015fomaj a fost suspendat\u0103 potrivit art.45 alin.(1) lit.c), iar ulterior, ca urmare a schimb\u0103rii duratei contractului individual de munc\u0103, plata indemniza\u0163iei de \u015fomaj \u00eenceteaz\u0103 potrivit art.44 lit.a);<\/p>\n\n\n\n<p>e) absolven\u0163ii licen\u0163ia\u0163i ai facult\u0103\u0163ilor de medicin\u0103, medicin\u0103 dentar\u0103 \u015fi farmacie care, la data solicit\u0103rii dreptului, au promovat concursul na\u0163ional de reziden\u0163iat pe locuri sau pe posturi \u00een condi\u0163iile legii;<\/p>\n\n\n\n<p>f) absolven\u0163ii institu\u0163iilor de \u00eenv\u0103\u0163\u0103m\u00e2nt fa\u0163\u0103 de care angajatorii au obliga\u0163ia, potrivit legii, de a-i \u00eencadra \u00een munc\u0103;<\/p>\n\n\n\n<p>g) persoanele care de\u0163in \u00een proprietate sau coproprietate o alt\u0103 locuin\u0163\u0103 \u00een localitatea \u00een care \u00ee\u015fi schimb\u0103 domiciliul sau \u00ee\u015fi stabilesc re\u015fedin\u0163a sau \u00een localit\u0103\u0163ile \u00eenvecinate acesteia, ca urmare a \u00eencadr\u0103rii \u00een munc\u0103.<\/p>\n\n\n\n<p>Potrivit alin.(4) al aceluia\u0219i articol, persoanele care beneficiaz\u0103 de prima de relocare au dreptul la men\u0163inerea acesteia \u015fi \u00een cazul \u00een care, \u00een perioada de 36 de luni de la angajare, le \u00eenceteaz\u0103 raportul de munc\u0103 sau de serviciu la angajatorul la care s-au \u00eencadrat \u00een munc\u0103 \u015fi se \u00eencadreaz\u0103 \u00een termen de 30 de zile la un alt angajator, \u00een acelea\u015fi condi\u0163ii.<\/p>\n\n\n\n<p><strong><u>Condi\u0163ii<\/u><\/strong><\/p>\n\n\n\n<p>\u00b7&nbsp;&nbsp;&nbsp;&nbsp;&nbsp; Persoana solicitant\u0103 s\u0103 fie \u00eenregistrat\u0103 ca \u015fomer la agen\u0163ia pentru ocuparea for\u0163ei de munc\u0103;<\/p>\n\n\n\n<p>\u00b7&nbsp;&nbsp;&nbsp;&nbsp;&nbsp; \u00cencadrarea \u00een munc\u0103 s\u0103 fie \u00eentr-o localitate&nbsp; situat\u0103 la o distan\u0163\u0103 mai mare de 50 km de localitatea de domiciliu sau re\u015fedin\u0163\u0103;<\/p>\n\n\n\n<p>\u00b7&nbsp;&nbsp;&nbsp;&nbsp;&nbsp; Schimbarea domiciliului sau stabilirea re\u015fedin\u0163ei se face \u00een localitatea unde se \u00eencadreaz\u0103 sau \u00een localit\u0103\u0163ile \u00eenvecinate acesteia;<\/p>\n\n\n\n<p>\u00b7&nbsp;&nbsp;&nbsp;&nbsp;&nbsp; S\u0103 nu revin\u0103 la vechiul domiciliu sau vechea re\u015fedin\u0163\u0103 \u00eentr-o perioad\u0103 de 12 luni de la angajare;<\/p>\n\n\n\n<p>\u00b7&nbsp;&nbsp;&nbsp;&nbsp;&nbsp; Venitul net lunar al persoanei solicitante \u00eempreun\u0103 cu veniturile nete lunare ale membrilor s\u0103i de familie (so\u0163\/so\u0163ie, copii \u00een \u00eentre\u0163inere) s\u0103 nu dep\u0103\u015feasc\u0103 suma de 5000 lei\/lun\u0103;<\/p>\n\n\n\n<p>\u00b7&nbsp;&nbsp;&nbsp;&nbsp; Persoana solicitant\u0103 \u00eempreun\u0103 cu membrii s\u0103i de familie nu de\u0163ine \u00een proprietate sau \u00een coproprietate o alt\u0103 locuin\u0163\u0103 \u00een localitatea \u00een care \u00ee\u015fi schimb\u0103 domiciliu sau \u00ee\u015fi stabile\u015fte re\u015fedin\u0163a sau \u00een localit\u0103\u0163ile \u00eenvecinate acesteia, ca urmare a \u00eencadr\u0103rii \u00een munc\u0103, sau so\u0163ul\/so\u0163ia, copiii afla\u0163i \u00een \u00eentre\u0163inere.<\/p>\n\n\n\n<p>\u00b7&nbsp;&nbsp;&nbsp;&nbsp;&nbsp; \u00cencadrarea \u00een munc\u0103 s\u0103 fie cu norm\u0103 \u00eentreag\u0103, pentru o perioad\u0103 de cel pu\u0163in 12 luni;<\/p>\n\n\n\n<p>\u00b7&nbsp;&nbsp;&nbsp;&nbsp;&nbsp; \u00cen ultimii 2 ani anteriori&nbsp; angaj\u0103rii s\u0103 nu mai fi lucrat la acel angajator;<\/p>\n\n\n\n<p>\u00b7&nbsp;&nbsp;&nbsp;&nbsp;&nbsp; \u00cen ultimii 2 ani anteriori&nbsp; angaj\u0103rii s\u0103 nu fi lucrat la administratorii\/asocia\u0163ii angajatorului ( \u00een situa\u0163ia \u00een care angajatorul are mai mul\u0163i administratori\/ asocia\u0163i);<\/p>\n\n\n\n<p>\u00b7&nbsp;&nbsp;&nbsp;&nbsp;&nbsp; Nu a beneficiat de prima de relocare, prim\u0103 de \u00eencadrare sau prima de instalare \u00een ultimele 36 luni premerg\u0103toare solicit\u0103rii primei de relocare;<\/p>\n\n\n\n<p>\u00b7&nbsp;&nbsp;&nbsp;&nbsp;&nbsp; Persoanele al\/a c\u0103ror so\u0163\/so\u0163ie nu a beneficiat de prima de relocare sau de una dintre primele prev\u0103zute la art.74 \u015fi 75 \u00een ultimele 36 de luni premerg\u0103toare solicit\u0103rii primei de relocare.<\/p>\n\n\n\n<p><strong><u>Acte necesare (<\/u><\/strong><em>conform art. 46^4 &nbsp;din H.G. nr. 174\/2002)<\/em><\/p>\n\n\n\n<p>Pentru acordarea primei de relocare, persoana va depune la agen\u0163ia pentru ocuparea for\u0163ei de munc\u0103 jude\u0163ean\u0103 sau a municipiului Bucure\u015fti, unde se afl\u0103 \u00een eviden\u0163\u0103, <strong>\u00een termen de 60 de zile de la data \u00eencadr\u0103rii \u00een munc\u0103<\/strong>, urm\u0103toarele documente, dup\u0103 caz:<\/p>\n\n\n\n<p>1.\u00a0 Cerere \u2013 conform model &#8211; <em><a href=\"https:\/\/www.anofm.ro\/wp-content\/uploads\/2024\/09\/Cerere_Anexa_131.docx\">Anexa nr. 13^1 \u00a0la Norme<\/a><\/em><\/p>\n\n\n\n<p>2.&nbsp; Actul de identitate al persoanei solicitante care s\u0103 ateste noul domiciliu \u015fi, dup\u0103 caz, al so\u0163ului, so\u0163iei \u015fi copiilor afla\u0163i \u00een \u00eentre\u0163inere ori al altor persoane care \u00eempreun\u0103 cu aceasta constituie o familie \u00een sensul art. 2 din Legea nr. 416\/2001 &nbsp;;<\/p>\n\n\n\n<p>3.&nbsp; Contract de munc\u0103, cu precizarea locului de munc\u0103 unde persoana urmeaz\u0103 s\u0103 \u00ee\u015fi desf\u0103\u015foare activitatea;<\/p>\n\n\n\n<p>4.\u00a0 Angajament\u00a0 &#8211; conform\u00a0 model \u2013<em> <a href=\"https:\/\/www.anofm.ro\/wp-content\/uploads\/2024\/09\/Angajament_Anexa_132.docx\">Anexa nr. 13^2 \u00a0la Norme<\/a> , <\/em>care constituie titlu executoriu, potrivit legii;<\/p>\n\n\n\n<p>5.&nbsp; Declara\u0163ie pe propria r\u0103spundere a angajatorului din care s\u0103 rezulte c\u0103 \u00een ultimii &nbsp;2 ani acesta nu a mai fost \u00een raporturi de munc\u0103 sau de serviciu cu persoana respectiv\u0103<em>;<\/em><\/p>\n\n\n\n<p>6.&nbsp; Declara\u0163ie pe propria r\u0103spundere a angajatorului din care s\u0103 rezulte c\u0103 \u00een ultimii&nbsp; 2 ani persoana angajat\u0103&nbsp; nu a mai fost \u00een raporturi de munc\u0103 sau de serviciu cu al\u0163i angajatori la care calitatea de administrator \/ asociat este de\u0163inut\u0103 de una sau mai multe persoane&nbsp; fizice sau juridice care au calitatea de administrator\/ asociat la angajatorul la care se realizeaz\u0103 \u00eencadrarea \u00een munc\u0103<em>;<\/em><\/p>\n\n\n\n<p>7.&nbsp; Declara\u0163ie pe&nbsp; propria r\u0103spundere a angajatorului din care s\u0103 rezulte c\u0103 pentru persoana respectiv\u0103 ori familia acestuia se asigur\u0103&nbsp; sau nu se asigur\u0103 locuin\u0163\u0103 de serviciu ori se suport\u0103 sau nu se suport\u0103 cheltuielile aferente &nbsp;din fondurile angajatorului<em>;<\/em><\/p>\n\n\n\n<p>8.&nbsp; &nbsp;Declara\u0163ia pe propria r\u0103spundere a persoanei \u00eencadrate \u00een munc\u0103 din care s\u0103 rezulte c\u0103 autoritatea public\u0103 local\u0103 sau central\u0103 asigur\u0103 sau nu asigur\u0103 locuin\u0163\u0103 de serviciu ori suport\u0103 sau nu suport\u0103&nbsp; cheltuielile aferente din fonduri publice persoanei respective ori familiei acesteia<em>;<\/em><\/p>\n\n\n\n<p>9.&nbsp; Declara\u0163ie pe propria r\u0103spundere a persoanei solicitante c\u0103 at\u00e2t ea c\u00e2t \u015fi membrii sai de familie (so\u0163ie, so\u0163, copii afla\u0163i \u00een \u00eentre\u0163inere) nu de\u0163ine \u00een proprietate sau \u00een coproprietate o alt\u0103 locuin\u0163\u0103 \u00een localitatea \u00een care se \u00eencadreaz\u0103 sau \u00een localit\u0103\u0163ile \u00eenvecinate,&nbsp; sau \u00een localitatea \u00een care \u00ee\u015fi schimb\u0103 domiciliu sau \u00ee\u015fi stabile\u015fte re\u015fedin\u0163a ori \u00een localit\u0103\u0163ile \u00eenvecinate acesteia, ca urmare a \u00eencadr\u0103rii \u00een munc\u0103<em>;<\/em><\/p>\n\n\n\n<p>10. Declara\u0163ia pe propria r\u0103spundere a persoanei solicitante din care s\u0103 rezulte c\u0103 so\u0163ul\/so\u0163ia nu a beneficiat de prim\u0103 de relocare sau de una dintre primele prev\u0103zute la art.74 \u015fi 75 \u00een ultimele 36 luni premerg\u0103toare solicit\u0103rii primei de relocare<em>;<\/em><\/p>\n\n\n\n<p>11.&nbsp; Declara\u0163ie pe propria r\u0103spundere a absolven\u0163ilor licen\u0163ia\u0163i ai facult\u0103\u0163ilor de medicin\u0103, medicin\u0103 dentar\u0103 \u015fi farmacie din care s\u0103 rezulte c\u0103 la data solicit\u0103rii primei de relocare &nbsp;prev\u0103zute la art.76<sup>2<\/sup> din lege nu au promovat concursul na\u0163ional de reziden\u0163ial pe locuri sau pe posturi \u00een condi\u0163iile legii, dup\u0103 caz; <em><\/em><\/p>\n\n\n\n<p>12.&nbsp; Declara\u0163ia pe propria r\u0103spundere a angajatorului absolven\u0163ilor institu\u0163iilor de \u00eenv\u0103\u0163\u0103m\u00e2nt din care s\u0103 rezulte c\u0103 nu are obliga\u0163ia, potrivit legii, de a angaja persoana din aceast\u0103 categorie, dup\u0103 caz<em>;<\/em><\/p>\n\n\n\n<p>13.&nbsp; Dup\u0103 caz, certificatul de c\u0103s\u0103torie \u015fi, dup\u0103 caz certificatele de na\u015ftere ale copiilor sau documentele care atest\u0103 situa\u0163ia juridic\u0103 a copiilor fa\u0163\u0103 de reprezentantul legal, dup\u0103 caz, \u00een copie certificat\u0103 pentru conformitate cu originalul de c\u0103tre persoana solicitant\u0103 a dreptului; <em><\/em><\/p>\n\n\n\n<p>14.&nbsp; Actele prev\u0103zute de lege \u00een cazul familiilor monoparentale, prin care se face dovada privind componen\u0163a familiei, filia\u0163ia copiilor \u015fi situa\u0163ia lor juridic\u0103 fa\u0163\u0103 de reprezentantul legal, dup\u0103 caz, \u00een copie certificat\u0103 pentru conformitate cu originalul de c\u0103tre persoana solicitant\u0103 a dreptului;<em><\/em><\/p>\n\n\n\n<p>15.&nbsp; Contractul de \u00eenchiriere \u00eenregistrat<strong>,<\/strong> conform prevederilor legale, la organul fiscal competent, \u00een copie certificat\u0103 pentru conformitate cu originalul de c\u0103tre persoana solicitant\u0103 a dreptului;<em><\/em><\/p>\n\n\n\n<p>16. Declara\u0163ie pe propria r\u0103spundere privind membrii familiei sale \u015fiveniturile nete pe care le realizeaz\u0103 persoana singur\u0103 sau \u00eempreun\u0103 cu familiape fiecarepersoan\u0103, dup\u0103 caz, pe fiecare categorie de venit net care se realizeaz\u0103 \u00een luna anterioar\u0103 lunii \u00een care se depune cererea, \u00eenso\u0163it\u0103 de acte doveditoare venitului net realizat<em>;<\/em><\/p>\n\n\n\n<p>17. Adeverin\u0163\u0103 emis\u0103 de angajator din care s\u0103 rezulte c\u0103 solicitantul de prim\u0103 de relocare este \u00eencadrat \u00een munc\u0103, c\u00e2t \u015fi venitul net realizat din salariu \u015fi venituri asimilate salariilor pentru luna anterioar\u0103 solicit\u0103rii primei.<em><\/em><\/p>\n\n\n\n<p><strong>ACTE care se depun&nbsp; <u>LUNAR: <\/u><\/strong>&nbsp;<em>(p\u00e2n\u0103 \u00een ultima zi calendaristic\u0103<\/em> <em>a lunii, pentru luna expirat\u0103)<\/em><\/p>\n\n\n\n<p>CERERE &#8211; &nbsp;pentru plata lunara &nbsp;a primei \u00eenso\u0163it\u0103 de urm\u0103toarele acte :<\/p>\n\n\n\n<p>a)&nbsp;&nbsp;&nbsp;&nbsp; Copie dup\u0103 actul de identitate \u2013 pentru verificarea condi\u0163iei prev\u0103zute la art. 76^4 alin. (2) &nbsp;din Legea nr. 76\/2002 &nbsp;\u2013 condi\u0163ia ca persoana solicitant\u0103 s\u0103 nu revin\u0103 la vechiul domiciliu\/ re\u015fedin\u0163\u0103 \u00eentr-o perioad\u0103 de 12 luni de la angajare;<\/p>\n\n\n\n<p>b)&nbsp;&nbsp;&nbsp;&nbsp; Dovada pl\u0103\u0163ii chiriei lunare stabilite \u00een contractul de \u00eenchiriere&nbsp; \u00eenregistrat la organul fiscal competent. &nbsp;Dovada platii se face printr &nbsp;un inscris sub semnatura privata prin care se atesta ca intre partile semnatare ale contractului de inchiriere inregistrat la organul fiscal competent s-a realizat plata, respectiv incasarea sumei reprezentand chiria lunara stabilita in contract ori prin orice inscris emis de o institutie bancara, in copie, in situatia in care plata chiriei lunare se poate face prin depunerea sau transferul acesteia in cont bancar;<\/p>\n\n\n\n<p>c)&nbsp;&nbsp;&nbsp;&nbsp; Facturile emise de furnizorii de utilit\u0103\u0163i, respectiv: energie electric\u0103, energie termic\u0103, gaz, ap\u0103, canal, de\u015feuri menajere, dup\u0103 caz, pentru spa\u0163iul locativ care face obiectul contractului de \u00eenchiriere pentru luna pentru care se solicit\u0103 acordarea primei de relocare, \u00een copie, <em>&#8211; \u00een situa\u0163ia \u00een care suma reprezent\u00e2nd 75% din chiria lunar\u0103 stabilit\u0103 este mai mic\u0103 de 900 lei\/lun\u0103<\/em>. Se pot depune facturile emise de oricare dintre furnizorii de astfel de utilitati pana la atingerea sumei de 900 lei care reprezinta cuantumul lunar maxim al primei de relocare, prin adunarea sumei reprezentand 75% din chiria lunara stabilita in contractul de inchiriere cu suma reprezentand 75% din contravaloarea facturii de utilitati care se depune.<\/p>\n\n\n\n<p><em>d)&nbsp;&nbsp;&nbsp;&nbsp; <\/em>Declara\u0163ie pe proprie r\u0103spundere privind membrii familiei \u015fi veniturile nete realizate de persoana singur\u0103 sau \u00eempreun\u0103 cu familia, pe fiecare persoan\u0103, dup\u0103 caz, pe fiecare categorie de venit net realizat, in luna pentru care se solicita cuantumul lunar al primei de relocare, \u00eenso\u0163it\u0103 de acte doveditoare venitului net realizat<em>;<\/em><\/p>\n\n\n\n<p><em>e)&nbsp;&nbsp;&nbsp;&nbsp; <\/em>Adeverin\u0163\u0103 emis\u0103 de angajator ca este incadrat in munca si care atesta venitul net din salarii si asimilate salariilor realizat de persoana incadrata in luna pentru care aceasta solicita cuantumul lunar al primei de relocare; Contractul de inchiriere nou,inregistrat la organul fiscal competent, in copie certificata pentru conformitate cu originalul de catre persoana solicitanta a dreptului, in situatia in care contractul de inchiriere depus la agentie in vederea acordarii primei de relocare inceteaza in perioada de acordare a acestei prime.<\/p>\n\n\n\n<p><strong>Depunerea documentelor<\/strong><\/p>\n\n\n\n<ul class=\"wp-block-list\">\n<li>Personal \u2013 la sediul agen\u0163iei<\/li>\n<\/ul>\n\n\n\n<ul class=\"wp-block-list\">\n<li>Prin scrisoare recomandat\u0103 cu confirmare de primire<\/li>\n\n\n\n<li>Prin fax sau e-mail<\/li>\n<\/ul>\n","protected":false},"excerpt":{"rendered":"<p>Prima de relocare prev\u0103zut\u0103 de &nbsp;art.762 din Legea nr.76\/2002 privind sistemul asigur\u0103rilor pentru \u0219omaj \u0219i stimularea ocup\u0103rii for\u021bei de munc\u0103 \u00cen temeiul art.762 alin. (1) din lege, persoanele \u00eenregistrate ca<\/p>\n","protected":false},"author":1,"featured_media":0,"parent":0,"menu_order":640,"comment_status":"closed","ping_status":"closed","template":"template-parts\/content-with-sidebar.php","meta":{"footnotes":""},"class_list":["post-2279","page","type-page","status-publish","hentry"],"_links":{"self":[{"href":"https:\/\/www.anofm.ro\/bucuresti\/wp-json\/wp\/v2\/pages\/2279","targetHints":{"allow":["GET"]}}],"collection":[{"href":"https:\/\/www.anofm.ro\/bucuresti\/wp-json\/wp\/v2\/pages"}],"about":[{"href":"https:\/\/www.anofm.ro\/bucuresti\/wp-json\/wp\/v2\/types\/page"}],"author":[{"embeddable":true,"href":"https:\/\/www.anofm.ro\/bucuresti\/wp-json\/wp\/v2\/users\/1"}],"replies":[{"embeddable":true,"href":"https:\/\/www.anofm.ro\/bucuresti\/wp-json\/wp\/v2\/comments?post=2279"}],"version-history":[{"count":2,"href":"https:\/\/www.anofm.ro\/bucuresti\/wp-json\/wp\/v2\/pages\/2279\/revisions"}],"predecessor-version":[{"id":5407,"href":"https:\/\/www.anofm.ro\/bucuresti\/wp-json\/wp\/v2\/pages\/2279\/revisions\/5407"}],"wp:attachment":[{"href":"https:\/\/www.anofm.ro\/bucuresti\/wp-json\/wp\/v2\/media?parent=2279"}],"curies":[{"name":"wp","href":"https:\/\/api.w.org\/{rel}","templated":true}]}}