{"id":2251,"date":"2023-12-14T23:54:03","date_gmt":"2023-12-14T20:54:03","guid":{"rendered":"https:\/\/www.anofm.ro\/informarea-si-consilierea-profesionala\/"},"modified":"2024-09-11T20:54:14","modified_gmt":"2024-09-11T17:54:14","slug":"informarea-si-consilierea-profesionala","status":"publish","type":"page","link":"https:\/\/www.anofm.ro\/bucuresti\/informarea-si-consilierea-profesionala\/","title":{"rendered":"Informarea \u0219i consilierea profesional\u0103"},"content":{"rendered":"\n<p><strong><\/strong><strong>Informarea \u015fi consilierea profesional\u0103 <\/strong>fac parte dintre m\u0103surile care vizeaz\u0103 cre\u015fterea \u015fanselor de ocupare a persoanelor \u00een c\u0103utarea unui loc de munc\u0103.<\/p>\n\n\n\n<p><strong>&nbsp;<\/strong><strong>Informarea \u015fi consilierea profesional\u0103 <\/strong>constituie<br>un ansamblu de servicii acordate \u00een mod gratuit persoanelor \u00een c\u0103utarea unui<br>loc de munc\u0103, care au ca scop:<\/p>\n\n\n\n<p>a) furnizarea de informa\u0163ii privind pia\u0163a muncii \u015fi evolu\u0163ia ocupa\u0163iilor;<\/p>\n\n\n\n<p>b) profilarea \u015fi \u00eencadrarea \u00een nivelul de ocupabilitate: u\u015for ocupabil, mediu ocupabil, greu ocupabil \u015fi foarte greu ocupabil;<\/p>\n\n\n\n<p>c) dezvoltarea abilit\u0103\u0163ii \u015fi \u00eencrederii \u00een sine a persoanelor \u00een c\u0103utarea unui loc de munc\u0103, \u00een vederea lu\u0103rii de c\u0103tre acestea a deciziei privind propria carier\u0103;<\/p>\n\n\n\n<p>d) instruirea \u00een metode \u015fi tehnici de c\u0103utare a unui loc de munc\u0103;<\/p>\n\n\n\n<p>e) \u00eendrumarea pe parcursul procesului de integrare socioprofesional\u0103 la noul loc de munc\u0103.<\/p>\n\n\n\n<p>Serviciile mai sus men\u0163ionte se realizeaz\u0103 \u00een cadrul agen\u0163iilor pentru ocuparea for\u0163ei de munc\u0103, iar serviciile prev\u0103zute la&nbsp; lit. a), c)-e) se pot realiza \u015fi de furnizori de servicii din sectorul public sau privat acredita\u0163i.<\/p>\n\n\n\n<p>Persoanele c\u0103rora le-a fost stabilit nivelul de ocupabilitate greu \u015fi foarte greu ca urmare a profil\u0103rii pot beneficia de serviciile prev\u0103zute la&nbsp; lit. e) dup\u0103 \u00eencadrarea \u00een munc\u0103 pe o perioad\u0103 de maximum 3 luni, cu acordul angajatorului.<\/p>\n\n\n\n<p><a href=\"https:\/\/www.anofm.ro\/wp-content\/uploads\/2024\/09\/Punctul_1_Anexa_3_HG_377_din_2002.pdf\">Solicitare pentru a beneficia de servicii de informare \u015fi consiliere<\/a><br><\/p>\n","protected":false},"excerpt":{"rendered":"<p>Informarea \u015fi consilierea profesional\u0103 fac parte dintre m\u0103surile care vizeaz\u0103 cre\u015fterea \u015fanselor de ocupare a persoanelor \u00een c\u0103utarea unui loc de munc\u0103. &nbsp;Informarea \u015fi consilierea profesional\u0103 constituieun ansamblu de servicii<\/p>\n","protected":false},"author":1,"featured_media":0,"parent":0,"menu_order":500,"comment_status":"closed","ping_status":"closed","template":"template-parts\/content-with-sidebar.php","meta":{"footnotes":""},"class_list":["post-2251","page","type-page","status-publish","hentry"],"_links":{"self":[{"href":"https:\/\/www.anofm.ro\/bucuresti\/wp-json\/wp\/v2\/pages\/2251","targetHints":{"allow":["GET"]}}],"collection":[{"href":"https:\/\/www.anofm.ro\/bucuresti\/wp-json\/wp\/v2\/pages"}],"about":[{"href":"https:\/\/www.anofm.ro\/bucuresti\/wp-json\/wp\/v2\/types\/page"}],"author":[{"embeddable":true,"href":"https:\/\/www.anofm.ro\/bucuresti\/wp-json\/wp\/v2\/users\/1"}],"replies":[{"embeddable":true,"href":"https:\/\/www.anofm.ro\/bucuresti\/wp-json\/wp\/v2\/comments?post=2251"}],"version-history":[{"count":2,"href":"https:\/\/www.anofm.ro\/bucuresti\/wp-json\/wp\/v2\/pages\/2251\/revisions"}],"predecessor-version":[{"id":5164,"href":"https:\/\/www.anofm.ro\/bucuresti\/wp-json\/wp\/v2\/pages\/2251\/revisions\/5164"}],"wp:attachment":[{"href":"https:\/\/www.anofm.ro\/bucuresti\/wp-json\/wp\/v2\/media?parent=2251"}],"curies":[{"name":"wp","href":"https:\/\/api.w.org\/{rel}","templated":true}]}}