{"id":2233,"date":"2023-12-14T22:54:02","date_gmt":"2023-12-14T20:54:02","guid":{"rendered":"https:\/\/www.anofm.ro\/parteneriat-pentru-o-guvernare-deschisa\/"},"modified":"2023-12-16T00:49:35","modified_gmt":"2023-12-15T22:49:35","slug":"parteneriat-pentru-o-guvernare-deschisa","status":"publish","type":"page","link":"https:\/\/www.anofm.ro\/bucuresti\/parteneriat-pentru-o-guvernare-deschisa\/","title":{"rendered":"Parteneriat pentru o guvernare deschis\u0103"},"content":{"rendered":"\n<p><br><a href=\"http:\/\/ogp.gov.ro\">Parteneriatul pentru o Guvernare Deschisa Rom\u00e2nia<\/a><br><a href=\"https:\/\/www.opengovpartnership.org\/\">Open Guvernment Partnership<\/a><br><br>Agen\u0163ia Na\u0163ional\u0103 pentru Ocuparea For\u0163ei de Munc\u0103 &#8211; seturi de date deschise<\/p>\n","protected":false},"excerpt":{"rendered":"<p>Parteneriatul pentru o Guvernare Deschisa Rom\u00e2niaOpen Guvernment Partnership Agen\u0163ia Na\u0163ional\u0103 pentru Ocuparea For\u0163ei de Munc\u0103 &#8211; seturi de date deschise<\/p>\n","protected":false},"author":1,"featured_media":0,"parent":0,"menu_order":410,"comment_status":"closed","ping_status":"closed","template":"template-parts\/content-with-sidebar.php","meta":{"footnotes":""},"class_list":["post-2233","page","type-page","status-publish","hentry"],"_links":{"self":[{"href":"https:\/\/www.anofm.ro\/bucuresti\/wp-json\/wp\/v2\/pages\/2233","targetHints":{"allow":["GET"]}}],"collection":[{"href":"https:\/\/www.anofm.ro\/bucuresti\/wp-json\/wp\/v2\/pages"}],"about":[{"href":"https:\/\/www.anofm.ro\/bucuresti\/wp-json\/wp\/v2\/types\/page"}],"author":[{"embeddable":true,"href":"https:\/\/www.anofm.ro\/bucuresti\/wp-json\/wp\/v2\/users\/1"}],"replies":[{"embeddable":true,"href":"https:\/\/www.anofm.ro\/bucuresti\/wp-json\/wp\/v2\/comments?post=2233"}],"version-history":[{"count":1,"href":"https:\/\/www.anofm.ro\/bucuresti\/wp-json\/wp\/v2\/pages\/2233\/revisions"}],"predecessor-version":[{"id":2869,"href":"https:\/\/www.anofm.ro\/bucuresti\/wp-json\/wp\/v2\/pages\/2233\/revisions\/2869"}],"wp:attachment":[{"href":"https:\/\/www.anofm.ro\/bucuresti\/wp-json\/wp\/v2\/media?parent=2233"}],"curies":[{"name":"wp","href":"https:\/\/api.w.org\/{rel}","templated":true}]}}