{"id":2891,"date":"2024-01-10T15:19:43","date_gmt":"2024-01-10T13:19:43","guid":{"rendered":"https:\/\/www.anofm.ro\/botosani\/?page_id=2891"},"modified":"2024-01-10T15:24:57","modified_gmt":"2024-01-10T13:24:57","slug":"evenimente","status":"publish","type":"page","link":"https:\/\/www.anofm.ro\/botosani\/evenimente\/","title":{"rendered":"Evenimente"},"content":{"rendered":"\t\t\t<ul class=\"recentcontent alt\">\n\t\t\t\t\t\t\t\t\t<li>\n\t\t\t\t\t\t<a href=\"https:\/\/www.anofm.ro\/botosani\/calendar\/bursa-locurilor-de-munca-pentru-absolventi-10-octombrie-2025\/\">\n\t\t\t\t\t\t\t<span>10<\/br>Oct<\/span>\n\t\t\t\t\t\t\t\t\t\t\t\t\t\t\t<p class=\"h4\">BURSA LOCURILOR DE MUNC\u0102 PENTRU ABSOLVEN\u021aI<\/p>\n\t\t\t\t\t\t\t\t\t\t\t\t\t\t<\/a>\n\t\t\t\t\t<\/li>\n\t\t\t\t\t\t\t\t\t\t<li>\n\t\t\t\t\t\t<a href=\"https:\/\/www.anofm.ro\/botosani\/calendar\/conferinta-de-lansare-a-proiectului-in-job-incluziune-pe-piata-muncii-a-tinerilor-neets-id-331933\/\">\n\t\t\t\t\t\t\t<span>24<\/br>Jun<\/span>\n\t\t\t\t\t\t\t\t\t\t\t\t\t\t\t<p class=\"h4\">CONFERIN\u021aA DE LANSARE a proiectului IN JOB+ &#8211; Incluziune pe pia\u021ba muncii a tinerilor NEETs \u2013 ID : 331933<\/p>\n\t\t\t\t\t\t\t\t\t\t\t\t\t\t<\/a>\n\t\t\t\t\t<\/li>\n\t\t\t\t\t\t\t\t\t\t<li>\n\t\t\t\t\t\t<a href=\"https:\/\/www.anofm.ro\/botosani\/calendar\/sesiune-de-informare-a-angajatorilor-privind-stimulentele-financiare-acordate-acestora-pentru-organizarea-programelor-de-ucenicie-finantate-prin-intermediul-proiectelor-start-investeste-in-calificar\/\">\n\t\t\t\t\t\t\t<span>04<\/br>Jun<\/span>\n\t\t\t\t\t\t\t\t\t\t\t\t\t\t\t<p class=\"h4\">Sesiune de informare a angajatorilor privind stimulentele financiare acordate acestora pentru organizarea programelor de ucenicie finan\u021bate prin intermediul proiectelor &#8222;START-Investe\u0219te \u00een calificare pentru viitor!&#8221; \u0219i\u00a0 &#8222;FORMACTIV-formare \u0219i munc\u0103 activ\u0103&#8221;<\/p>\n\t\t\t\t\t\t\t\t\t\t\t\t\t\t<\/a>\n\t\t\t\t\t<\/li>\n\t\t\t\t\t\t\t\t\t\t<li>\n\t\t\t\t\t\t<a href=\"https:\/\/www.anofm.ro\/botosani\/calendar\/bursa-generala-a-locurilor-de-munca-din-data-de-23-05-2025-va-avea-loc-in-incinta-salii-polivalente-elisabeta-lipa-din-municipiul-botosani\/\">\n\t\t\t\t\t\t\t<span>23<\/br>May<\/span>\n\t\t\t\t\t\t\t\t\t\t\t\t\t\t\t<p class=\"h4\">Bursa General\u0103 a Locurilor de Munc\u0103 din data de 23.05.2025 va avea loc in incinta S\u0103lii Polivalente-Elisabeta Lip\u0103 din Municipiul Boto\u0219ani<\/p>\n\t\t\t\t\t\t\t\t\t\t\t\t\t\t<\/a>\n\t\t\t\t\t<\/li>\n\t\t\t\t\t\t\t\t\t\t<li>\n\t\t\t\t\t\t<a href=\"https:\/\/www.anofm.ro\/botosani\/calendar\/eveniment-de-informare-online-intitulat-todays-dream-tomorrows-reality-30-years-of-moving-abroad-with-eures\/\">\n\t\t\t\t\t\t\t<span>22<\/br>Oct<\/span>\n\t\t\t\t\t\t\t\t\t\t\t\t\t\t\t<p class=\"h4\">Eveniment de informare online intitulat &#8222;Today&#8217;s dream, tomorrow&#8217;s reality &#8211; 30 years of moving abroad with EURES&#8221;<\/p>\n\t\t\t\t\t\t\t\t\t\t\t\t\t\t<\/a>\n\t\t\t\t\t<\/li>\n\t\t\t\t\t\t\t\t\t\t<li>\n\t\t\t\t\t\t<a href=\"https:\/\/www.anofm.ro\/botosani\/calendar\/bursa-locurilor-de-munca-pentru-absolventi-11-octombrie-2024\/\">\n\t\t\t\t\t\t\t<span>11<\/br>Oct<\/span>\n\t\t\t\t\t\t\t\t\t\t\t\t\t\t\t<p class=\"h4\">BURSA LOCURILOR DE MUNC\u0102 PENTRU ABSOLVEN\u021aI<\/p>\n\t\t\t\t\t\t\t\t\t\t\t\t\t\t<\/a>\n\t\t\t\t\t<\/li>\n\t\t\t\t\t\t\t\t\t\t<li>\n\t\t\t\t\t\t<a href=\"https:\/\/www.anofm.ro\/botosani\/calendar\/ziua-europeana-online-a-locurilor-de-munca-eojd\/\">\n\t\t\t\t\t\t\t<span>10<\/br>Oct<\/span>\n\t\t\t\t\t\t\t\t\t\t\t\t\t\t\t<p class=\"h4\">Ziua european\u0103 online a locurilor de munc\u0103 (EOJD)<\/p>\n\t\t\t\t\t\t\t\t\t\t\t\t\t\t<\/a>\n\t\t\t\t\t<\/li>\n\t\t\t\t\t\t\t\t<\/ul>\n\t\t\t","protected":false},"excerpt":{"rendered":"","protected":false},"author":1,"featured_media":0,"parent":0,"menu_order":941,"comment_status":"closed","ping_status":"closed","template":"template-parts\/content-with-sidebar.php","meta":{"footnotes":""},"class_list":["post-2891","page","type-page","status-publish","hentry"],"_links":{"self":[{"href":"https:\/\/www.anofm.ro\/botosani\/wp-json\/wp\/v2\/pages\/2891","targetHints":{"allow":["GET"]}}],"collection":[{"href":"https:\/\/www.anofm.ro\/botosani\/wp-json\/wp\/v2\/pages"}],"about":[{"href":"https:\/\/www.anofm.ro\/botosani\/wp-json\/wp\/v2\/types\/page"}],"author":[{"embeddable":true,"href":"https:\/\/www.anofm.ro\/botosani\/wp-json\/wp\/v2\/users\/1"}],"replies":[{"embeddable":true,"href":"https:\/\/www.anofm.ro\/botosani\/wp-json\/wp\/v2\/comments?post=2891"}],"version-history":[{"count":2,"href":"https:\/\/www.anofm.ro\/botosani\/wp-json\/wp\/v2\/pages\/2891\/revisions"}],"predecessor-version":[{"id":2893,"href":"https:\/\/www.anofm.ro\/botosani\/wp-json\/wp\/v2\/pages\/2891\/revisions\/2893"}],"wp:attachment":[{"href":"https:\/\/www.anofm.ro\/botosani\/wp-json\/wp\/v2\/media?parent=2891"}],"curies":[{"name":"wp","href":"https:\/\/api.w.org\/{rel}","templated":true}]}}

<ul class="recentcontent alt">
									<li>
						<a href="https://www.anofm.ro/botosani/calendar/bursa-locurilor-de-munca-pentru-absolventi-10-octombrie-2025/">
							<span>10</br>Oct</span>
															<p class="h4">BURSA LOCURILOR DE MUNCĂ PENTRU ABSOLVENȚI</p>
														</a>
					</li>
										<li>
						<a href="https://www.anofm.ro/botosani/calendar/conferinta-de-lansare-a-proiectului-in-job-incluziune-pe-piata-muncii-a-tinerilor-neets-id-331933/">
							<span>24</br>Jun</span>
															<p class="h4">CONFERINȚA DE LANSARE a proiectului IN JOB+ &#8211; Incluziune pe piața muncii a tinerilor NEETs – ID : 331933</p>
														</a>
					</li>
										<li>
						<a href="https://www.anofm.ro/botosani/calendar/sesiune-de-informare-a-angajatorilor-privind-stimulentele-financiare-acordate-acestora-pentru-organizarea-programelor-de-ucenicie-finantate-prin-intermediul-proiectelor-start-investeste-in-calificar/">
							<span>04</br>Jun</span>
															<p class="h4">Sesiune de informare a angajatorilor privind stimulentele financiare acordate acestora pentru organizarea programelor de ucenicie finanțate prin intermediul proiectelor &#8222;START-Investește în calificare pentru viitor!&#8221; și  &#8222;FORMACTIV-formare și muncă activă&#8221;</p>
														</a>
					</li>
										<li>
						<a href="https://www.anofm.ro/botosani/calendar/bursa-generala-a-locurilor-de-munca-din-data-de-23-05-2025-va-avea-loc-in-incinta-salii-polivalente-elisabeta-lipa-din-municipiul-botosani/">
							<span>23</br>May</span>
															<p class="h4">Bursa Generală a Locurilor de Muncă din data de 23.05.2025 va avea loc in incinta Sălii Polivalente-Elisabeta Lipă din Municipiul Botoșani</p>
														</a>
					</li>
										<li>
						<a href="https://www.anofm.ro/botosani/calendar/eveniment-de-informare-online-intitulat-todays-dream-tomorrows-reality-30-years-of-moving-abroad-with-eures/">
							<span>22</br>Oct</span>
															<p class="h4">Eveniment de informare online intitulat &#8222;Today&#8217;s dream, tomorrow&#8217;s reality &#8211; 30 years of moving abroad with EURES&#8221;</p>
														</a>
					</li>
										<li>
						<a href="https://www.anofm.ro/botosani/calendar/bursa-locurilor-de-munca-pentru-absolventi-11-octombrie-2024/">
							<span>11</br>Oct</span>
															<p class="h4">BURSA LOCURILOR DE MUNCĂ PENTRU ABSOLVENȚI</p>
														</a>
					</li>
										<li>
						<a href="https://www.anofm.ro/botosani/calendar/ziua-europeana-online-a-locurilor-de-munca-eojd/">
							<span>10</br>Oct</span>
															<p class="h4">Ziua europeană online a locurilor de muncă (EOJD)</p>
														</a>
					</li>
								</ul>
