{"id":4292,"date":"2024-10-04T10:07:56","date_gmt":"2024-10-04T07:07:56","guid":{"rendered":"https:\/\/www.anofm.ro\/bistrita-nasaud\/?post_type=calendar&#038;p=4292"},"modified":"2024-10-04T10:07:56","modified_gmt":"2024-10-04T07:07:56","slug":"bursa-locurilor-de-munca-pentru-absolventi","status":"publish","type":"calendar","link":"https:\/\/www.anofm.ro\/bistrita-nasaud\/calendar\/bursa-locurilor-de-munca-pentru-absolventi\/","title":{"rendered":"Bursa Locurilor de Munc\u0103 pentru Absolven\u0163i"},"content":{"rendered":"\n<p><strong>Agen\u0163ia Jude\u0163ean\u0103 pentru Ocuparea For\u0163ei de Munc\u0103 Bistri\u0163a \u2013 N\u0103s\u0103ud <\/strong>anun\u021b\u0103 organizarea bursei locurilor de munc\u0103 pentru absolven\u021bi, \u00een data de 11 octombrie 2024.<\/p>\n\n\n\n<p>Absolven\u021bii unei forme de \u00eenv\u0103\u021b\u0103m\u00e2nt, promo\u021bia 2024, care \u00eenc\u0103 nu \u0219i-au g\u0103sit un loc de munc\u0103 au \u0219ansa de a intra pe pia\u021ba muncii, la Bursa locurilor de munc\u0103 destinat\u0103 lor.<\/p>\n\n\n\n<p>Obiectivul principal al acestui eveniment \u00eel constituie cre\u0219terea gradului de ocupare pentru absolven\u021bi, nefiind excluse alte categorii de persoane aflate \u00een c\u0103utarea unui loc de munc\u0103 prin \u00eent\u00e2lnirea direct\u0103 a cererii cu oferta de locuri de munc\u0103, \u00een condi\u021biile unei concuren\u021be loiale, transparente, care s\u0103 permit\u0103 realizarea unui echilibru \u00eentre acestea.<\/p>\n\n\n\n<p>\u00cen vederea particip\u0103rii la Bursa Locurilor de Munca pentru Absolven\u0163i, angajatorii pot transmite pan\u0103 la data de 10.10.2024 oferta de locuri de munc\u0103 vacante, date de contact: tel. 0263 \u2013 236 296, fax. 0263 \u2013 236296, e-mail: <a href=\"mailto:ajofm.bn@anofm.gov.ro\">ajofm.bn@anofm.gov.ro<\/a>.<\/p>\n\n\n\n<p><strong>Bursa Locurilor de Munc\u0103 pentru Absolven\u0163i <\/strong>va avea loc vineri, 11 octombrie 2024, \u00eencepand cu ora 10, la sediul <strong>Agen\u0163iei Jude\u0163ene pentru Ocuparea For\u0163ei de Munc\u0103 Bistri\u0163a \u2013 N\u0103s\u0103ud<\/strong> <strong>din Bistri\u0163a, str. Lalelelor<\/strong><strong>, nr.3A.<\/strong><\/p>\n","protected":false},"author":68,"template":"","categorie-eveniment":[],"_links":{"self":[{"href":"https:\/\/www.anofm.ro\/bistrita-nasaud\/wp-json\/wp\/v2\/calendar\/4292","targetHints":{"allow":["GET"]}}],"collection":[{"href":"https:\/\/www.anofm.ro\/bistrita-nasaud\/wp-json\/wp\/v2\/calendar"}],"about":[{"href":"https:\/\/www.anofm.ro\/bistrita-nasaud\/wp-json\/wp\/v2\/types\/calendar"}],"author":[{"embeddable":true,"href":"https:\/\/www.anofm.ro\/bistrita-nasaud\/wp-json\/wp\/v2\/users\/68"}],"version-history":[{"count":1,"href":"https:\/\/www.anofm.ro\/bistrita-nasaud\/wp-json\/wp\/v2\/calendar\/4292\/revisions"}],"predecessor-version":[{"id":4293,"href":"https:\/\/www.anofm.ro\/bistrita-nasaud\/wp-json\/wp\/v2\/calendar\/4292\/revisions\/4293"}],"wp:attachment":[{"href":"https:\/\/www.anofm.ro\/bistrita-nasaud\/wp-json\/wp\/v2\/media?parent=4292"}],"wp:term":[{"taxonomy":"categorie-eveniment","embeddable":true,"href":"https:\/\/www.anofm.ro\/bistrita-nasaud\/wp-json\/wp\/v2\/categorie-eveniment?post=4292"}],"curies":[{"name":"wp","href":"https:\/\/api.w.org\/{rel}","templated":true}]}}

Bursa Locurilor de Muncă pentru Absolvenţi

<p><strong>Agenţia Judeţeană pentru Ocuparea Forţei de Muncă Bistriţa – Năsăud </strong>anunță organizarea bursei locurilor de muncă pentru absolvenți, în data de 11 octombrie 2024.</p>



<p>Absolvenții unei forme de învățământ, promoția 2024, care încă nu și-au găsit un loc de muncă au șansa de a intra pe piața muncii, la Bursa locurilor de muncă destinată lor.</p>



<p>Obiectivul principal al acestui eveniment îl constituie creșterea gradului de ocupare pentru absolvenți, nefiind excluse alte categorii de persoane aflate în căutarea unui loc de muncă prin întâlnirea directă a cererii cu oferta de locuri de muncă, în condițiile unei concurențe loiale, transparente, care să permită realizarea unui echilibru între acestea.</p>



<p>În vederea participării la Bursa Locurilor de Munca pentru Absolvenţi, angajatorii pot transmite pană la data de 10.10.2024 oferta de locuri de muncă vacante, date de contact: tel. 0263 – 236 296, fax. 0263 – 236296, e-mail: <a href="mailto:ajofm.bn@anofm.gov.ro">ajofm.bn@anofm.gov.ro</a>.</p>



<p><strong>Bursa Locurilor de Muncă pentru Absolvenţi </strong>va avea loc vineri, 11 octombrie 2024, începand cu ora 10, la sediul <strong>Agenţiei Judeţene pentru Ocuparea Forţei de Muncă Bistriţa – Năsăud</strong> <strong>din Bistriţa, str. Lalelelor</strong><strong>, nr.3A.</strong></p>
