{"id":2163,"date":"2026-03-30T09:05:18","date_gmt":"2026-03-30T06:05:18","guid":{"rendered":"https:\/\/www.anofm.ro\/conducere\/"},"modified":"2026-03-30T09:05:18","modified_gmt":"2026-03-30T06:05:18","slug":"conducere","status":"publish","type":"page","link":"https:\/\/www.anofm.ro\/bihor\/conducere\/","title":{"rendered":"Conducere"},"content":{"rendered":"\n<h2 class=\"wp-block-heading\">Morar Adrian Gra\u021bian &#8211; Director Executiv<\/h2>\n\n\n\n<h2 class=\"wp-block-heading\">Popa Teofil &#8211; Director Executiv Adjunct<\/h2>\n\n\n\n<h2 class=\"wp-block-heading\">Consiliu consultativ<\/h2>\n\n\n\n<figure class=\"wp-block-table alignleft\"><table><tbody><tr><td><strong>Nr. crt.<\/strong><\/td><td><strong>Nume \u0219i prenume<\/strong><\/td><td><strong>Institu\u021bia reprezentat\u0103<\/strong><\/td><\/tr><tr><td>1<\/td><td>IOVA GABRIELA<\/td><td>AGEN\u0162IA JUDE\u0162EAN\u0102 PENTRU  PL\u0102\u0162I \u015eI INSPEC\u0162IE SOCIAL\u0102 BIHOR<\/td><\/tr><tr><td>2<\/td><td>\u0218TEF\u0102NU\u021a ALIN<\/td><td>INSPECTORATUL \u0218COLAR JUDE\u021aEAN BIHOR<\/td><\/tr><tr><td>3<\/td><td>ROTAR&nbsp; MARIUS<\/td><td>INSPECTORATUL TERITORIAL DE MUNC\u0102 BIHOR<\/td><\/tr><tr><td>4<\/td><td>\u021aEN\u021a&nbsp; LAUREN\u021aIU<\/td><td>CASA JUDE\u021aEAN\u0102 DE PENSII BIHOR<\/td><\/tr><tr><td>5<\/td><td>T\u0102TAR ROXANA<\/td><td>CONSILIUL JUDE\u021aEAN BIHOR<\/td><\/tr><tr><td>6<\/td><td>M\u0102RCU\u0218 C\u0102T\u0102LIN CRISTIAN<\/td><td>&nbsp;BLOCUL NATIONAL SINDICAL<\/td><\/tr><tr><td>7<\/td><td>SAB\u0102U CASIAN<\/td><td>BLOCUL NATIONAL SINDICAL<\/td><\/tr><tr><td>8<\/td><td>LUCACI&nbsp; FLORENTINA<\/td><td>CONFEDERATIA NATIONALA A SINDICATELOR LIBERE DIN ROMANIA &#8211; CNSLR FR\u0102\u0162IA<\/td><\/tr><tr><td>9<\/td><td>PA\u0218CU FLORIN<\/td><td>&nbsp;CONFEDERTIA NATIONALA SINDICALA CARTEL ALFA<\/td><\/tr><tr><td>10<\/td><td>BUDEA FLORIN<\/td><td>CONFEDERATIA SINDICATELOR DEMOCRATICE DIN ROMANIA (CSDR)<\/td><\/tr><tr><td>11<\/td><td>FLOREA&nbsp; CORINA<\/td><td>CONFEDERATIA PATRONALA CONCORDIA<\/td><\/tr><tr><td>12<\/td><td>CAPOT\u0102 FLORIN C\u0102LIN<\/td><td>CONFEDERATIA PATRONALA CONCORDIA<\/td><\/tr><tr><td>13<\/td><td>BLAGA VALERIA MIHAELA<\/td><td>CONSILIUL&nbsp; NATIONAL AL INTREPRINDERILOR PRIVATE MICI SI MIJLOCII DIN ROMANIA (CNIPMMR)<\/td><\/tr><tr><td>14<\/td><td>MINTA\u0218 IOAN<\/td><td>CONSILIUL&nbsp; NATIONAL AL INTREPRINDERILOR PRIVATE MICI SI MIJLOCII DIN ROMANIA (CNIPMMR)<\/td><\/tr><tr><td>15<\/td><td>VICA\u0218 LUCIAN<\/td><td>CONSILIUL&nbsp; NATIONAL AL INTREPRINDERILOR PRIVATE MICI SI MIJLOCII DIN ROMANIA (CNIPMMR)<\/td><\/tr><\/tbody><\/table><\/figure>\n\n\n\n<h2 class=\"wp-block-heading\">Agenda de lucru<\/h2>\n\n\n\t\t\t\t<ul class=\"recentcontent\">\n\t\t\t\t\t\t\t\t\t<li>\n\t\t\t\t\t\t<a href=\"https:\/\/www.anofm.ro\/bihor\/agenda-de-lucru-a-conducerii-pentru-saptamana-27-31-mai-2019\/\">\n\t\t\t\t\t\t\t\t\t\t\t\t\t\t\t<img decoding=\"async\" src=\"https:\/\/www.anofm.ro\/bihor\/wp-content\/plugins\/anofm-custom-post-types\/assets\/images\/placeholder-thumb.png\" alt=\"\">\n\t\t\t\t\t\t\t\t\t\t\t\t\t\t\t\t<p class=\"h4\">Agenda de lucru a conducerii pentru saptamana 27-31 mai 2019<\/p>\n\t\t\t\t\t\t\t\t\t\t\t\t\t\t\t<span>24\/05\/2019<\/span>\n\t\t\t\t\t\t<\/a>\n\t\t\t\t\t<\/li>\n\t\t\t\t\t\t\t\t\t\t<li>\n\t\t\t\t\t\t<a href=\"https:\/\/www.anofm.ro\/bihor\/agenda-de-lucru-a-directorului-executiv-in-perioada-18-22-03-2019\/\">\n\t\t\t\t\t\t\t\t\t\t\t\t\t\t\t<img decoding=\"async\" src=\"https:\/\/www.anofm.ro\/bihor\/wp-content\/plugins\/anofm-custom-post-types\/assets\/images\/placeholder-thumb.png\" alt=\"\">\n\t\t\t\t\t\t\t\t\t\t\t\t\t\t\t\t<p class=\"h4\">Agenda de lucru a directorului executiv in perioada 18-22.03.2019<\/p>\n\t\t\t\t\t\t\t\t\t\t\t\t\t\t\t<span>15\/03\/2019<\/span>\n\t\t\t\t\t\t<\/a>\n\t\t\t\t\t<\/li>\n\t\t\t\t\t\t\t\t\t<\/ul>\n\t\t\t\t","protected":false},"excerpt":{"rendered":"<p>Morar Adrian Gra\u021bian &#8211; Director Executiv Popa Teofil &#8211; Director Executiv Adjunct Consiliu consultativ Nr. crt. Nume \u0219i prenume Institu\u021bia reprezentat\u0103 1 IOVA GABRIELA AGEN\u0162IA JUDE\u0162EAN\u0102 PENTRU PL\u0102\u0162I \u015eI INSPEC\u0162IE<\/p>\n","protected":false},"author":1,"featured_media":0,"parent":0,"menu_order":60,"comment_status":"closed","ping_status":"closed","template":"template-parts\/content-with-sidebar.php","meta":{"footnotes":""},"class_list":["post-2163","page","type-page","status-publish","hentry"],"_links":{"self":[{"href":"https:\/\/www.anofm.ro\/bihor\/wp-json\/wp\/v2\/pages\/2163","targetHints":{"allow":["GET"]}}],"collection":[{"href":"https:\/\/www.anofm.ro\/bihor\/wp-json\/wp\/v2\/pages"}],"about":[{"href":"https:\/\/www.anofm.ro\/bihor\/wp-json\/wp\/v2\/types\/page"}],"author":[{"embeddable":true,"href":"https:\/\/www.anofm.ro\/bihor\/wp-json\/wp\/v2\/users\/1"}],"replies":[{"embeddable":true,"href":"https:\/\/www.anofm.ro\/bihor\/wp-json\/wp\/v2\/comments?post=2163"}],"version-history":[{"count":6,"href":"https:\/\/www.anofm.ro\/bihor\/wp-json\/wp\/v2\/pages\/2163\/revisions"}],"predecessor-version":[{"id":5581,"href":"https:\/\/www.anofm.ro\/bihor\/wp-json\/wp\/v2\/pages\/2163\/revisions\/5581"}],"wp:attachment":[{"href":"https:\/\/www.anofm.ro\/bihor\/wp-json\/wp\/v2\/media?parent=2163"}],"curies":[{"name":"wp","href":"https:\/\/api.w.org\/{rel}","templated":true}]}}