{"id":2175,"date":"2023-12-14T22:54:01","date_gmt":"2023-12-14T20:54:01","guid":{"rendered":"https:\/\/www.anofm.ro\/comisia-paritara\/"},"modified":"2024-01-18T14:24:53","modified_gmt":"2024-01-18T12:24:53","slug":"comisia-paritara","status":"publish","type":"page","link":"https:\/\/www.anofm.ro\/arges\/comisia-paritara\/","title":{"rendered":"Comisia Paritar\u0103"},"content":{"rendered":"\n<p><strong>&nbsp;&nbsp;&nbsp;&nbsp;&nbsp;&nbsp;&nbsp;&nbsp;&nbsp;&nbsp;&nbsp;&nbsp;&nbsp;&nbsp;&nbsp;&nbsp;&nbsp;&nbsp;&nbsp;&nbsp;&nbsp;&nbsp;&nbsp;&nbsp;&nbsp;&nbsp;&nbsp;&nbsp;&nbsp;&nbsp;&nbsp;&nbsp;&nbsp;&nbsp;&nbsp;&nbsp;&nbsp;&nbsp;&nbsp;&nbsp;&nbsp;&nbsp;&nbsp;&nbsp;&nbsp;&nbsp;&nbsp;&nbsp;&nbsp;&nbsp;&nbsp;&nbsp;&nbsp;&nbsp;&nbsp;&nbsp;&nbsp;&nbsp;&nbsp;&nbsp;&nbsp;&nbsp;&nbsp;&nbsp;&nbsp;&nbsp;&nbsp;&nbsp;&nbsp;&nbsp;&nbsp;&nbsp;&nbsp;&nbsp;&nbsp;&nbsp;&nbsp;&nbsp; DECIZIA NR.&nbsp; 47<\/strong><\/p>\n\n\n\n<p><strong>Din&nbsp; 22.06.2022<\/strong><\/p>\n\n\n\n<p>Directorul executiv al Agentiei Judetene pentru Ocuparea Fortei de Munca Arges, domnul Nicolae&nbsp; Badescu, numit prin ordinul presedintelui Agentiei Nationale pentru Ocuparea Fortei de Munca nr.555\/12.08.2013;<\/p>\n\n\n\n<p><strong>In temeiul <\/strong>prevederilor Regulamentului de Organizare si Functionare din Statutul Agentiei Judetene pentru Ocuparea Fortei de Munca Arges nr. 193\/10.05.2016, aprobat de conducerea Agentiei Nationale pentru Ocuparea Fortei de Munca;<\/p>\n\n\n\n<p><strong>Avand in vedere:<\/strong><\/p>\n\n\n\n<p>Legea nr. 202\/2006 privind&nbsp; organizarea si functionarea Agentiei Nationale pentru Ocuparea Fortei de Munca, republicata, cu modificarile si completarile ulterioare;<\/p>\n\n\n\n<p>Hotararea Guvernului nr.1610\/2006 privind aprobarea Statutului Agentiei Nationale pentru Ocuparea Fortei de Munca, cu modificarile si completarile ulterioare&nbsp;;<\/p>\n\n\n\n<p>O.U.G. nr.57\/2019 privind Codul Administrativ, cu modificarile si completarile ulterioare;<\/p>\n\n\n\n<p>H.G. nr.302\/2022 pentru aprobarea normelor privind modul de constituire, organizare \u0219i func\u021bionare a comisiilor paritare, componen\u021ba, atribu\u021biile \u0219i procedura de lucru ale acestora, precum \u0219i a normelor privind \u00eencheierea \u0219i monitorizarea aplic\u0103rii acordurilor colective;<\/p>\n\n\n\n<p>Decizia directorului executiv nr.36\/11.05.2022 privind perioada de desemnare membrii \u00een comisia paritar\u0103;<\/p>\n\n\n\n<p>Procesul-verbal nr. 8680\/17.06.2022&nbsp; \u00eencheiat cu ocazia alegerii reprezentan\u021bilor func\u021bionarilor publici;<\/p>\n\n\n\n<p><strong>Emite urmatoarea<\/strong><\/p>\n\n\n\n<p><strong>DECI<\/strong><strong>ZIE<\/strong><\/p>\n\n\n\n<p><strong>Art.1 <\/strong>\u00cencep\u00e2nd cu data prezentei se constituie <strong>comisia paritar\u0103<\/strong> la nivelul A.J.O.F.M.&nbsp; Arges, pe o perioad\u0103 de 3 (trei) ani, av\u00e2nd urm\u0103toarea componen\u021b\u0103:<\/p>\n\n\n\n<p>1.&nbsp;&nbsp;&nbsp;&nbsp;&nbsp;&nbsp; Membru titular(numit) &nbsp;\u2013 Baciu Lambeanu Claudian<\/p>\n\n\n\n<p>2.&nbsp;&nbsp;&nbsp;&nbsp;&nbsp;&nbsp; Membru titular( numit) \u2013 Negoi Luigi<\/p>\n\n\n\n<p>3.&nbsp;&nbsp;&nbsp;&nbsp;&nbsp;&nbsp; Membru supleant( numit) \u2013 Stroe Liliana<\/p>\n\n\n\n<p>4.&nbsp;&nbsp;&nbsp;&nbsp;&nbsp;&nbsp;&nbsp; Membru titular(ales) \u2013 Cavescu Elza<\/p>\n\n\n\n<p>5.&nbsp;&nbsp;&nbsp;&nbsp;&nbsp;&nbsp;&nbsp; Membru titular(ales) \u2013 Banica Clara<\/p>\n\n\n\n<p>6.&nbsp;&nbsp;&nbsp;&nbsp;&nbsp;&nbsp;&nbsp; Membru supleant(ales) \u2013 Pandilica Iuliana<\/p>\n\n\n\n<p><em>&nbsp;&nbsp;&nbsp;&nbsp;&nbsp;&nbsp;&nbsp;&nbsp;&nbsp; Secretar titular( numit) \u2013 Calma Corina<\/em><\/p>\n\n\n\n<p><em>&nbsp;&nbsp;&nbsp;&nbsp;&nbsp;&nbsp;&nbsp;&nbsp;&nbsp; Secretar supleant(numit) \u2013 Dima Dana<\/em><\/p>\n\n\n\n<p><strong>Art<\/strong><strong>.2 &nbsp;<\/strong>Locul de desf\u0103\u0219urare al activit\u0103\u021bii comisiei paritare este sediul A.J.O.F.M. Arges din Pitesti, b-dul Republicii, nr.11.<\/p>\n\n\n\n<p><strong>Art.3 &nbsp;<\/strong>Atribu\u021biile comisiei paritare sunt cele prev\u0103zute la art. 13 \u0219i art.14 din H.G. nr.302\/2022 pentru aprobarea normelor privind modul de constituire, organizare \u0219i func\u021bionare a comisiilor paritare, componen\u021ba, atribu\u021biile \u0219i procedura de lucru ale acestora, precum \u0219i a normelor privind \u00eencheierea \u0219i monitorizarea aplic\u0103rii acordurilor colective.<\/p>\n\n\n\n<p><strong>Art.4&nbsp; <\/strong>\u00cencep\u00e2nd cu data prezentei \u00eenceteaz\u0103 de drept mandatul comisiei paritare constituite \u00een baza deciziei directorului executiv&nbsp; nr.701\/22.11.2021.<\/p>\n\n\n\n<p><strong>Art.5<\/strong> Compartimentul Resurse Umane, Salarizare, Comunicare si Secretariatul Consiliului Consultativ &nbsp;\u0219i persoanele numite la art.1 vor duce la indeplinire prevederile prezentei decizii.<\/p>\n\n\n\n<p><strong>Art.6&nbsp; <\/strong>Decizia poate fi contestat\u0103 la instan\u021ba de contencios administrativ competent\u0103, \u00een condi\u021biile prev\u0103zute de Legea contenciosului administrativ nr.554\/2004, cu modific\u0103rile \u0219i complet\u0103rile ulterioare, de orice persoan\u0103 interesat\u0103.<\/p>\n\n\n\n<p><strong>DIRECTOR EXECUTIV<\/strong><\/p>\n\n\n\n<p><strong>NICOLAE BADESCU<\/strong><\/p>\n","protected":false},"excerpt":{"rendered":"<p>&nbsp;&nbsp;&nbsp;&nbsp;&nbsp;&nbsp;&nbsp;&nbsp;&nbsp;&nbsp;&nbsp;&nbsp;&nbsp;&nbsp;&nbsp;&nbsp;&nbsp;&nbsp;&nbsp;&nbsp;&nbsp;&nbsp;&nbsp;&nbsp;&nbsp;&nbsp;&nbsp;&nbsp;&nbsp;&nbsp;&nbsp;&nbsp;&nbsp;&nbsp;&nbsp;&nbsp;&nbsp;&nbsp;&nbsp;&nbsp;&nbsp;&nbsp;&nbsp;&nbsp;&nbsp;&nbsp;&nbsp;&nbsp;&nbsp;&nbsp;&nbsp;&nbsp;&nbsp;&nbsp;&nbsp;&nbsp;&nbsp;&nbsp;&nbsp;&nbsp;&nbsp;&nbsp;&nbsp;&nbsp;&nbsp;&nbsp;&nbsp;&nbsp;&nbsp;&nbsp;&nbsp;&nbsp;&nbsp;&nbsp;&nbsp;&nbsp;&nbsp;&nbsp; DECIZIA NR.&nbsp; 47 Din&nbsp; 22.06.2022 Directorul executiv al Agentiei Judetene pentru Ocuparea Fortei de Munca Arges, domnul Nicolae&nbsp; Badescu, numit prin ordinul presedintelui Agentiei Nationale pentru Ocuparea Fortei de<\/p>\n","protected":false},"author":1,"featured_media":0,"parent":0,"menu_order":120,"comment_status":"closed","ping_status":"closed","template":"template-parts\/content-with-sidebar.php","meta":{"footnotes":""},"class_list":["post-2175","page","type-page","status-publish","hentry"],"_links":{"self":[{"href":"https:\/\/www.anofm.ro\/arges\/wp-json\/wp\/v2\/pages\/2175","targetHints":{"allow":["GET"]}}],"collection":[{"href":"https:\/\/www.anofm.ro\/arges\/wp-json\/wp\/v2\/pages"}],"about":[{"href":"https:\/\/www.anofm.ro\/arges\/wp-json\/wp\/v2\/types\/page"}],"author":[{"embeddable":true,"href":"https:\/\/www.anofm.ro\/arges\/wp-json\/wp\/v2\/users\/1"}],"replies":[{"embeddable":true,"href":"https:\/\/www.anofm.ro\/arges\/wp-json\/wp\/v2\/comments?post=2175"}],"version-history":[{"count":1,"href":"https:\/\/www.anofm.ro\/arges\/wp-json\/wp\/v2\/pages\/2175\/revisions"}],"predecessor-version":[{"id":3141,"href":"https:\/\/www.anofm.ro\/arges\/wp-json\/wp\/v2\/pages\/2175\/revisions\/3141"}],"wp:attachment":[{"href":"https:\/\/www.anofm.ro\/arges\/wp-json\/wp\/v2\/media?parent=2175"}],"curies":[{"name":"wp","href":"https:\/\/api.w.org\/{rel}","templated":true}]}}

Comisia Paritară

<p><strong>&nbsp;&nbsp;&nbsp;&nbsp;&nbsp;&nbsp;&nbsp;&nbsp;&nbsp;&nbsp;&nbsp;&nbsp;&nbsp;&nbsp;&nbsp;&nbsp;&nbsp;&nbsp;&nbsp;&nbsp;&nbsp;&nbsp;&nbsp;&nbsp;&nbsp;&nbsp;&nbsp;&nbsp;&nbsp;&nbsp;&nbsp;&nbsp;&nbsp;&nbsp;&nbsp;&nbsp;&nbsp;&nbsp;&nbsp;&nbsp;&nbsp;&nbsp;&nbsp;&nbsp;&nbsp;&nbsp;&nbsp;&nbsp;&nbsp;&nbsp;&nbsp;&nbsp;&nbsp;&nbsp;&nbsp;&nbsp;&nbsp;&nbsp;&nbsp;&nbsp;&nbsp;&nbsp;&nbsp;&nbsp;&nbsp;&nbsp;&nbsp;&nbsp;&nbsp;&nbsp;&nbsp;&nbsp;&nbsp;&nbsp;&nbsp;&nbsp;&nbsp;&nbsp; DECIZIA NR.&nbsp; 47</strong></p>



<p><strong>Din&nbsp; 22.06.2022</strong></p>



<p>Directorul executiv al Agentiei Judetene pentru Ocuparea Fortei de Munca Arges, domnul Nicolae&nbsp; Badescu, numit prin ordinul presedintelui Agentiei Nationale pentru Ocuparea Fortei de Munca nr.555/12.08.2013;</p>



<p><strong>In temeiul </strong>prevederilor Regulamentului de Organizare si Functionare din Statutul Agentiei Judetene pentru Ocuparea Fortei de Munca Arges nr. 193/10.05.2016, aprobat de conducerea Agentiei Nationale pentru Ocuparea Fortei de Munca;</p>



<p><strong>Avand in vedere:</strong></p>



<p>Legea nr. 202/2006 privind&nbsp; organizarea si functionarea Agentiei Nationale pentru Ocuparea Fortei de Munca, republicata, cu modificarile si completarile ulterioare;</p>



<p>Hotararea Guvernului nr.1610/2006 privind aprobarea Statutului Agentiei Nationale pentru Ocuparea Fortei de Munca, cu modificarile si completarile ulterioare&nbsp;;</p>



<p>O.U.G. nr.57/2019 privind Codul Administrativ, cu modificarile si completarile ulterioare;</p>



<p>H.G. nr.302/2022 pentru aprobarea normelor privind modul de constituire, organizare și funcționare a comisiilor paritare, componența, atribuțiile și procedura de lucru ale acestora, precum și a normelor privind încheierea și monitorizarea aplicării acordurilor colective;</p>



<p>Decizia directorului executiv nr.36/11.05.2022 privind perioada de desemnare membrii în comisia paritară;</p>



<p>Procesul-verbal nr. 8680/17.06.2022&nbsp; încheiat cu ocazia alegerii reprezentanților funcționarilor publici;</p>



<p><strong>Emite urmatoarea</strong></p>



<p><strong>DECI</strong><strong>ZIE</strong></p>



<p><strong>Art.1 </strong>Începând cu data prezentei se constituie <strong>comisia paritară</strong> la nivelul A.J.O.F.M.&nbsp; Arges, pe o perioadă de 3 (trei) ani, având următoarea componență:</p>



<p>1.&nbsp;&nbsp;&nbsp;&nbsp;&nbsp;&nbsp; Membru titular(numit) &nbsp;– Baciu Lambeanu Claudian</p>



<p>2.&nbsp;&nbsp;&nbsp;&nbsp;&nbsp;&nbsp; Membru titular( numit) – Negoi Luigi</p>



<p>3.&nbsp;&nbsp;&nbsp;&nbsp;&nbsp;&nbsp; Membru supleant( numit) – Stroe Liliana</p>



<p>4.&nbsp;&nbsp;&nbsp;&nbsp;&nbsp;&nbsp;&nbsp; Membru titular(ales) – Cavescu Elza</p>



<p>5.&nbsp;&nbsp;&nbsp;&nbsp;&nbsp;&nbsp;&nbsp; Membru titular(ales) – Banica Clara</p>



<p>6.&nbsp;&nbsp;&nbsp;&nbsp;&nbsp;&nbsp;&nbsp; Membru supleant(ales) – Pandilica Iuliana</p>



<p><em>&nbsp;&nbsp;&nbsp;&nbsp;&nbsp;&nbsp;&nbsp;&nbsp;&nbsp; Secretar titular( numit) – Calma Corina</em></p>



<p><em>&nbsp;&nbsp;&nbsp;&nbsp;&nbsp;&nbsp;&nbsp;&nbsp;&nbsp; Secretar supleant(numit) – Dima Dana</em></p>



<p><strong>Art</strong><strong>.2 &nbsp;</strong>Locul de desfășurare al activității comisiei paritare este sediul A.J.O.F.M. Arges din Pitesti, b-dul Republicii, nr.11.</p>



<p><strong>Art.3 &nbsp;</strong>Atribuțiile comisiei paritare sunt cele prevăzute la art. 13 și art.14 din H.G. nr.302/2022 pentru aprobarea normelor privind modul de constituire, organizare și funcționare a comisiilor paritare, componența, atribuțiile și procedura de lucru ale acestora, precum și a normelor privind încheierea și monitorizarea aplicării acordurilor colective.</p>



<p><strong>Art.4&nbsp; </strong>Începând cu data prezentei încetează de drept mandatul comisiei paritare constituite în baza deciziei directorului executiv&nbsp; nr.701/22.11.2021.</p>



<p><strong>Art.5</strong> Compartimentul Resurse Umane, Salarizare, Comunicare si Secretariatul Consiliului Consultativ &nbsp;și persoanele numite la art.1 vor duce la indeplinire prevederile prezentei decizii.</p>



<p><strong>Art.6&nbsp; </strong>Decizia poate fi contestată la instanța de contencios administrativ competentă, în condițiile prevăzute de Legea contenciosului administrativ nr.554/2004, cu modificările și completările ulterioare, de orice persoană interesată.</p>



<p><strong>DIRECTOR EXECUTIV</strong></p>



<p><strong>NICOLAE BADESCU</strong></p>
