{"id":2163,"date":"2023-12-14T22:54:01","date_gmt":"2023-12-14T20:54:01","guid":{"rendered":"https:\/\/www.anofm.ro\/conducere\/"},"modified":"2025-09-30T11:00:26","modified_gmt":"2025-09-30T08:00:26","slug":"conducere","status":"publish","type":"page","link":"https:\/\/www.anofm.ro\/alba\/conducere\/","title":{"rendered":"Conducere"},"content":{"rendered":"\n<p>ANDREA ELENA KATONA &#8211; DIRECTOR EXECUTIV<\/p>\n\n\n\n<p><\/p>\n\n\n\n<h2 class=\"wp-block-heading\"><\/h2>\n\n\n\n<p><\/p>\n\n\n\n<h2 class=\"wp-block-heading\">Consiliul consultativ<\/h2>\n\n\n\n<figure class=\"wp-block-table alignleft\"><table class=\"has-fixed-layout\"><tbody><tr><td class=\"has-text-align-left\" data-align=\"left\"><strong>Nr. crt.<\/strong><\/td><td><strong>Nume \u0219i prenume<\/strong><\/td><td><strong>Institu\u021bia reprezentat\u0103<\/strong><\/td><\/tr><tr><td class=\"has-text-align-left\" data-align=\"left\">1<\/td><td>SUCIU HORA\u0162IU ZAHARIA<\/td><td>CONSILIUL JUDE\u0162EAN ALBA<\/td><\/tr><tr><td class=\"has-text-align-left\" data-align=\"left\">2<\/td><td>ALBU MIHAELA \u2013 MARIA<\/td><td>AGEN\u0162IA DE PL\u0102\u0162I \u015eI INTERVEN\u0162IE PENTRU AGRICULTUR\u0102 ALBA<\/td><\/tr><tr><td class=\"has-text-align-left\" data-align=\"left\">3<\/td><td>DRA\u015eOVEAN &#8211;&nbsp; BICA ELENA<\/td><td>DIREC\u0162IA SANITAR\u0102 VETERINAR\u0102 ALBA<\/td><\/tr><tr><td class=\"has-text-align-left\" data-align=\"left\">4<\/td><td>CALMAN GABOR ZSOLT<\/td><td>INSPECTORATUL TERITORIAL DE MUNC\u0102 ALBA<\/td><\/tr><tr><td class=\"has-text-align-left\" data-align=\"left\">5<\/td><td>COZUC FLAVIU MIRCEA<\/td><td>AGEN\u0162IA JUDE\u0162EAN\u0102 DE PL\u0102\u0162I \u015eI INSPEC\u0162IE SOCIAL\u0102 ALBA<\/td><\/tr><tr><td class=\"has-text-align-left\" data-align=\"left\">6<\/td><td>HU\u0162ULEAC TODAN<\/td><td>CSN \u201cMERIDIAN\u201d<\/td><\/tr><tr><td class=\"has-text-align-left\" data-align=\"left\">7<\/td><td>TOMESCU SORIN<\/td><td>BNS<\/td><\/tr><tr><td class=\"has-text-align-left\" data-align=\"left\">8<\/td><td>BARB VALENTIN<\/td><td>CSDR<\/td><\/tr><tr><td class=\"has-text-align-left\" data-align=\"left\">9<\/td><td>NEAGU IOAN<\/td><td>CARTEL \u201cALFA\u201d<\/td><\/tr><tr><td class=\"has-text-align-left\" data-align=\"left\">10<\/td><td>GRIGORESCU CLAUDIA<\/td><td>CNSRL \u201cFR\u0102\u0162IA\u201d<\/td><\/tr><tr><td class=\"has-text-align-left\" data-align=\"left\">11<\/td><td>BOANC\u0102 FLAVIA ALINA<\/td><td>CP \u201cCONCORDIA\u201d<\/td><\/tr><tr><td class=\"has-text-align-left\" data-align=\"left\">12<\/td><td>CRI\u015eAN GHEORGHE DAN<\/td><td>CP \u201cCONCORDIA\u201d<\/td><\/tr><tr><td class=\"has-text-align-left\" data-align=\"left\">13<\/td><td>NICOLA STELIAN<\/td><td>CP \u201cCONCORDIA\u201d<\/td><\/tr><tr><td class=\"has-text-align-left\" data-align=\"left\">14<\/td><td>ST\u00c2NEA VALERIU<\/td><td>CNPIMMR<\/td><\/tr><tr><td class=\"has-text-align-left\" data-align=\"left\">15<\/td><td>IANCU ADRIAN GHEORGHE<\/td><td>CNPIMMR<\/td><\/tr><\/tbody><\/table><\/figure>\n\n\n\n<h2 class=\"wp-block-heading\">Agenda de lucru<\/h2>\n\n\n\t\t\t\t<ul class=\"recentcontent\">\n\t\t\t\t\t\t\t\t\t<li>\n\t\t\t\t\t\t<a href=\"https:\/\/www.anofm.ro\/alba\/agenda-de-lucru-a-conducerii-ajofm-alba\/\">\n\t\t\t\t\t\t\t\t\t\t\t\t\t\t\t<img decoding=\"async\" src=\"https:\/\/www.anofm.ro\/alba\/wp-content\/plugins\/anofm-custom-post-types\/assets\/images\/placeholder-thumb.png\" alt=\"\">\n\t\t\t\t\t\t\t\t\t\t\t\t\t\t\t\t<p class=\"h4\">Agenda de lucru a conducerii AJOFM ALBA<\/p>\n\t\t\t\t\t\t\t\t\t\t\t\t\t\t\t<span>16\/11\/2018<\/span>\n\t\t\t\t\t\t<\/a>\n\t\t\t\t\t<\/li>\n\t\t\t\t\t\t\t\t\t<\/ul>\n\t\t\t\t","protected":false},"excerpt":{"rendered":"<p>ANDREA ELENA KATONA &#8211; DIRECTOR EXECUTIV Consiliul consultativ Nr. crt. Nume \u0219i prenume Institu\u021bia reprezentat\u0103 1 SUCIU HORA\u0162IU ZAHARIA CONSILIUL JUDE\u0162EAN ALBA 2 ALBU MIHAELA \u2013 MARIA AGEN\u0162IA DE PL\u0102\u0162I<\/p>\n","protected":false},"author":1,"featured_media":0,"parent":0,"menu_order":60,"comment_status":"closed","ping_status":"closed","template":"template-parts\/content-with-sidebar.php","meta":{"footnotes":""},"class_list":["post-2163","page","type-page","status-publish","hentry"],"_links":{"self":[{"href":"https:\/\/www.anofm.ro\/alba\/wp-json\/wp\/v2\/pages\/2163","targetHints":{"allow":["GET"]}}],"collection":[{"href":"https:\/\/www.anofm.ro\/alba\/wp-json\/wp\/v2\/pages"}],"about":[{"href":"https:\/\/www.anofm.ro\/alba\/wp-json\/wp\/v2\/types\/page"}],"author":[{"embeddable":true,"href":"https:\/\/www.anofm.ro\/alba\/wp-json\/wp\/v2\/users\/1"}],"replies":[{"embeddable":true,"href":"https:\/\/www.anofm.ro\/alba\/wp-json\/wp\/v2\/comments?post=2163"}],"version-history":[{"count":9,"href":"https:\/\/www.anofm.ro\/alba\/wp-json\/wp\/v2\/pages\/2163\/revisions"}],"predecessor-version":[{"id":6063,"href":"https:\/\/www.anofm.ro\/alba\/wp-json\/wp\/v2\/pages\/2163\/revisions\/6063"}],"wp:attachment":[{"href":"https:\/\/www.anofm.ro\/alba\/wp-json\/wp\/v2\/media?parent=2163"}],"curies":[{"name":"wp","href":"https:\/\/api.w.org\/{rel}","templated":true}]}}